{"id":25001,"date":"2024-08-07T09:36:56","date_gmt":"2024-08-07T07:36:56","guid":{"rendered":"https:\/\/www.dudelange.lu\/?page_id=25001"},"modified":"2024-08-07T09:52:14","modified_gmt":"2024-08-07T07:52:14","slug":"conseil-sur-les-guepes","status":"publish","type":"page","link":"https:\/\/www.dudelange.lu\/index.php\/conseil-sur-les-guepes\/","title":{"rendered":"Conseil sur les gu\u00eapes"},"content":{"rendered":"<p><span style=\"color: #ef4030;\"><img decoding=\"async\" class=\"lazyload alignnone wp-image-21903\" src=\"https:\/\/sadudelangedata.blob.core.windows.net\/files\/2023\/09\/FR.png\" data-orig-src=\"https:\/\/sadudelangedata.blob.core.windows.net\/files\/2023\/09\/FR.png\" alt=\"\" width=\"23\" height=\"23\" srcset=\"data:image\/svg+xml,%3Csvg%20xmlns%3D%27http%3A%2F%2Fwww.w3.org%2F2000%2Fsvg%27%20width%3D%2723%27%20height%3D%2723%27%20viewBox%3D%270%200%2023%2023%27%3E%3Crect%20width%3D%2723%27%20height%3D%2723%27%20fill-opacity%3D%220%22%2F%3E%3C%2Fsvg%3E\" data-srcset=\"https:\/\/sadudelangedata.blob.core.windows.net\/files\/2023\/09\/FR-66x66.png 66w, https:\/\/sadudelangedata.blob.core.windows.net\/files\/2023\/09\/FR.png 128w\" data-sizes=\"auto\" data-orig-sizes=\"(max-width: 23px) 100vw, 23px\" \/><\/span><\/p>\n<p>Depuis 2019, la Ville de Dudelange offre \u00e0 ses citoyens un conseil gratuit sur les gu\u00eapes, les frelons, les bourdons et les abeilles.<\/p>\n<p><strong>Comportements \u00e0 adopter<\/strong><\/p>\n<ul>\n<li>Restez calme, \u00e9vitez les mouvements brusques.<\/li>\n<li>N\u2019obstruez pas l\u2019entr\u00e9e du nid, n\u2019entravez pas la trajectoire de vol vers l\u2019entr\u00e9e du nid.<\/li>\n<li>Ne soufflez pas sur les gu\u00eapes (le CO<sub>2<\/sub> dans l\u2019air est un signal d\u2019alerte).<\/li>\n<li>\u00c0 l\u2019ext\u00e9rieur, couvrez les aliments et d\u00e9barrassez la table apr\u00e8s un repas.<\/li>\n<li>Couvrez les verres, \u00e9vitez de boire directement \u00e0 la bouteille\/canette.<\/li>\n<li>Nettoyez les mains et la bouche des enfants apr\u00e8s le repas.<\/li>\n<\/ul>\n<p><strong>Mesures de pr\u00e9vention simples<\/strong><\/p>\n<ul>\n<li>Plantez des fleurs sauvages dans votre jardin (r\u00e9serve naturelle de nourriture).<\/li>\n<li>Plantez des herbes aromatiques \u00e0 l\u2019effet r\u00e9pulsif (basilic, ciboulette, menthe, romarin\u2026).<\/li>\n<li>\u00c9vitez de porter des parfums ou des cr\u00e8mes \u00e0 forte odeur.<\/li>\n<li>Privil\u00e9giez les v\u00eatements de couleur claire (les couleurs vives attirent les gu\u00eapes, les couleurs fonc\u00e9s sont interpr\u00e9ter comme danger).<\/li>\n<\/ul>\n<p>\u00c0 partir de mi-avril:<\/p>\n<ul>\n<li>A l\u2019int\u00e9rieur : activez au moins tous les 2 jours vos volets!<\/li>\n<li>A l\u2019ext\u00e9rieur : faites le tour de votre maison au moins une fois par semaine pour y contr\u00f4ler les coins sombres (abris de jardin, cabanes, terrasses couvertes, jeux de plein air, etc.)<\/li>\n<\/ul>\n<p><strong>Id\u00e9es de solutions<\/strong><\/p>\n<ul>\n<li>Installation de moustiquaires aux portes et aux fen\u00eatres.<\/li>\n<li>Dans de rares cas, le d\u00e9placement du nid pourra \u00eatre une solution. A ces fins, veuillez contacter notre service de conseil gratuit sur les gu\u00eapes.<\/li>\n<li>La destruction du nid n\u2019est le plus souvent pas n\u00e9cessaire, voire parfois m\u00eame une violation de la loi relative \u00e0 la protection de la nature et des ressources naturelles.<\/li>\n<\/ul>\n<p><strong>Bon \u00e0 savoir!<\/strong><\/p>\n<ul>\n<li>Les gu\u00eapes de l\u2019esp\u00e8ce \u201cDolichovespula\u201d ont une t\u00eate plus allong\u00e9e et leurs nids sont constuits en surface ou librement suspendu (forme ovale ou ronde). Ces gu\u00eapes \u00e9vitent le contact avec les \u00eatres humains, elles sont tr\u00e9s paisibles et n\u2019envahissent pas m\u00eame la table lors des repas! Elles ont un cycle de vie court (jusqu\u2019\u00e0 fin juillet \/ d\u00e9but ao\u00fbt).<\/li>\n<li>Un nid de gu\u00eapes ne sert qu\u2019une seule saison. Il est d\u00e9laiss\u00e9 au plus tard en novembre et ne sera pas recolonis\u00e9 l\u2019ann\u00e9e suivante! Comme les gu\u00eapes meurent en automne, seul les jeunes reines f\u00e9cond\u00e9es peuvent hiberner et construiront un nouveau nid.<\/li>\n<li>Des pi\u00e8ges ou des app\u00e2ts inconsid\u00e9r\u00e9s attirent inutilement les gu\u00eapes et les m\u00e8nent \u00e0 une mort atroce (ainsi que celle de nombreuses autres esp\u00e8ces d\u2019insectes utiles).<\/li>\n<\/ul>\n<p><strong>Important: <\/strong>La Ville de Dudelange ne proc\u00e8dera pas \u00e0 la destruction des nids!<\/p>\n<p><span style=\"text-decoration: underline;\"><strong>CONTACT<\/strong><\/span><\/p>\n<p>VILLE DE DUDELANGE<br \/>\nService Protection de l\u2019Environnement et D\u00e9veloppement Durable<br \/>\nDaniel Hurt<br \/>\nT 516121-2780, <span style=\"text-decoration: underline;\"><a href=\"mailto:guepes@dudelange.lu\">guepes@dudelange.lu<\/a><\/span><\/p>\n<p>NATUR &amp; \u00cbMWELT A.S.B.L.<br \/>\nHotline gu\u00eapes: 29 04 04 -344<br \/>\n<span style=\"text-decoration: underline;\"><a href=\"mailto:berodung@naturemwelt.lu\">berodung@naturemwelt.lu<\/a><\/span><br \/>\nwww.naturemwelt.lu<\/p>\n<p>&#8211;<\/p>\n<p><img decoding=\"async\" class=\"lazyload \" src=\"data:image\/svg+xml,%3Csvg%20xmlns%3D%27http%3A%2F%2Fwww.w3.org%2F2000%2Fsvg%27%20width%3D%2724%27%20height%3D%2724%27%20viewBox%3D%270%200%2024%2024%27%3E%3Crect%20width%3D%2724%27%20height%3D%2724%27%20fill-opacity%3D%220%22%2F%3E%3C%2Fsvg%3E\" data-orig-src=\"https:\/\/cdn-icons-png.flaticon.com\/512\/329\/329985.png\" alt=\"Germany free icon\" width=\"24\" height=\"24\" \/> \u00a0<strong>WESPENBERATUNG<\/strong><\/p>\n<p>Seit 2019 bietet die Stadt D\u00fcdelingen Ihren Einwohnern eine gratis Beratung im Umgang mit Wespen, Hornissen, Hummeln und Bienen an.<\/p>\n<p><strong> Verhaltensregeln <\/strong><\/p>\n<ul>\n<li>Bleiben Sie ruhig, vermeiden Sie heftige Bewegungen.<\/li>\n<li>Versperren Sie nicht die Flugbahn am Nesteingang und verstopfen Sie nicht das Einflugloch.<\/li>\n<li>Pusten Sie die Wespen nicht an (CO<sub>2<\/sub> in der Atemluft = Alarmzeichen).<\/li>\n<li>Decken Sie Nahrungsmittel und Gl\u00e4ser im Freien zu.<\/li>\n<li>Vermeiden Sie direkt aus Dosen oder Flaschen zu trinken.<\/li>\n<li>Wischen Sie den Kindern nach dem Essen Mund und H\u00e4nde ab.<\/li>\n<\/ul>\n<p><strong>Einfache Vorbeugungsma\u00dfnahmen<\/strong><\/p>\n<ul>\n<li>Pflanzen Sie Wildblumen in Ihrem Garten (nat\u00fcrliche Futterreserve).<\/li>\n<li>Wespen k\u00f6nnen durch Kr\u00e4uter verscheucht werden (z.bsp. Basilikum, Schnittlauch, Minze, Rosmarin,&#8230;) .<\/li>\n<li>Vermeiden Sie stark riechende Parfums und Cremes.<\/li>\n<li>Bevorzugen Sie helle Kleidung (grelle Farben ziehen Wespen an, dunkele Kleidung wird hingegen als Gefahr wahrgenommen).<\/li>\n<\/ul>\n<p>Ab Mitte April:<\/p>\n<ul>\n<li>Im Inneren Ihrer Wohnung: \u00d6ffnen und schlie\u00dfen Sie mindestens alle zwei Tage die Rolll\u00e4den!<\/li>\n<li>Rund um Ihr Haus: Kontrollieren Sie mindestens einmal die Woche die dunkleren Ecken (Gartenh\u00e4uschen, Baumhaus, \u00fcberdeckte Terrassen, Spiele im Freien, usw.)<\/li>\n<\/ul>\n<p><strong>L\u00f6sungsvorschl\u00e4ge<\/strong><\/p>\n<ul>\n<li>Bringen Sie Fliegengitter an Fenstern und T\u00fcren an.<\/li>\n<li>Vereinzelt kann die Umsiedelung eine L\u00f6sung sein, kontaktieren Sie dazu unsere kostenlose Wespenberatung.<\/li>\n<li>Das Abt\u00f6ten eines Nestes ist in den meisten F\u00e4llen nicht n\u00f6tig und man verst\u00f6sst unter Umst\u00e4nden sogar gegen das Naturschutzgesetz.<\/li>\n<\/ul>\n<p><strong>Gut zu wissen!<\/strong><\/p>\n<ul>\n<li>Freih\u00e4ngende, rund- oder ovalf\u00f6rmige Nester werden meistens von Langkopfwespen bewohnt und haben einen kurzen Lebenszyklus (bis Ende Juli \/ Anfang August). Diese Wespen sind harmlos, da sie die Menschen meiden und weder s\u00fc\u00dfe Lebensmittel noch den Grillteller anfliegen!<\/li>\n<li>Sp\u00e4testens ab November ist das Wespennest leer, da s\u00e4mtliche Wespen absterben. Nur die Jungk\u00f6nigen \u00fcberwintern und werden im Fr\u00fchjahr ein neues Wespennest bauen (d.h. die alten Nester vom Vorjahr bleiben leer und unbenutzt).<\/li>\n<li>Unbedachte K\u00f6derfallen locken unn\u00f6tig an und f\u00fchren zu einem qualvollen Tod (auch von vielen weiteren n\u00fctzlichen Insektenarten).<\/li>\n<\/ul>\n<p><strong>Wichtig: <\/strong>Die Stadt D\u00fcdelingen zerst\u00f6rt keine Nester!<\/p>\n<p><span style=\"text-decoration: underline;\"><strong>KONTAKT<\/strong><\/span><\/p>\n<p>VILLE DE DUDELANGE<br \/>\nService Protection de l\u2019Environnement et D\u00e9veloppement Durable<br \/>\nDaniel Hurt<br \/>\nT 51 61 21 -2780, <span style=\"text-decoration: underline;\"><a href=\"mailto:guepes@dudelange.lu\">guepes@dudelange.lu<\/a><\/span><\/p>\n<p>NATUR &amp; \u00cbMWELT A.S.B.L.<br \/>\nWespen-Hotline: 29 04 04 -344<br \/>\n<span style=\"text-decoration: underline;\"><a href=\"mailto:berodung@naturemwelt.lu\">berodung@naturemwelt.lu<\/a><\/span><br \/>\nwww.naturemwelt.lu<\/p>\n","protected":false},"excerpt":{"rendered":"<p>Depuis 2019, la Ville de Dudelange offre \u00e0 ses citoyens [&hellip;]<\/p>\n","protected":false},"author":8,"featured_media":25003,"parent":0,"menu_order":0,"comment_status":"closed","ping_status":"closed","template":"","meta":{"footnotes":""},"class_list":["post-25001","page","type-page","status-publish","has-post-thumbnail","hentry"],"publishpress_future_action":{"enabled":false,"date":"2026-05-19 13:51:06","action":"change-status","newStatus":"draft","terms":[],"taxonomy":"","extraData":[]},"publishpress_future_workflow_manual_trigger":{"enabledWorkflows":[]},"_links":{"self":[{"href":"https:\/\/www.dudelange.lu\/index.php\/wp-json\/wp\/v2\/pages\/25001","targetHints":{"allow":["GET"]}}],"collection":[{"href":"https:\/\/www.dudelange.lu\/index.php\/wp-json\/wp\/v2\/pages"}],"about":[{"href":"https:\/\/www.dudelange.lu\/index.php\/wp-json\/wp\/v2\/types\/page"}],"author":[{"embeddable":true,"href":"https:\/\/www.dudelange.lu\/index.php\/wp-json\/wp\/v2\/users\/8"}],"replies":[{"embeddable":true,"href":"https:\/\/www.dudelange.lu\/index.php\/wp-json\/wp\/v2\/comments?post=25001"}],"version-history":[{"count":7,"href":"https:\/\/www.dudelange.lu\/index.php\/wp-json\/wp\/v2\/pages\/25001\/revisions"}],"predecessor-version":[{"id":25015,"href":"https:\/\/www.dudelange.lu\/index.php\/wp-json\/wp\/v2\/pages\/25001\/revisions\/25015"}],"wp:featuredmedia":[{"embeddable":true,"href":"https:\/\/www.dudelange.lu\/index.php\/wp-json\/wp\/v2\/media\/25003"}],"wp:attachment":[{"href":"https:\/\/www.dudelange.lu\/index.php\/wp-json\/wp\/v2\/media?parent=25001"}],"curies":[{"name":"wp","href":"https:\/\/api.w.org\/{rel}","templated":true}]}}