{"id":28775,"date":"2025-09-10T15:29:34","date_gmt":"2025-09-10T13:29:34","guid":{"rendered":"https:\/\/www.dudelange.lu\/?page_id=28775"},"modified":"2025-09-10T15:31:25","modified_gmt":"2025-09-10T13:31:25","slug":"bien-etre-au-travail","status":"publish","type":"page","link":"https:\/\/www.dudelange.lu\/index.php\/services-communaux\/bien-etre-au-travail\/","title":{"rendered":"Bien-\u00eatre au Travail"},"content":{"rendered":"<p>H\u00f4tel de Ville, bureau 101 (1er \u00e9tage)<\/p>\n<div>\n<p>David BERTAM\u00c9<br \/>\nT 516121 -285<br \/>\n<span style=\"text-decoration: underline;\"><span style=\"color: #ef4030; text-decoration: underline;\"><a style=\"color: #ef4030; text-decoration: underline;\" href=\"mailto:david.bertame@dudelange.lu\" target=\"_blank\" rel=\"noopener\">Prendre contact<\/a><\/span><\/span><\/p>\n<\/div>\n<p>Le service Bien-\u00eatre au Travail est destin\u00e9 exclusivement \u00e0 l&rsquo;ensemble du personnel de la commune de Dudelange. Il accompagne les personnes, les \u00e9quipes et les services qui traversent des situations difficiles au travail (mal-\u00eatre, souffrance, sentiment d\u2019inconfort&#8230;).<\/p>\n","protected":false},"excerpt":{"rendered":"<p>H\u00f4tel de Ville, bureau 101 (1er \u00e9tage) David BERTAM\u00c9 T [&hellip;]<\/p>\n","protected":false},"author":9,"featured_media":0,"parent":2203,"menu_order":0,"comment_status":"closed","ping_status":"closed","template":"","meta":{"footnotes":""},"class_list":["post-28775","page","type-page","status-publish","hentry"],"publishpress_future_action":{"enabled":false,"date":"2026-05-09 18:36:22","action":"change-status","newStatus":"draft","terms":[],"taxonomy":"","extraData":[]},"publishpress_future_workflow_manual_trigger":{"enabledWorkflows":[]},"_links":{"self":[{"href":"https:\/\/www.dudelange.lu\/index.php\/wp-json\/wp\/v2\/pages\/28775","targetHints":{"allow":["GET"]}}],"collection":[{"href":"https:\/\/www.dudelange.lu\/index.php\/wp-json\/wp\/v2\/pages"}],"about":[{"href":"https:\/\/www.dudelange.lu\/index.php\/wp-json\/wp\/v2\/types\/page"}],"author":[{"embeddable":true,"href":"https:\/\/www.dudelange.lu\/index.php\/wp-json\/wp\/v2\/users\/9"}],"replies":[{"embeddable":true,"href":"https:\/\/www.dudelange.lu\/index.php\/wp-json\/wp\/v2\/comments?post=28775"}],"version-history":[{"count":2,"href":"https:\/\/www.dudelange.lu\/index.php\/wp-json\/wp\/v2\/pages\/28775\/revisions"}],"predecessor-version":[{"id":28778,"href":"https:\/\/www.dudelange.lu\/index.php\/wp-json\/wp\/v2\/pages\/28775\/revisions\/28778"}],"up":[{"embeddable":true,"href":"https:\/\/www.dudelange.lu\/index.php\/wp-json\/wp\/v2\/pages\/2203"}],"wp:attachment":[{"href":"https:\/\/www.dudelange.lu\/index.php\/wp-json\/wp\/v2\/media?parent=28775"}],"curies":[{"name":"wp","href":"https:\/\/api.w.org\/{rel}","templated":true}]}}