{"id":3074,"date":"2021-09-16T10:42:34","date_gmt":"2021-09-16T08:42:34","guid":{"rendered":"https:\/\/dudelange.devoteamlab.lu\/?page_id=3074"},"modified":"2021-09-28T16:29:05","modified_gmt":"2021-09-28T14:29:05","slug":"certificat-de-nationalite","status":"publish","type":"page","link":"https:\/\/www.dudelange.lu\/index.php\/demarches-administratives\/certificat-de-nationalite\/","title":{"rendered":"Certificat de nationalit\u00e9"},"content":{"rendered":"<p>Les certificats de nationalit\u00e9 sont \u00e9mis par le:<\/p>\n<p><strong>Minist\u00e8re de la Justice<br \/>\n<\/strong>Service de l&rsquo;indig\u00e9nat<br \/>\nCentre administratif Pierre Werner<br \/>\n13, rue Erasme L-2934 Luxembourg<br \/>\nT 247-84 5 47 \u2013 Secr\u00e9tariat<br \/>\nT 247-84 5 32 \u2013 Certificat de nationalit\u00e9<br \/>\nHeures d&rsquo;ouverture: du lundi au vendredi 8h30-11h30 et 14h30-16h<br \/>\n<span style=\"text-decoration: underline;\"><span style=\"color: #ef4030;\"><a style=\"color: #ef4030; text-decoration: underline;\" title=\"nationalite mj.public.lu - Nouvelle fen\u00eatre\" href=\"http:\/\/nationalite@mj.public.lu\/\" target=\"_blank\" rel=\"noopener\">nationalite@mj.public.lu<\/a><br \/>\n<\/span><\/span><a title=\"www.mj.public.lu nationalite - Nouvelle fen\u00eatre\" href=\"http:\/\/www.mj.public.lu\/nationalite\" target=\"_blank\" rel=\"noopener\"><span style=\"text-decoration: underline;\"><span style=\"color: #ef4030; text-decoration: underline;\">www.mj.public.lu\/nationalite<\/span><\/span><\/a><\/p>\n","protected":false},"excerpt":{"rendered":"<p>Les certificats de nationalit\u00e9 sont \u00e9mis par le: Minist\u00e8re de [&hellip;]<\/p>\n","protected":false},"author":10,"featured_media":0,"parent":2127,"menu_order":0,"comment_status":"closed","ping_status":"closed","template":"","meta":{"footnotes":""},"class_list":["post-3074","page","type-page","status-publish","hentry"],"publishpress_future_action":{"enabled":false,"date":"2026-05-08 12:26:35","action":"change-status","newStatus":"draft","terms":[],"taxonomy":"","extraData":[]},"publishpress_future_workflow_manual_trigger":{"enabledWorkflows":[]},"_links":{"self":[{"href":"https:\/\/www.dudelange.lu\/index.php\/wp-json\/wp\/v2\/pages\/3074","targetHints":{"allow":["GET"]}}],"collection":[{"href":"https:\/\/www.dudelange.lu\/index.php\/wp-json\/wp\/v2\/pages"}],"about":[{"href":"https:\/\/www.dudelange.lu\/index.php\/wp-json\/wp\/v2\/types\/page"}],"author":[{"embeddable":true,"href":"https:\/\/www.dudelange.lu\/index.php\/wp-json\/wp\/v2\/users\/10"}],"replies":[{"embeddable":true,"href":"https:\/\/www.dudelange.lu\/index.php\/wp-json\/wp\/v2\/comments?post=3074"}],"version-history":[{"count":10,"href":"https:\/\/www.dudelange.lu\/index.php\/wp-json\/wp\/v2\/pages\/3074\/revisions"}],"predecessor-version":[{"id":4734,"href":"https:\/\/www.dudelange.lu\/index.php\/wp-json\/wp\/v2\/pages\/3074\/revisions\/4734"}],"up":[{"embeddable":true,"href":"https:\/\/www.dudelange.lu\/index.php\/wp-json\/wp\/v2\/pages\/2127"}],"wp:attachment":[{"href":"https:\/\/www.dudelange.lu\/index.php\/wp-json\/wp\/v2\/media?parent=3074"}],"curies":[{"name":"wp","href":"https:\/\/api.w.org\/{rel}","templated":true}]}}

Certificat de nationalité

<p>Les certificats de nationalité sont émis par le:</p>
<p><strong>Ministère de la Justice<br />
</strong>Service de l&rsquo;indigénat<br />
Centre administratif Pierre Werner<br />
13, rue Erasme L-2934 Luxembourg<br />
T 247-84 5 47 – Secrétariat<br />
T 247-84 5 32 – Certificat de nationalité<br />
Heures d&rsquo;ouverture: du lundi au vendredi 8h30-11h30 et 14h30-16h<br />
<span style="text-decoration: underline;"><span style="color: #ef4030;"><a style="color: #ef4030; text-decoration: underline;" title="nationalite mj.public.lu - Nouvelle fenêtre" href="http://nationalite@mj.public.lu/" target="_blank" rel="noopener">nationalite@mj.public.lu</a><br />
</span></span><a title="www.mj.public.lu nationalite - Nouvelle fenêtre" href="http://www.mj.public.lu/nationalite" target="_blank" rel="noopener"><span style="text-decoration: underline;"><span style="color: #ef4030; text-decoration: underline;">www.mj.public.lu/nationalite</span></span></a></p>

<p>Les certificats de nationalité sont émis par le: Ministère de [&hellip;]</p>
