{"id":3198,"date":"2021-09-17T09:42:46","date_gmt":"2021-09-17T07:42:46","guid":{"rendered":"https:\/\/dudelange.devoteamlab.lu\/?page_id=3198"},"modified":"2026-01-28T14:48:53","modified_gmt":"2026-01-28T13:48:53","slug":"bornes-de-recharge","status":"publish","type":"page","link":"https:\/\/www.dudelange.lu\/index.php\/bornes-de-recharge\/","title":{"rendered":"Bornes de recharge"},"content":{"rendered":"<p>La Ville de Dudelange continue \u00e0 s\u2019engager pour la mobilit\u00e9 durable. Elle agrandit agrandit son r\u00e9seau de bornes de recharge pour voitures \u00e9lectriques dans l\u2019espace public.<\/p>\n<p>Les bornes de 2 emplacements chacune sont install\u00e9es aux endroits suivants :<\/p>\n<ul>\n<li><strong>01<\/strong> Skatepark (Route de Thionville)<\/li>\n<li><strong>02<\/strong> H\u00f4pital CHEM<\/li>\n<li><strong>03<\/strong> Gare Dudelange-Usines<\/li>\n<li><strong>04<\/strong> Centre culturel opderschmelz\/CNA<\/li>\n<li><strong>05<\/strong> Schwaarze Wee<\/li>\n<li><strong>06 <\/strong>Centre sportif Strutzbierg, rue du Commerce<\/li>\n<li><strong>07<\/strong>\u00a0Place Jean Fohrmann<\/li>\n<li><strong>08<\/strong> Rue Marthe Bigelbach-Fohrmann<\/li>\n<li><strong>09<\/strong> Parking 6 rue Dominique Lang (Parking ancien Monopol)<\/li>\n<li><strong>10<\/strong> Parking P&amp;R Cimeti\u00e8re (Route de Bettembourg)<\/li>\n<li><strong>11<\/strong> Rue du Parc (Lyc\u00e9e Nic-Biever)<\/li>\n<li><strong>12<\/strong> Centre sportif Ren\u00e9 Hartmann<\/li>\n<li><strong>13<\/strong> Parking Gare Dudelange-Ville<\/li>\n<li><strong>14<\/strong> Rue Henri Bessemer<\/li>\n<li><strong>15<\/strong>\u00a0Parc Le\u2019h, Parking<\/li>\n<li><strong>16<\/strong> Garage VW\u2009Cruciani, 73 Route de Luxembourg<\/li>\n<li><strong>17<\/strong> Stade J.\u2009F. Kennedy<\/li>\n<li><strong>18<\/strong> CIPA, 9 Rue Pierre Dupont<\/li>\n<li><strong>19<\/strong> Esso, 122 Route de Luxembourg<\/li>\n<li><strong>20<\/strong> Lidl, 241 Route de Luxembourg<\/li>\n<li><strong>21<\/strong> LNS, 1 Rue Louis Rech<\/li>\n<\/ul>\n<p>Plus d&rsquo;infos: <span style=\"text-decoration: underline;\"><span style=\"color: #ef4030;\"><a style=\"color: #ef4030; text-decoration: underline;\" href=\"https:\/\/chargy.lu\/fr\/\" target=\"_blank\" rel=\"noopener\">www.chargy.lu<\/a><\/span><\/span> \/\u00a0<span style=\"text-decoration: underline;\"><span style=\"text-decoration-line: underline; color: #ef4030;\"><a style=\"color: #ef4030; text-decoration: underline;\" href=\"http:\/\/www.swio.lu\">www.swio.lu<\/a><\/span><\/span><\/p>\n<p><img decoding=\"async\" class=\"lazyload alignnone size-full wp-image-29912\" src=\"data:image\/svg+xml,%3Csvg%20xmlns%3D%27http%3A%2F%2Fwww.w3.org%2F2000%2Fsvg%27%20width%3D%27957%27%20height%3D%27701%27%20viewBox%3D%270%200%20957%20701%27%3E%3Crect%20width%3D%27957%27%20height%3D%27701%27%20fill-opacity%3D%220%22%2F%3E%3C%2Fsvg%3E\" data-orig-src=\"https:\/\/sadudelangedata.blob.core.windows.net\/files\/2026\/01\/Bornes-recharge-2026-VdD.png\" alt=\"\" width=\"957\" height=\"701\" \/><\/p>\n","protected":false},"excerpt":{"rendered":"<p>La Ville de Dudelange continue \u00e0 s\u2019engager pour la mobilit\u00e9 [&hellip;]<\/p>\n","protected":false},"author":10,"featured_media":25679,"parent":0,"menu_order":0,"comment_status":"closed","ping_status":"closed","template":"","meta":{"footnotes":""},"class_list":["post-3198","page","type-page","status-publish","has-post-thumbnail","hentry"],"publishpress_future_action":{"enabled":false,"date":"2026-05-20 06:32:42","action":"change-status","newStatus":"draft","terms":[],"taxonomy":"","extraData":[]},"publishpress_future_workflow_manual_trigger":{"enabledWorkflows":[]},"_links":{"self":[{"href":"https:\/\/www.dudelange.lu\/index.php\/wp-json\/wp\/v2\/pages\/3198","targetHints":{"allow":["GET"]}}],"collection":[{"href":"https:\/\/www.dudelange.lu\/index.php\/wp-json\/wp\/v2\/pages"}],"about":[{"href":"https:\/\/www.dudelange.lu\/index.php\/wp-json\/wp\/v2\/types\/page"}],"author":[{"embeddable":true,"href":"https:\/\/www.dudelange.lu\/index.php\/wp-json\/wp\/v2\/users\/10"}],"replies":[{"embeddable":true,"href":"https:\/\/www.dudelange.lu\/index.php\/wp-json\/wp\/v2\/comments?post=3198"}],"version-history":[{"count":37,"href":"https:\/\/www.dudelange.lu\/index.php\/wp-json\/wp\/v2\/pages\/3198\/revisions"}],"predecessor-version":[{"id":29917,"href":"https:\/\/www.dudelange.lu\/index.php\/wp-json\/wp\/v2\/pages\/3198\/revisions\/29917"}],"wp:featuredmedia":[{"embeddable":true,"href":"https:\/\/www.dudelange.lu\/index.php\/wp-json\/wp\/v2\/media\/25679"}],"wp:attachment":[{"href":"https:\/\/www.dudelange.lu\/index.php\/wp-json\/wp\/v2\/media?parent=3198"}],"curies":[{"name":"wp","href":"https:\/\/api.w.org\/{rel}","templated":true}]}}