{"id":3227,"date":"2021-09-17T10:22:32","date_gmt":"2021-09-17T08:22:32","guid":{"rendered":"https:\/\/dudelange.devoteamlab.lu\/?page_id=3227"},"modified":"2024-12-16T16:03:21","modified_gmt":"2024-12-16T15:03:21","slug":"agents-regionaux-dinclusion-sociale-aris","status":"publish","type":"page","link":"https:\/\/www.dudelange.lu\/index.php\/services-communaux\/agents-regionaux-dinclusion-sociale-aris\/","title":{"rendered":"Agents r\u00e9gionaux d&rsquo;inclusion sociale (ARIS)"},"content":{"rendered":"<p>Maison sociale, 27 rue du Commerce, L-3450 Dudelange<\/p>\n<p><span class=\"ms-rteStyle-IntenseEmphasis\"><span class=\"ms-rteThemeForeColor-2-0\">Mission : <\/span><\/span>Organisation des activit\u00e9s d&rsquo;insertion professionnelle pr\u00e9vues dans la loi modifi\u00e9e du 28 juillet 2018 relative au revenu d&rsquo;inclusion sociale (REVIS)<\/p>\n<div><\/div>\n<p>Dana MALLINGER<br \/>\nAssistante sociale<br \/>\nBureau 004 (rez-de-chauss\u00e9e)<br \/>\nT 516121 -797<br \/>\n<span style=\"text-decoration: underline; color: #ef4030;\"><a style=\"color: #ef4030; text-decoration: underline;\" href=\"mailto:dana.mallinger@dudelange.lu\" target=\"_blank\" rel=\"noopener\">Prendre contact<\/a><\/span><\/p>\n<p>Andrea PIRES<br \/>\nAssistante sociale<br \/>\nBureau 007 (rez-de-chauss\u00e9e)<br \/>\nT 516121 -798<br \/>\n<span style=\"text-decoration: underline;\"><span style=\"color: #ef4030;\"><a style=\"color: #ef4030; text-decoration: underline;\" href=\"mailto:andrea.pires@dudelange.lu\" target=\"_blank\" rel=\"noopener\">Prendre contact<\/a><\/span><\/span><\/p>\n<p>J\u00e9r\u00f4me SCHMITT<br \/>\nEducateur gradu\u00e9<br \/>\nBureau 003 (rez-de-chauss\u00e9e)<br \/>\nT 516121 -796<br \/>\n<span style=\"text-decoration: underline;\"><span style=\"color: #ef4030; text-decoration: underline;\"><a style=\"color: #ef4030; text-decoration: underline;\" href=\"mailto:jerome.schmitt@dudelange.lu\" target=\"_blank\" rel=\"noopener\">Prendre contact<\/a><\/span><\/span><\/p>\n","protected":false},"excerpt":{"rendered":"<p>Maison sociale, 27 rue du Commerce, L-3450 Dudelange Mission : [&hellip;]<\/p>\n","protected":false},"author":9,"featured_media":0,"parent":2203,"menu_order":0,"comment_status":"closed","ping_status":"closed","template":"","meta":{"footnotes":""},"class_list":["post-3227","page","type-page","status-publish","hentry"],"publishpress_future_action":{"enabled":false,"date":"2026-05-08 14:21:10","action":"change-status","newStatus":"draft","terms":[],"taxonomy":"","extraData":[]},"publishpress_future_workflow_manual_trigger":{"enabledWorkflows":[]},"_links":{"self":[{"href":"https:\/\/www.dudelange.lu\/index.php\/wp-json\/wp\/v2\/pages\/3227","targetHints":{"allow":["GET"]}}],"collection":[{"href":"https:\/\/www.dudelange.lu\/index.php\/wp-json\/wp\/v2\/pages"}],"about":[{"href":"https:\/\/www.dudelange.lu\/index.php\/wp-json\/wp\/v2\/types\/page"}],"author":[{"embeddable":true,"href":"https:\/\/www.dudelange.lu\/index.php\/wp-json\/wp\/v2\/users\/9"}],"replies":[{"embeddable":true,"href":"https:\/\/www.dudelange.lu\/index.php\/wp-json\/wp\/v2\/comments?post=3227"}],"version-history":[{"count":12,"href":"https:\/\/www.dudelange.lu\/index.php\/wp-json\/wp\/v2\/pages\/3227\/revisions"}],"predecessor-version":[{"id":26273,"href":"https:\/\/www.dudelange.lu\/index.php\/wp-json\/wp\/v2\/pages\/3227\/revisions\/26273"}],"up":[{"embeddable":true,"href":"https:\/\/www.dudelange.lu\/index.php\/wp-json\/wp\/v2\/pages\/2203"}],"wp:attachment":[{"href":"https:\/\/www.dudelange.lu\/index.php\/wp-json\/wp\/v2\/media?parent=3227"}],"curies":[{"name":"wp","href":"https:\/\/api.w.org\/{rel}","templated":true}]}}

Agents régionaux d&rsquo;inclusion sociale (ARIS)

<p>Maison sociale, 27 rue du Commerce, L-3450 Dudelange</p>
<p><span class="ms-rteStyle-IntenseEmphasis"><span class="ms-rteThemeForeColor-2-0">Mission : </span></span>Organisation des activités d&rsquo;insertion professionnelle prévues dans la loi modifiée du 28 juillet 2018 relative au revenu d&rsquo;inclusion sociale (REVIS)</p>
<div></div>
<p>Dana MALLINGER<br />
Assistante sociale<br />
Bureau 004 (rez-de-chaussée)<br />
T 516121 -797<br />
<span style="text-decoration: underline; color: #ef4030;"><a style="color: #ef4030; text-decoration: underline;" href="mailto:dana.mallinger@dudelange.lu" target="_blank" rel="noopener">Prendre contact</a></span></p>
<p>Andrea PIRES<br />
Assistante sociale<br />
Bureau 007 (rez-de-chaussée)<br />
T 516121 -798<br />
<span style="text-decoration: underline;"><span style="color: #ef4030;"><a style="color: #ef4030; text-decoration: underline;" href="mailto:andrea.pires@dudelange.lu" target="_blank" rel="noopener">Prendre contact</a></span></span></p>
<p>Jérôme SCHMITT<br />
Educateur gradué<br />
Bureau 003 (rez-de-chaussée)<br />
T 516121 -796<br />
<span style="text-decoration: underline;"><span style="color: #ef4030; text-decoration: underline;"><a style="color: #ef4030; text-decoration: underline;" href="mailto:jerome.schmitt@dudelange.lu" target="_blank" rel="noopener">Prendre contact</a></span></span></p>
