{"id":3285,"date":"2021-09-17T11:35:58","date_gmt":"2021-09-17T09:35:58","guid":{"rendered":"https:\/\/dudelange.devoteamlab.lu\/?page_id=3285"},"modified":"2026-01-13T15:47:10","modified_gmt":"2026-01-13T14:47:10","slug":"circulation","status":"publish","type":"page","link":"https:\/\/www.dudelange.lu\/index.php\/services-communaux\/circulation\/","title":{"rendered":"Circulation"},"content":{"rendered":"<p>7 rue de l&rsquo;Abattoir &#8211; L-3409 Dudelange<\/p>\n<p><strong>Contacter par e-mail<\/strong>: <span style=\"color: #ef4030;\"><a style=\"color: #ef4030; text-decoration: underline;\" href=\"mailto:circulation@dudelange.lu\" target=\"_blank\" rel=\"noopener\">circulation@dudelange.lu<\/a><\/span><\/p>\n<p>&nbsp;<\/p>\n<p><span style=\"text-decoration: underline;\"><strong>Responsable service:<\/strong><\/span><\/p>\n<p>\u200bPit DEMUTH<br \/>\nT 516121 -957<br \/>\n<span style=\"text-decoration: underline;\"><span style=\"color: #ef4030; text-decoration: underline;\"><a style=\"color: #ef4030; text-decoration: underline;\" href=\"mailto:circulation@dudelange.lu\" target=\"_blank\" rel=\"noopener\">Prendre contact<\/a><\/span><\/span><\/p>\n<p><span style=\"text-decoration: underline;\"><strong>Administration<\/strong><\/span><\/p>\n<p>V\u00e9ronique MICELLI<br \/>\nT 516121 -369<br \/>\n<span style=\"text-decoration: underline;\"><span style=\"color: #ef4030; text-decoration: underline;\"><a style=\"color: #ef4030; text-decoration: underline;\" href=\"mailto:circulation@dudelange.lu\" target=\"_blank\" rel=\"noopener\">Prendre contact\u200b<\/a><\/span><\/span><\/p>\n<p>Steven SCHAACK<br \/>\nT 516121 -956<br \/>\n<span style=\"text-decoration: underline;\"><span style=\"color: #ef4030; text-decoration: underline;\"><a style=\"color: #ef4030; text-decoration: underline;\" href=\"mailto:circulation@dudelange.lu\" target=\"_blank\" rel=\"noopener\">Prendre contact\u200b<\/a><\/span><\/span><\/p>\n<p>Toni FERREIRA<br \/>\nT 516121-993<br \/>\n<span style=\"text-decoration: underline;\"><span style=\"color: #ef4030; text-decoration: underline;\"><a style=\"color: #ef4030; text-decoration: underline;\" href=\"mailto:circulation@dudelange.lu\" target=\"_blank\" rel=\"noopener\">Prendre contact\u200b<\/a><\/span><\/span><\/p>\n<p>&nbsp;<\/p>\n<p><strong>Missions:<\/strong><\/p>\n<ul>\n<li>R\u00e8glement de circulation\u00a0g\u00e9n\u00e9ral et temporaire<\/li>\n<li>Signalisation routi\u00e8re (verticale et horizontale)<\/li>\n<li>Coordination des demandes d&rsquo;occupation du domaine public<\/li>\n<li>Coordination du transport public (RGTR &amp; TICE)<\/li>\n<li>Coordination de la mobilit\u00e9 douce (pi\u00e9tons et v\u00e9lo)<\/li>\n<li>Surveillance de la s\u00e9curit\u00e9 sur les voies publiques<\/li>\n<li>Interlocuteur d\u00e9di\u00e9 avec les instances \u00e9tatiques en charge de la mobilit\u00e9<\/li>\n<li>Parking r\u00e9sidentiel \/ stationnement interdit<\/li>\n<\/ul>\n<p>&nbsp;<\/p>\n<p><strong>Documents \u00e0 t\u00e9l\u00e9charger:<\/strong><\/p>\n<p>[PDF] <span style=\"text-decoration: underline;\"><span style=\"color: #ef4030;\"><a style=\"color: #ef4030; text-decoration: underline;\" href=\"https:\/\/sadudelangedata.blob.core.windows.net\/files\/2024\/12\/VdD_Formulaire-demande-doccupation-du-domaine-public-rev-2.pdf\">Demande d&rsquo;occupation du domaine public<\/a><\/span><\/span> (stationnement interdit) \u00e0 imprimer et \u00e0 envoyer d\u00fbment sign\u00e9e \u00e0 l&rsquo;adresse mail suivante: <span style=\"text-decoration: underline;\"><span style=\"color: #ef4030; text-decoration: underline;\"><a style=\"color: #ef4030; text-decoration: underline;\" href=\"mailto:circulation@dudelange.lu\" target=\"_blank\" rel=\"noopener\">circulation@dudelange.lu<\/a><\/span><\/span><\/p>\n<p>[PDF] <span style=\"text-decoration: underline;\"><span style=\"color: #ef4030; text-decoration: underline;\"><a style=\"color: #ef4030; text-decoration: underline;\" href=\"https:\/\/sadudelangedata.blob.core.windows.net\/files\/2021\/11\/Chapitre-35-Occupation-du-domaine-public.pdf\" target=\"_blank\" rel=\"noopener\">Tarifs &#8211; occupation du domaine public<\/a><\/span><\/span><\/p>\n<p>&nbsp;<\/p>\n<p>[Lien] <span style=\"text-decoration: underline;\"><span style=\"color: #ef4030; text-decoration: underline;\"><a style=\"color: #ef4030; text-decoration: underline;\" href=\"https:\/\/www.dudelange.lu\/index.php\/services-communaux\/agents-municipaux\/\" target=\"_blank\" rel=\"noopener\">Service Agents Municipaux<\/a><\/span><\/span><\/p>\n","protected":false},"excerpt":{"rendered":"<p>7 rue de l&rsquo;Abattoir &#8211; L-3409 Dudelange Contacter par e-mail: [&hellip;]<\/p>\n","protected":false},"author":9,"featured_media":0,"parent":2203,"menu_order":0,"comment_status":"closed","ping_status":"closed","template":"","meta":{"footnotes":""},"class_list":["post-3285","page","type-page","status-publish","hentry"],"publishpress_future_action":{"enabled":false,"date":"2026-05-07 12:31:08","action":"change-status","newStatus":"draft","terms":[],"taxonomy":"","extraData":[]},"publishpress_future_workflow_manual_trigger":{"enabledWorkflows":[]},"_links":{"self":[{"href":"https:\/\/www.dudelange.lu\/index.php\/wp-json\/wp\/v2\/pages\/3285","targetHints":{"allow":["GET"]}}],"collection":[{"href":"https:\/\/www.dudelange.lu\/index.php\/wp-json\/wp\/v2\/pages"}],"about":[{"href":"https:\/\/www.dudelange.lu\/index.php\/wp-json\/wp\/v2\/types\/page"}],"author":[{"embeddable":true,"href":"https:\/\/www.dudelange.lu\/index.php\/wp-json\/wp\/v2\/users\/9"}],"replies":[{"embeddable":true,"href":"https:\/\/www.dudelange.lu\/index.php\/wp-json\/wp\/v2\/comments?post=3285"}],"version-history":[{"count":10,"href":"https:\/\/www.dudelange.lu\/index.php\/wp-json\/wp\/v2\/pages\/3285\/revisions"}],"predecessor-version":[{"id":29796,"href":"https:\/\/www.dudelange.lu\/index.php\/wp-json\/wp\/v2\/pages\/3285\/revisions\/29796"}],"up":[{"embeddable":true,"href":"https:\/\/www.dudelange.lu\/index.php\/wp-json\/wp\/v2\/pages\/2203"}],"wp:attachment":[{"href":"https:\/\/www.dudelange.lu\/index.php\/wp-json\/wp\/v2\/media?parent=3285"}],"curies":[{"name":"wp","href":"https:\/\/api.w.org\/{rel}","templated":true}]}}

<p>7 rue de l&rsquo;Abattoir &#8211; L-3409 Dudelange</p>
<p><strong>Contacter par e-mail</strong>: <span style="color: #ef4030;"><a style="color: #ef4030; text-decoration: underline;" href="mailto:circulation@dudelange.lu" target="_blank" rel="noopener">circulation@dudelange.lu</a></span></p>
<p>&nbsp;</p>
<p><span style="text-decoration: underline;"><strong>Responsable service:</strong></span></p>
<p>​Pit DEMUTH<br />
T 516121 -957<br />
<span style="text-decoration: underline;"><span style="color: #ef4030; text-decoration: underline;"><a style="color: #ef4030; text-decoration: underline;" href="mailto:circulation@dudelange.lu" target="_blank" rel="noopener">Prendre contact</a></span></span></p>
<p><span style="text-decoration: underline;"><strong>Administration</strong></span></p>
<p>Véronique MICELLI<br />
T 516121 -369<br />
<span style="text-decoration: underline;"><span style="color: #ef4030; text-decoration: underline;"><a style="color: #ef4030; text-decoration: underline;" href="mailto:circulation@dudelange.lu" target="_blank" rel="noopener">Prendre contact​</a></span></span></p>
<p>Steven SCHAACK<br />
T 516121 -956<br />
<span style="text-decoration: underline;"><span style="color: #ef4030; text-decoration: underline;"><a style="color: #ef4030; text-decoration: underline;" href="mailto:circulation@dudelange.lu" target="_blank" rel="noopener">Prendre contact​</a></span></span></p>
<p>Toni FERREIRA<br />
T 516121-993<br />
<span style="text-decoration: underline;"><span style="color: #ef4030; text-decoration: underline;"><a style="color: #ef4030; text-decoration: underline;" href="mailto:circulation@dudelange.lu" target="_blank" rel="noopener">Prendre contact​</a></span></span></p>
<p>&nbsp;</p>
<p><strong>Missions:</strong></p>
<ul>
<li>Règlement de circulation général et temporaire</li>
<li>Signalisation routière (verticale et horizontale)</li>
<li>Coordination des demandes d&rsquo;occupation du domaine public</li>
<li>Coordination du transport public (RGTR &amp; TICE)</li>
<li>Coordination de la mobilité douce (piétons et vélo)</li>
<li>Surveillance de la sécurité sur les voies publiques</li>
<li>Interlocuteur dédié avec les instances étatiques en charge de la mobilité</li>
<li>Parking résidentiel / stationnement interdit</li>
</ul>
<p>&nbsp;</p>
<p><strong>Documents à télécharger:</strong></p>
<p>[PDF] <span style="text-decoration: underline;"><span style="color: #ef4030;"><a style="color: #ef4030; text-decoration: underline;" href="https://sadudelangedata.blob.core.windows.net/files/2024/12/VdD_Formulaire-demande-doccupation-du-domaine-public-rev-2.pdf">Demande d&rsquo;occupation du domaine public</a></span></span> (stationnement interdit) à imprimer et à envoyer dûment signée à l&rsquo;adresse mail suivante: <span style="text-decoration: underline;"><span style="color: #ef4030; text-decoration: underline;"><a style="color: #ef4030; text-decoration: underline;" href="mailto:circulation@dudelange.lu" target="_blank" rel="noopener">circulation@dudelange.lu</a></span></span></p>
<p>[PDF] <span style="text-decoration: underline;"><span style="color: #ef4030; text-decoration: underline;"><a style="color: #ef4030; text-decoration: underline;" href="https://sadudelangedata.blob.core.windows.net/files/2021/11/Chapitre-35-Occupation-du-domaine-public.pdf" target="_blank" rel="noopener">Tarifs &#8211; occupation du domaine public</a></span></span></p>
<p>&nbsp;</p>
<p>[Lien] <span style="text-decoration: underline;"><span style="color: #ef4030; text-decoration: underline;"><a style="color: #ef4030; text-decoration: underline;" href="https://www.dudelange.lu/index.php/services-communaux/agents-municipaux/" target="_blank" rel="noopener">Service Agents Municipaux</a></span></span></p>
