{"id":3303,"date":"2021-09-17T14:13:05","date_gmt":"2021-09-17T12:13:05","guid":{"rendered":"https:\/\/dudelange.devoteamlab.lu\/?page_id=3303"},"modified":"2025-06-13T16:52:10","modified_gmt":"2025-06-13T14:52:10","slug":"developpement-economique","status":"publish","type":"page","link":"https:\/\/www.dudelange.lu\/index.php\/services-communaux\/developpement-economique\/","title":{"rendered":"D\u00e9veloppement \u00e9conomique"},"content":{"rendered":"<p><span id=\"DeltaPlaceHolderMain\">Annexe de l&rsquo;H\u00f4tel de Ville<br \/>\n2 rue Karl Marx,\u00a0L-3521 Dudelange<br \/>\n2\u00e8me \u00e9tage, bureau 204<\/span><\/p>\n<p>Missions:<\/p>\n<ul>\n<li>suivi et r\u00e9alisation de la strat\u00e9gie de d\u00e9veloppement du commerce<\/li>\n<li>am\u00e9lioration et d\u00e9veloppement de l&rsquo;offre commerciale du centre-ville.<\/li>\n<\/ul>\n<p>Claude BIZJAK<br \/>\nCity Manager<br \/>\nT 516121 -2323<br \/>\n<span style=\"text-decoration: underline;\"><span style=\"color: #ef4030; text-decoration: underline;\"><a style=\"color: #ef4030; text-decoration: underline;\" href=\"mailto:claude.bizjak@dudelange.lu\" target=\"_blank\" rel=\"noopener\">Prendre contact<\/a><\/span><\/span><\/p>\n<p>Pamela DREILING<br \/>\nT 516121 -2326<br \/>\n<span style=\"text-decoration: underline;\"><span style=\"color: #ef4030; text-decoration: underline;\"><a style=\"color: #ef4030; text-decoration: underline;\" href=\"mailto:pamela.dreiling@dudelange.lu\" target=\"_blank\" rel=\"noopener\">Prendre contact<\/a><\/span><\/span><\/p>\n<p>&nbsp;<\/p>\n","protected":false},"excerpt":{"rendered":"<p>Annexe de l&rsquo;H\u00f4tel de Ville 2 rue Karl Marx,\u00a0L-3521 Dudelange [&hellip;]<\/p>\n","protected":false},"author":9,"featured_media":0,"parent":2203,"menu_order":0,"comment_status":"closed","ping_status":"closed","template":"","meta":{"footnotes":""},"class_list":["post-3303","page","type-page","status-publish","hentry"],"publishpress_future_action":{"enabled":false,"date":"2026-05-09 18:23:55","action":"change-status","newStatus":"draft","terms":[],"taxonomy":"","extraData":[]},"publishpress_future_workflow_manual_trigger":{"enabledWorkflows":[]},"_links":{"self":[{"href":"https:\/\/www.dudelange.lu\/index.php\/wp-json\/wp\/v2\/pages\/3303","targetHints":{"allow":["GET"]}}],"collection":[{"href":"https:\/\/www.dudelange.lu\/index.php\/wp-json\/wp\/v2\/pages"}],"about":[{"href":"https:\/\/www.dudelange.lu\/index.php\/wp-json\/wp\/v2\/types\/page"}],"author":[{"embeddable":true,"href":"https:\/\/www.dudelange.lu\/index.php\/wp-json\/wp\/v2\/users\/9"}],"replies":[{"embeddable":true,"href":"https:\/\/www.dudelange.lu\/index.php\/wp-json\/wp\/v2\/comments?post=3303"}],"version-history":[{"count":7,"href":"https:\/\/www.dudelange.lu\/index.php\/wp-json\/wp\/v2\/pages\/3303\/revisions"}],"predecessor-version":[{"id":27878,"href":"https:\/\/www.dudelange.lu\/index.php\/wp-json\/wp\/v2\/pages\/3303\/revisions\/27878"}],"up":[{"embeddable":true,"href":"https:\/\/www.dudelange.lu\/index.php\/wp-json\/wp\/v2\/pages\/2203"}],"wp:attachment":[{"href":"https:\/\/www.dudelange.lu\/index.php\/wp-json\/wp\/v2\/media?parent=3303"}],"curies":[{"name":"wp","href":"https:\/\/api.w.org\/{rel}","templated":true}]}}