{"id":3335,"date":"2021-09-17T14:57:13","date_gmt":"2021-09-17T12:57:13","guid":{"rendered":"https:\/\/dudelange.devoteamlab.lu\/?page_id=3335"},"modified":"2025-08-20T13:47:36","modified_gmt":"2025-08-20T11:47:36","slug":"education-et-accueil","status":"publish","type":"page","link":"https:\/\/www.dudelange.lu\/index.php\/services-communaux\/education-et-accueil\/","title":{"rendered":"\u00c9ducation et accueil"},"content":{"rendered":"<p>H\u00f4tel de Ville, rez-de-chauss\u00e9e, bureau 7<br \/>\n<span style=\"text-decoration: underline;\"><span style=\"color: #ef4030; text-decoration: underline;\"><a style=\"color: #ef4030; text-decoration: underline;\" href=\"mailto:maison.relais@dudelange.lu\" target=\"_blank\" rel=\"noopener\">maison.relais@dudelange.lu<\/a><\/span><\/span><br \/>\n<span style=\"text-decoration: underline;\"><span style=\"color: #ef4030; text-decoration: underline;\"><a style=\"color: #ef4030; text-decoration: underline;\" href=\"http:\/\/www.sea-dudelange.lu\/\" target=\"_blank\" rel=\"noopener\">www.sea-dudelange.lu<\/a><\/span><\/span><\/p>\n<p><strong>HOTLINE: T 516121 -5678<\/strong><\/p>\n<p>Missions:<\/p>\n<ul>\n<li>Ch\u00e8ques-services accueil<\/li>\n<li>Inscriptions structures d\u2019accueil<\/li>\n<\/ul>\n<p>&nbsp;<\/p>\n<p>Ernest HOFFMANN<br \/>\nChef de service<br \/>\nT 516121 -5671<br \/>\n<span style=\"text-decoration: underline;\"><span style=\"color: #ef4030; text-decoration: underline;\"><a style=\"color: #ef4030; text-decoration: underline;\" href=\"mailto:ernest.hoffmann@dudelange.lu\" target=\"_blank\" rel=\"noopener\">Prendre contact\u200b<\/a><\/span><\/span><\/p>\n<p>Monique SOARES FERREIRA<br \/>\nResponsable p\u00e9dagogique<br \/>\nT 516121 -5702<br \/>\n<span style=\"color: #ef4030;\"><a style=\"color: #ef4030; text-decoration: underline;\" href=\"mailto:monique.soares@dudelange.lu\" target=\"_blank\" rel=\"noopener\"><span style=\"color: #ef4030; text-decoration: underline;\">Prendre contact<\/span><\/a><\/span><\/p>\n<p>Paola TOMASSINI<br \/>\nResponsable \u00e0 l&rsquo;inclusion<br \/>\nT 516121 -5670<br \/>\n<span style=\"color: #ef4030;\"><a style=\"color: #ef4030; text-decoration: underline;\" href=\"mailto:paola.tomassini@dudelange.lu\" target=\"_blank\" rel=\"noopener\"><span style=\"color: #ef4030; text-decoration: underline;\">Prendre contact<\/span><\/a><\/span><\/p>\n<p>&nbsp;<\/p>\n<p><strong>Secr\u00e9tariat <\/strong><\/p>\n<p>Liana ROMAN<br \/>\nResponsable administration<br \/>\nT 516121 -5675<br \/>\n<span style=\"text-decoration: underline;\"><span style=\"color: #ef4030; text-decoration: underline;\"><a style=\"color: #ef4030; text-decoration: underline;\" href=\"mailto:liana.roman@dudelange.lu\" target=\"_blank\" rel=\"noopener\">Prendre contact<\/a><\/span><\/span><\/p>\n<p>Claude ERPELDING<br \/>\nT 516121 -5673<br \/>\n<span style=\"text-decoration: underline;\"><span style=\"color: #ef4030; text-decoration: underline;\"><a style=\"color: #ef4030; text-decoration: underline;\" href=\"mailto:claude.erpelding@dudelange.lu\" target=\"_blank\" rel=\"noopener\">Prendre contact<\/a><\/span><\/span><\/p>\n<p>Vania SILVEIRA<br \/>\nT 516121 -5669<br \/>\n<span style=\"text-decoration: underline;\"><span style=\"color: #ef4030; text-decoration: underline;\"><a style=\"color: #ef4030; text-decoration: underline;\" href=\"mailto:vania.silveira@dudelange.lu\" target=\"_blank\" rel=\"noopener\">Prendre contact<\/a><\/span><\/span><\/p>\n<p>Tom STREFF<br \/>\nT 516121 -5672<br \/>\n<span style=\"text-decoration: underline;\"><span style=\"color: #ef4030; text-decoration: underline;\"><a style=\"color: #ef4030; text-decoration: underline;\" href=\"mailto:tom.streff@dudelange.lu\" target=\"_blank\" rel=\"noopener\">Prendre contact<\/a><\/span><\/span><\/p>\n<p>Mandy FLORIJAN<br \/>\nT 516121 -5674<br \/>\n<span style=\"text-decoration: underline;\"><span style=\"color: #ef4030; text-decoration: underline;\"><a style=\"color: #ef4030; text-decoration: underline;\" href=\"mailto:mandy.florijan@dudelange.lu\" target=\"_blank\" rel=\"noopener\">Prendre contact<\/a><\/span><\/span><\/p>\n<p>Sonja TINELLI<br \/>\nFinances<br \/>\nT 516121 -5676<br \/>\n<span style=\"text-decoration: underline;\"><span style=\"color: #ef4030; text-decoration: underline;\"><a style=\"color: #ef4030; text-decoration: underline;\" href=\"mailto:sonja.tinelli@dudelange.lu\" target=\"_blank\" rel=\"noopener\">Prendre contact<\/a><\/span><\/span><\/p>\n<p>&nbsp;<\/p>\n<ul>\n<li><span style=\"text-decoration: underline;\"><span style=\"color: #ef4030; text-decoration: underline;\"><a style=\"color: #ef4030; text-decoration: underline;\" href=\"https:\/\/www.dudelange.lu\/index.php\/education-et-accueil\/\" target=\"_blank\" rel=\"noopener\">Informations sur les cr\u00e8ches et maisons relais, ch\u00e8que-service etc<\/a><\/span><\/span><\/li>\n<li><span style=\"text-decoration: underline;\"><span style=\"color: #ef4030; text-decoration: underline;\"><a style=\"color: #ef4030; text-decoration: underline;\" href=\"https:\/\/sadudelangedata.blob.core.windows.net\/files\/2024\/08\/20240826_Ville-de-Dudelange_Schoulbuet_Brochure_HD_WEB_v04_DEF.pdf\" target=\"_blank\" rel=\"noopener\">Infos pratiques enseignement et encadrement 2024\/2025<\/a><\/span><\/span> (PDF, 3,67 MB)<\/li>\n<li><span style=\"color: #ef4030;\"><span style=\"color: #4e0000;\"><span style=\"text-decoration: underline;\"><span style=\"color: #ef4030; text-decoration: underline;\"><a style=\"color: #ef4030; text-decoration: underline;\" href=\"https:\/\/sadudelangedata.blob.core.windows.net\/files\/2021\/09\/614491a43ac49-614491a43ac4aEnseignement-plan-activites-2021.pdf.pdf\" target=\"_blank\" rel=\"noopener\">Plan de ville avec b\u00e2timents scolaires, maisons-relais et activit\u00e9s de loisirs<\/a><\/span><\/span><\/span><\/span> (PDF, 2,2 MB)<\/li>\n<li><span style=\"text-decoration: underline;\"><a href=\"https:\/\/www.dudelange.lu\/index.php\/publications-enfance-jeunesse\/\" target=\"_blank\" rel=\"noopener\"><span style=\"color: #ef4030; text-decoration: underline;\">Publications enfance &amp; jeunesse<\/span><\/a><\/span><\/li>\n<li><span style=\"text-decoration: underline;\"><span style=\"color: #ef4030;\"><a style=\"color: #ef4030; text-decoration: underline;\" href=\"https:\/\/www.sea-dudelange.lu\/?com=0I446I0I0I\">R\u00e8glement d&rsquo;ordre interne<\/a><\/span><\/span><\/li>\n<\/ul>\n","protected":false},"excerpt":{"rendered":"<p>H\u00f4tel de Ville, rez-de-chauss\u00e9e, bureau 7 maison.relais@dudelange.lu www.sea-dudelange.lu HOTLINE: T [&hellip;]<\/p>\n","protected":false},"author":9,"featured_media":0,"parent":2203,"menu_order":0,"comment_status":"closed","ping_status":"closed","template":"","meta":{"footnotes":""},"class_list":["post-3335","page","type-page","status-publish","hentry"],"publishpress_future_action":{"enabled":false,"date":"2026-05-07 22:34:20","action":"change-status","newStatus":"draft","terms":[],"taxonomy":"","extraData":[]},"publishpress_future_workflow_manual_trigger":{"enabledWorkflows":[]},"_links":{"self":[{"href":"https:\/\/www.dudelange.lu\/index.php\/wp-json\/wp\/v2\/pages\/3335","targetHints":{"allow":["GET"]}}],"collection":[{"href":"https:\/\/www.dudelange.lu\/index.php\/wp-json\/wp\/v2\/pages"}],"about":[{"href":"https:\/\/www.dudelange.lu\/index.php\/wp-json\/wp\/v2\/types\/page"}],"author":[{"embeddable":true,"href":"https:\/\/www.dudelange.lu\/index.php\/wp-json\/wp\/v2\/users\/9"}],"replies":[{"embeddable":true,"href":"https:\/\/www.dudelange.lu\/index.php\/wp-json\/wp\/v2\/comments?post=3335"}],"version-history":[{"count":38,"href":"https:\/\/www.dudelange.lu\/index.php\/wp-json\/wp\/v2\/pages\/3335\/revisions"}],"predecessor-version":[{"id":28660,"href":"https:\/\/www.dudelange.lu\/index.php\/wp-json\/wp\/v2\/pages\/3335\/revisions\/28660"}],"up":[{"embeddable":true,"href":"https:\/\/www.dudelange.lu\/index.php\/wp-json\/wp\/v2\/pages\/2203"}],"wp:attachment":[{"href":"https:\/\/www.dudelange.lu\/index.php\/wp-json\/wp\/v2\/media?parent=3335"}],"curies":[{"name":"wp","href":"https:\/\/api.w.org\/{rel}","templated":true}]}}

Éducation et accueil

<p>Hôtel de Ville, rez-de-chaussée, bureau 7<br />
<span style="text-decoration: underline;"><span style="color: #ef4030; text-decoration: underline;"><a style="color: #ef4030; text-decoration: underline;" href="mailto:maison.relais@dudelange.lu" target="_blank" rel="noopener">maison.relais@dudelange.lu</a></span></span><br />
<span style="text-decoration: underline;"><span style="color: #ef4030; text-decoration: underline;"><a style="color: #ef4030; text-decoration: underline;" href="http://www.sea-dudelange.lu/" target="_blank" rel="noopener">www.sea-dudelange.lu</a></span></span></p>
<p><strong>HOTLINE: T 516121 -5678</strong></p>
<p>Missions:</p>
<ul>
<li>Chèques-services accueil</li>
<li>Inscriptions structures d’accueil</li>
</ul>
<p>&nbsp;</p>
<p>Ernest HOFFMANN<br />
Chef de service<br />
T 516121 -5671<br />
<span style="text-decoration: underline;"><span style="color: #ef4030; text-decoration: underline;"><a style="color: #ef4030; text-decoration: underline;" href="mailto:ernest.hoffmann@dudelange.lu" target="_blank" rel="noopener">Prendre contact​</a></span></span></p>
<p>Monique SOARES FERREIRA<br />
Responsable pédagogique<br />
T 516121 -5702<br />
<span style="color: #ef4030;"><a style="color: #ef4030; text-decoration: underline;" href="mailto:monique.soares@dudelange.lu" target="_blank" rel="noopener"><span style="color: #ef4030; text-decoration: underline;">Prendre contact</span></a></span></p>
<p>Paola TOMASSINI<br />
Responsable à l&rsquo;inclusion<br />
T 516121 -5670<br />
<span style="color: #ef4030;"><a style="color: #ef4030; text-decoration: underline;" href="mailto:paola.tomassini@dudelange.lu" target="_blank" rel="noopener"><span style="color: #ef4030; text-decoration: underline;">Prendre contact</span></a></span></p>
<p>&nbsp;</p>
<p><strong>Secrétariat </strong></p>
<p>Liana ROMAN<br />
Responsable administration<br />
T 516121 -5675<br />
<span style="text-decoration: underline;"><span style="color: #ef4030; text-decoration: underline;"><a style="color: #ef4030; text-decoration: underline;" href="mailto:liana.roman@dudelange.lu" target="_blank" rel="noopener">Prendre contact</a></span></span></p>
<p>Claude ERPELDING<br />
T 516121 -5673<br />
<span style="text-decoration: underline;"><span style="color: #ef4030; text-decoration: underline;"><a style="color: #ef4030; text-decoration: underline;" href="mailto:claude.erpelding@dudelange.lu" target="_blank" rel="noopener">Prendre contact</a></span></span></p>
<p>Vania SILVEIRA<br />
T 516121 -5669<br />
<span style="text-decoration: underline;"><span style="color: #ef4030; text-decoration: underline;"><a style="color: #ef4030; text-decoration: underline;" href="mailto:vania.silveira@dudelange.lu" target="_blank" rel="noopener">Prendre contact</a></span></span></p>
<p>Tom STREFF<br />
T 516121 -5672<br />
<span style="text-decoration: underline;"><span style="color: #ef4030; text-decoration: underline;"><a style="color: #ef4030; text-decoration: underline;" href="mailto:tom.streff@dudelange.lu" target="_blank" rel="noopener">Prendre contact</a></span></span></p>
<p>Mandy FLORIJAN<br />
T 516121 -5674<br />
<span style="text-decoration: underline;"><span style="color: #ef4030; text-decoration: underline;"><a style="color: #ef4030; text-decoration: underline;" href="mailto:mandy.florijan@dudelange.lu" target="_blank" rel="noopener">Prendre contact</a></span></span></p>
<p>Sonja TINELLI<br />
Finances<br />
T 516121 -5676<br />
<span style="text-decoration: underline;"><span style="color: #ef4030; text-decoration: underline;"><a style="color: #ef4030; text-decoration: underline;" href="mailto:sonja.tinelli@dudelange.lu" target="_blank" rel="noopener">Prendre contact</a></span></span></p>
<p>&nbsp;</p>
<ul>
<li><span style="text-decoration: underline;"><span style="color: #ef4030; text-decoration: underline;"><a style="color: #ef4030; text-decoration: underline;" href="https://www.dudelange.lu/index.php/education-et-accueil/" target="_blank" rel="noopener">Informations sur les crèches et maisons relais, chèque-service etc</a></span></span></li>
<li><span style="text-decoration: underline;"><span style="color: #ef4030; text-decoration: underline;"><a style="color: #ef4030; text-decoration: underline;" href="https://sadudelangedata.blob.core.windows.net/files/2024/08/20240826_Ville-de-Dudelange_Schoulbuet_Brochure_HD_WEB_v04_DEF.pdf" target="_blank" rel="noopener">Infos pratiques enseignement et encadrement 2024/2025</a></span></span> (PDF, 3,67 MB)</li>
<li><span style="color: #ef4030;"><span style="color: #4e0000;"><span style="text-decoration: underline;"><span style="color: #ef4030; text-decoration: underline;"><a style="color: #ef4030; text-decoration: underline;" href="https://sadudelangedata.blob.core.windows.net/files/2021/09/614491a43ac49-614491a43ac4aEnseignement-plan-activites-2021.pdf.pdf" target="_blank" rel="noopener">Plan de ville avec bâtiments scolaires, maisons-relais et activités de loisirs</a></span></span></span></span> (PDF, 2,2 MB)</li>
<li><span style="text-decoration: underline;"><a href="https://www.dudelange.lu/index.php/publications-enfance-jeunesse/" target="_blank" rel="noopener"><span style="color: #ef4030; text-decoration: underline;">Publications enfance &amp; jeunesse</span></a></span></li>
<li><span style="text-decoration: underline;"><span style="color: #ef4030;"><a style="color: #ef4030; text-decoration: underline;" href="https://www.sea-dudelange.lu/?com=0I446I0I0I">Règlement d&rsquo;ordre interne</a></span></span></li>
</ul>

<p>Hôtel de Ville, rez-de-chaussée, bureau 7 maison.relais@dudelange.lu www.sea-dudelange.lu HOTLINE: T [&hellip;]</p>
