{"id":3638,"date":"2021-09-20T15:17:03","date_gmt":"2021-09-20T13:17:03","guid":{"rendered":"https:\/\/dudelange.devoteamlab.lu\/?page_id=3638"},"modified":"2026-03-20T16:22:45","modified_gmt":"2026-03-20T15:22:45","slug":"securite-et-sante-au-travail","status":"publish","type":"page","link":"https:\/\/www.dudelange.lu\/index.php\/services-communaux\/securite-et-sante-au-travail\/","title":{"rendered":"S\u00e9curit\u00e9 et sant\u00e9 au travail"},"content":{"rendered":"<p><span id=\"DeltaPlaceHolderMain\">7 rue de l&rsquo;Abattoir (b\u00e2timent C), L-3409 Dudelange <\/span><\/p>\n<p><span style=\"text-decoration: underline;\"><strong>Responsable service:<\/strong><\/span><\/p>\n<p><span lang=\"LB-LU\"><span id=\"DeltaPlaceHolderMain\">Laurent WEISGERBER<br \/>\nT 516121 -425<br \/>\n<span style=\"text-decoration: underline;\"><span style=\"color: #ef4030; text-decoration: underline;\"><a style=\"color: #ef4030; text-decoration: underline;\" href=\"mailto:laurent.weisgerber@dudelange.lu\" target=\"_blank\" rel=\"noopener\">Prendre contact\u200b<\/a><\/span><\/span><\/span><\/span><\/p>\n<p><span lang=\"LB-LU\">Antonio Jos\u00e9 MARQUES<br \/>\n\u200bT 516121 -424<br \/>\n<span id=\"DeltaPlaceHolderMain\"><\/span><span style=\"text-decoration: underline;\"><span id=\"DeltaPlaceHolderMain\" style=\"color: #ef4030; text-decoration: underline;\"><a style=\"color: #ef4030; text-decoration: underline;\" href=\"mailto:toni.marques@dudelange.lu\" target=\"_blank\" rel=\"noopener\">Prendre contact\u200b<\/a><\/span><\/span><\/span><\/p>\n<p>Nora BIEVER<br \/>\nT 516121 -423<br \/>\n<span style=\"text-decoration: underline;\"><span style=\"color: #ef4030; text-decoration: underline;\"><a style=\"color: #ef4030; text-decoration: underline;\" href=\"mailto:nora.biever@dudelange.lu\" target=\"_blank\" rel=\"noopener\">Prendre contact<\/a><\/span><\/span><\/p>\n<p>&nbsp;<\/p>\n<p><strong>Missions\u00a0: <\/strong><\/p>\n<ul>\n<li>Pr\u00e9vention-risques li\u00e9e \u00e0 la protection des personnes par rapport aux postes de travail, aux \u00e9quipements et \u00e0 la sant\u00e9<\/li>\n<li>S\u00e9lection et proposition des formations techniques ad\u00e9quates<\/li>\n<li>Gestion des contr\u00f4les p\u00e9riodiques de s\u00e9curit\u00e9 par organisme agr\u00e9\u00e9 (b\u00e2timents, v\u00e9hicules, outillage)<\/li>\n<li>Gestion, traitement et suivi en cas d&rsquo;accident de travail, de trajet ou tout incident notifi\u00e9 par les membres du personnel<\/li>\n<li>Conseil et assistance au coll\u00e8ge \u00e9chevinal concernant la s\u00e9curit\u00e9 et la sant\u00e9 au travail<\/li>\n<li>Gestion des contr\u00f4les d&rsquo;acc\u00e8s dans les b\u00e2timents communaux<\/li>\n<\/ul>\n","protected":false},"excerpt":{"rendered":"<p>7 rue de l&rsquo;Abattoir (b\u00e2timent C), L-3409 Dudelange Responsable service: [&hellip;]<\/p>\n","protected":false},"author":9,"featured_media":0,"parent":2203,"menu_order":0,"comment_status":"closed","ping_status":"closed","template":"","meta":{"footnotes":""},"class_list":["post-3638","page","type-page","status-publish","hentry"],"publishpress_future_action":{"enabled":false,"date":"2026-05-08 15:18:15","action":"change-status","newStatus":"draft","terms":[],"taxonomy":"","extraData":[]},"publishpress_future_workflow_manual_trigger":{"enabledWorkflows":[]},"_links":{"self":[{"href":"https:\/\/www.dudelange.lu\/index.php\/wp-json\/wp\/v2\/pages\/3638","targetHints":{"allow":["GET"]}}],"collection":[{"href":"https:\/\/www.dudelange.lu\/index.php\/wp-json\/wp\/v2\/pages"}],"about":[{"href":"https:\/\/www.dudelange.lu\/index.php\/wp-json\/wp\/v2\/types\/page"}],"author":[{"embeddable":true,"href":"https:\/\/www.dudelange.lu\/index.php\/wp-json\/wp\/v2\/users\/9"}],"replies":[{"embeddable":true,"href":"https:\/\/www.dudelange.lu\/index.php\/wp-json\/wp\/v2\/comments?post=3638"}],"version-history":[{"count":8,"href":"https:\/\/www.dudelange.lu\/index.php\/wp-json\/wp\/v2\/pages\/3638\/revisions"}],"predecessor-version":[{"id":30232,"href":"https:\/\/www.dudelange.lu\/index.php\/wp-json\/wp\/v2\/pages\/3638\/revisions\/30232"}],"up":[{"embeddable":true,"href":"https:\/\/www.dudelange.lu\/index.php\/wp-json\/wp\/v2\/pages\/2203"}],"wp:attachment":[{"href":"https:\/\/www.dudelange.lu\/index.php\/wp-json\/wp\/v2\/media?parent=3638"}],"curies":[{"name":"wp","href":"https:\/\/api.w.org\/{rel}","templated":true}]}}

Sécurité et santé au travail

<p><span id="DeltaPlaceHolderMain">7 rue de l&rsquo;Abattoir (bâtiment C), L-3409 Dudelange </span></p>
<p><span style="text-decoration: underline;"><strong>Responsable service:</strong></span></p>
<p><span lang="LB-LU"><span id="DeltaPlaceHolderMain">Laurent WEISGERBER<br />
T 516121 -425<br />
<span style="text-decoration: underline;"><span style="color: #ef4030; text-decoration: underline;"><a style="color: #ef4030; text-decoration: underline;" href="mailto:laurent.weisgerber@dudelange.lu" target="_blank" rel="noopener">Prendre contact​</a></span></span></span></span></p>
<p><span lang="LB-LU">Antonio José MARQUES<br />
​T 516121 -424<br />
<span id="DeltaPlaceHolderMain"></span><span style="text-decoration: underline;"><span id="DeltaPlaceHolderMain" style="color: #ef4030; text-decoration: underline;"><a style="color: #ef4030; text-decoration: underline;" href="mailto:toni.marques@dudelange.lu" target="_blank" rel="noopener">Prendre contact​</a></span></span></span></p>
<p>Nora BIEVER<br />
T 516121 -423<br />
<span style="text-decoration: underline;"><span style="color: #ef4030; text-decoration: underline;"><a style="color: #ef4030; text-decoration: underline;" href="mailto:nora.biever@dudelange.lu" target="_blank" rel="noopener">Prendre contact</a></span></span></p>
<p>&nbsp;</p>
<p><strong>Missions : </strong></p>
<ul>
<li>Prévention-risques liée à la protection des personnes par rapport aux postes de travail, aux équipements et à la santé</li>
<li>Sélection et proposition des formations techniques adéquates</li>
<li>Gestion des contrôles périodiques de sécurité par organisme agréé (bâtiments, véhicules, outillage)</li>
<li>Gestion, traitement et suivi en cas d&rsquo;accident de travail, de trajet ou tout incident notifié par les membres du personnel</li>
<li>Conseil et assistance au collège échevinal concernant la sécurité et la santé au travail</li>
<li>Gestion des contrôles d&rsquo;accès dans les bâtiments communaux</li>
</ul>

<p>7 rue de l&rsquo;Abattoir (bâtiment C), L-3409 Dudelange Responsable service: [&hellip;]</p>
