{"id":3669,"date":"2021-09-20T15:36:20","date_gmt":"2021-09-20T13:36:20","guid":{"rendered":"https:\/\/dudelange.devoteamlab.lu\/?page_id=3669"},"modified":"2026-04-29T08:34:50","modified_gmt":"2026-04-29T06:34:50","slug":"informatique","status":"publish","type":"page","link":"https:\/\/www.dudelange.lu\/index.php\/services-communaux\/informatique\/","title":{"rendered":"Informatique et nouvelles technologies"},"content":{"rendered":"<p><span class=\"ms-rteStyle-IntenseEmphasis\"><span class=\"ms-rteThemeForeColor-2-0\">H\u00f4tel de Ville, 2\u00e8me \u00e9tage, bureaux 210, 211 et 213<\/span><\/span><\/p>\n<p>Mission:\u200b Gestion des r\u00e9seaux informatique et t\u00e9l\u00e9phonique des services communaux<\/p>\n<p>Laurent HEVER<br \/>\nChef de servic\u200be<br \/>\nT 516121 -3306<br \/>\n<span style=\"text-decoration: underline;\"><span style=\"color: #ef4030; text-decoration: underline;\"><a style=\"color: #ef4030; text-decoration: underline;\" href=\"mailto:laurent.hever@dudelange.lu\" target=\"_blank\" rel=\"noopener\">Prendre contact<\/a><\/span><\/span><\/p>\n<p>Mel CALCIO<br \/>\nT 516121 -3305<br \/>\n<a style=\"color: #ef4030; text-decoration: underline;\" href=\"mailto:mel.calcio@dudelange.lu\" target=\"_blank\" rel=\"noopener\">Prendre contact<\/a><\/p>\n<p>Carlos CRISOSTOMO<br \/>\nT 516121 -339<br \/>\n<span style=\"text-decoration: underline;\"><span style=\"color: #ef4030; text-decoration: underline;\"><a style=\"color: #ef4030; text-decoration: underline;\" href=\"mailto:carlos.crisostomo@dudelange.lu\" target=\"_blank\" rel=\"noopener\">Prendre contact\u200b<\/a><\/span><\/span><\/p>\n<p>Stephen EDWARDS<br \/>\nT 516121 -3300<br \/>\n<span style=\"text-decoration: underline;\"><span style=\"color: #ef4030; text-decoration: underline;\"><a style=\"color: #ef4030; text-decoration: underline;\" href=\"mailto:stephen.edwards@dudelange.lu\" target=\"_blank\" rel=\"noopener\">Prendre contact<\/a><\/span><\/span><\/p>\n<p>Jerry HOLZMACHER<br \/>\nT 516121 -3304<br \/>\n<span style=\"text-decoration: underline;\"><span style=\"color: #ef4030; text-decoration: underline;\"><a style=\"color: #ef4030; text-decoration: underline;\" href=\"mailto:jerry.holzmacher@dudelange.lu\" target=\"_blank\" rel=\"noopener\">Prendre contact<\/a><\/span><\/span><\/p>\n<div>\n<p>Marc LAURENT<br \/>\nT 516121 -337<br \/>\n<span style=\"text-decoration: underline;\"><span style=\"color: #ef4030; text-decoration: underline;\"><a style=\"color: #ef4030; text-decoration: underline;\" href=\"mailto:marc.laurent@dudelange.lu\" target=\"_blank\" rel=\"noopener\">Prendre contact<\/a><\/span><\/span><\/p>\n<p>Claude LUX<br \/>\nT 516121 -333<br \/>\n<span style=\"text-decoration: underline;\"><span style=\"color: #ef4030; text-decoration: underline;\"><a style=\"color: #ef4030; text-decoration: underline;\" href=\"mailto:claude.lux@dudelange.lu\" target=\"_blank\" rel=\"noopener\">Prendre contact<\/a><\/span><\/span><\/p>\n<p>Kevin PROMME<br \/>\nT 516121 -335<br \/>\n<span style=\"text-decoration: underline;\"><span style=\"color: #ef4030; text-decoration: underline;\"><a style=\"color: #ef4030; text-decoration: underline;\" href=\"mailto:kevin.promme@dudelange.lu\" target=\"_blank\" rel=\"noopener\">Prendre contact<\/a><\/span><\/span><\/p>\n<p>\u200bAmil <span style=\"color: black;\">RAMCILOVIC<br \/>\nT 516121 -3301<br \/>\n<span style=\"text-decoration: underline;\"><span style=\"color: #ef4030; text-decoration: underline;\"><a style=\"color: #ef4030; text-decoration: underline;\" href=\"mailto:amil.ramcilovic@dudelange.lu\" target=\"_blank\" rel=\"noopener\">Prendre contact<\/a><\/span><\/span><br \/>\n<\/span><\/p>\n<\/div>\n<p><span style=\"color: #ef4030;\"><strong><span style=\"font-size: 18pt;\">Service de num\u00e9risation et d&rsquo;archivage<\/span><\/strong><br \/>\n<\/span>H\u00f4tel de Ville, 2\u00e8me \u00e9tage, bureau 214<strong><br \/>\n<\/strong><\/p>\n<div>\n<p>Marie URBANY<br \/>\nT 516121 -3414<br \/>\n<span style=\"color: #ef4030;\"><a style=\"color: #ef4030;\" href=\"mailto:marie.urbany@dudelange.lu\"><span style=\"text-decoration: underline;\">Prendre contact<\/span><\/a><\/span><\/p>\n<p>Marl\u00e8ne DE AZEVEDO<br \/>\nT 516121 -3413<br \/>\n<span style=\"text-decoration: underline;\"><span style=\"color: #ef4030; text-decoration: underline;\"><a style=\"color: #ef4030; text-decoration: underline;\" href=\"mailto:marlene.deazevedo@dudelange.lu\">Prendre contact<\/a><\/span><\/span><\/p>\n<p>Marie-France TOSCHI<br \/>\nT 516121 -3411<br \/>\n<a href=\"mailto:marie-france.toschi@dudelange.lu\"><span style=\"text-decoration: underline;\"><span style=\"color: #ef4030; text-decoration: underline;\">Prendre contact<\/span><\/span><\/a><\/p>\n<p>&nbsp;<\/p>\n<p>&nbsp;<\/p>\n<p>&nbsp;<\/p>\n<\/div>\n","protected":false},"excerpt":{"rendered":"<p>H\u00f4tel de Ville, 2\u00e8me \u00e9tage, bureaux 210, 211 et 213 [&hellip;]<\/p>\n","protected":false},"author":9,"featured_media":0,"parent":2203,"menu_order":0,"comment_status":"closed","ping_status":"closed","template":"","meta":{"footnotes":""},"class_list":["post-3669","page","type-page","status-publish","hentry"],"publishpress_future_action":{"enabled":false,"date":"2026-05-17 19:38:28","action":"change-status","newStatus":"draft","terms":[],"taxonomy":"","extraData":[]},"publishpress_future_workflow_manual_trigger":{"enabledWorkflows":[]},"_links":{"self":[{"href":"https:\/\/www.dudelange.lu\/index.php\/wp-json\/wp\/v2\/pages\/3669","targetHints":{"allow":["GET"]}}],"collection":[{"href":"https:\/\/www.dudelange.lu\/index.php\/wp-json\/wp\/v2\/pages"}],"about":[{"href":"https:\/\/www.dudelange.lu\/index.php\/wp-json\/wp\/v2\/types\/page"}],"author":[{"embeddable":true,"href":"https:\/\/www.dudelange.lu\/index.php\/wp-json\/wp\/v2\/users\/9"}],"replies":[{"embeddable":true,"href":"https:\/\/www.dudelange.lu\/index.php\/wp-json\/wp\/v2\/comments?post=3669"}],"version-history":[{"count":45,"href":"https:\/\/www.dudelange.lu\/index.php\/wp-json\/wp\/v2\/pages\/3669\/revisions"}],"predecessor-version":[{"id":30678,"href":"https:\/\/www.dudelange.lu\/index.php\/wp-json\/wp\/v2\/pages\/3669\/revisions\/30678"}],"up":[{"embeddable":true,"href":"https:\/\/www.dudelange.lu\/index.php\/wp-json\/wp\/v2\/pages\/2203"}],"wp:attachment":[{"href":"https:\/\/www.dudelange.lu\/index.php\/wp-json\/wp\/v2\/media?parent=3669"}],"curies":[{"name":"wp","href":"https:\/\/api.w.org\/{rel}","templated":true}]}}