{"id":3730,"date":"2021-09-20T15:57:42","date_gmt":"2021-09-20T13:57:42","guid":{"rendered":"https:\/\/dudelange.devoteamlab.lu\/?page_id=3730"},"modified":"2023-01-06T09:59:22","modified_gmt":"2023-01-06T08:59:22","slug":"ressources-humaines","status":"publish","type":"page","link":"https:\/\/www.dudelange.lu\/index.php\/services-communaux\/ressources-humaines\/","title":{"rendered":"Ressources humaines"},"content":{"rendered":"<p>H\u00f4tel de Ville, 2\u00e8me \u00e9tage, bureau 222<\/p>\n<div><span class=\"ms-rteStyle-IntenseEmphasis\"><span class=\"ms-rteThemeForeColor-2-0\">\u00a0<\/span><\/span>Missions:<\/div>\n<div>\n<div>\n<ul>\n<li>Gestion des ressources humaines\u00a0\u200b<\/li>\n<li>Salaires et indemnit\u00e9s<\/li>\n<li>Traitements<\/li>\n<\/ul>\n<\/div>\n<p>&nbsp;<\/p>\n<p>Paul NOSBUSCH<br \/>\nChef de service<span id=\"DeltaPlaceHolderMain\"><br \/>\nT 516121 -2350<br \/>\n<span style=\"text-decoration: underline;\"><span style=\"color: #ef4030; text-decoration: underline;\"><a style=\"color: #ef4030; text-decoration: underline;\" href=\"mailto:paul.nosbusch@dudelange.lu\" target=\"_blank\" rel=\"noopener\">Prendre contact<\/a><\/span><\/span><\/span><\/p>\n<p>Ana BARBOSA\u200b<br \/>\nT 516121 -2351<br \/>\n<span style=\"text-decoration: underline;\"><span style=\"color: #ef4030; text-decoration: underline;\"><a style=\"color: #ef4030; text-decoration: underline;\" href=\"mailto:ana.barbosa@dudelange.lu\" target=\"_blank\" rel=\"noopener\">Prendre contact<\/a><\/span><\/span><\/p>\n<p>Patrick CAPITANI<br \/>\nT 516121 -237<br \/>\n<span style=\"text-decoration: underline;\"><span style=\"color: #ef4030; text-decoration: underline;\"><a style=\"color: #ef4030; text-decoration: underline;\" href=\"mailto:patrick.capitani@dudelange.lu\" target=\"_blank\" rel=\"noopener\">Prendre contact<\/a><\/span><\/span><\/p>\n<p><span id=\"DeltaPlaceHolderMain\">Carina DUARTE<br \/>\nT 516121 -262<br \/>\n<span style=\"text-decoration: underline;\"><span style=\"color: #ef4030; text-decoration: underline;\"><a style=\"color: #ef4030; text-decoration: underline;\" href=\"mailto:carina.duarte@dudelange.lu\" target=\"_blank\" rel=\"noopener\">Prendre contact<\/a><\/span><\/span><\/span><\/p>\n<p>Maite KOOB<br \/>\nT 516121 -2352<br \/>\n<span style=\"text-decoration: underline;\"><span style=\"color: #ef4030; text-decoration: underline;\"><a style=\"color: #ef4030; text-decoration: underline;\" href=\"mailto:maite.koob@dudelange.lu\" target=\"_blank\" rel=\"noopener\">Prendre contact<\/a><\/span><\/span><\/p>\n<p>Victor MATIAS\u00a0\u200bCRUZ<br \/>\nT 516121 -233<br \/>\n<span style=\"text-decoration: underline;\"><span style=\"color: #ef4030; text-decoration: underline;\"><a style=\"color: #ef4030; text-decoration: underline;\" href=\"mailto:victor.matias-cruz@dudelange.lu\" target=\"_blank\" rel=\"noopener\">Prendre contact<\/a><\/span><\/span><\/p>\n<\/div>\n","protected":false},"excerpt":{"rendered":"<p>H\u00f4tel de Ville, 2\u00e8me \u00e9tage, bureau 222 \u00a0Missions: Gestion des [&hellip;]<\/p>\n","protected":false},"author":9,"featured_media":0,"parent":2203,"menu_order":0,"comment_status":"closed","ping_status":"closed","template":"","meta":{"footnotes":""},"class_list":["post-3730","page","type-page","status-publish","hentry"],"publishpress_future_action":{"enabled":false,"date":"2026-05-08 01:33:27","action":"change-status","newStatus":"draft","terms":[],"taxonomy":"","extraData":[]},"publishpress_future_workflow_manual_trigger":{"enabledWorkflows":[]},"_links":{"self":[{"href":"https:\/\/www.dudelange.lu\/index.php\/wp-json\/wp\/v2\/pages\/3730","targetHints":{"allow":["GET"]}}],"collection":[{"href":"https:\/\/www.dudelange.lu\/index.php\/wp-json\/wp\/v2\/pages"}],"about":[{"href":"https:\/\/www.dudelange.lu\/index.php\/wp-json\/wp\/v2\/types\/page"}],"author":[{"embeddable":true,"href":"https:\/\/www.dudelange.lu\/index.php\/wp-json\/wp\/v2\/users\/9"}],"replies":[{"embeddable":true,"href":"https:\/\/www.dudelange.lu\/index.php\/wp-json\/wp\/v2\/comments?post=3730"}],"version-history":[{"count":7,"href":"https:\/\/www.dudelange.lu\/index.php\/wp-json\/wp\/v2\/pages\/3730\/revisions"}],"predecessor-version":[{"id":19277,"href":"https:\/\/www.dudelange.lu\/index.php\/wp-json\/wp\/v2\/pages\/3730\/revisions\/19277"}],"up":[{"embeddable":true,"href":"https:\/\/www.dudelange.lu\/index.php\/wp-json\/wp\/v2\/pages\/2203"}],"wp:attachment":[{"href":"https:\/\/www.dudelange.lu\/index.php\/wp-json\/wp\/v2\/media?parent=3730"}],"curies":[{"name":"wp","href":"https:\/\/api.w.org\/{rel}","templated":true}]}}

<p>Hôtel de Ville, 2ème étage, bureau 222</p>
<div><span class="ms-rteStyle-IntenseEmphasis"><span class="ms-rteThemeForeColor-2-0"> </span></span>Missions:</div>
<div>
<div>
<ul>
<li>Gestion des ressources humaines ​</li>
<li>Salaires et indemnités</li>
<li>Traitements</li>
</ul>
</div>
<p>&nbsp;</p>
<p>Paul NOSBUSCH<br />
Chef de service<span id="DeltaPlaceHolderMain"><br />
T 516121 -2350<br />
<span style="text-decoration: underline;"><span style="color: #ef4030; text-decoration: underline;"><a style="color: #ef4030; text-decoration: underline;" href="mailto:paul.nosbusch@dudelange.lu" target="_blank" rel="noopener">Prendre contact</a></span></span></span></p>
<p>Ana BARBOSA​<br />
T 516121 -2351<br />
<span style="text-decoration: underline;"><span style="color: #ef4030; text-decoration: underline;"><a style="color: #ef4030; text-decoration: underline;" href="mailto:ana.barbosa@dudelange.lu" target="_blank" rel="noopener">Prendre contact</a></span></span></p>
<p>Patrick CAPITANI<br />
T 516121 -237<br />
<span style="text-decoration: underline;"><span style="color: #ef4030; text-decoration: underline;"><a style="color: #ef4030; text-decoration: underline;" href="mailto:patrick.capitani@dudelange.lu" target="_blank" rel="noopener">Prendre contact</a></span></span></p>
<p><span id="DeltaPlaceHolderMain">Carina DUARTE<br />
T 516121 -262<br />
<span style="text-decoration: underline;"><span style="color: #ef4030; text-decoration: underline;"><a style="color: #ef4030; text-decoration: underline;" href="mailto:carina.duarte@dudelange.lu" target="_blank" rel="noopener">Prendre contact</a></span></span></span></p>
<p>Maite KOOB<br />
T 516121 -2352<br />
<span style="text-decoration: underline;"><span style="color: #ef4030; text-decoration: underline;"><a style="color: #ef4030; text-decoration: underline;" href="mailto:maite.koob@dudelange.lu" target="_blank" rel="noopener">Prendre contact</a></span></span></p>
<p>Victor MATIAS ​CRUZ<br />
T 516121 -233<br />
<span style="text-decoration: underline;"><span style="color: #ef4030; text-decoration: underline;"><a style="color: #ef4030; text-decoration: underline;" href="mailto:victor.matias-cruz@dudelange.lu" target="_blank" rel="noopener">Prendre contact</a></span></span></p>
</div>

<p>Hôtel de Ville, 2ème étage, bureau 222  Missions: Gestion des [&hellip;]</p>
