{"id":3887,"date":"2021-09-22T13:41:21","date_gmt":"2021-09-22T11:41:21","guid":{"rendered":"https:\/\/dudelange.devoteamlab.lu\/?page_id=3887"},"modified":"2025-06-30T10:44:40","modified_gmt":"2025-06-30T08:44:40","slug":"3887-2","status":"publish","type":"page","link":"https:\/\/www.dudelange.lu\/index.php\/3887-2\/","title":{"rendered":"Aide et soutien"},"content":{"rendered":"<ul>\n<li><strong>Repas sur roues<\/strong><\/li>\n<\/ul>\n<p>La Ville de Dudelange dispose d&rsquo;un service \u00ab Repas sur roues \u00bb qui vous apporte, du lundi au samedi \u00e0 midi, un repas chaud \u00e0 domicile. Un repas suppl\u00e9mentaire \u00e0 r\u00e9chauffer vous sera livr\u00e9 le samedi pour le dimanche. Sur demande un repas diab\u00e9tique ou sans sel vous sera livr\u00e9 sur base d&rsquo;une ordonnance m\u00e9dicale. Les personnes qui souhaitent faire appel au service \u00ab Repas sur roues \u00bb sont pri\u00e9es de s&rsquo;adresser pour la demande d&rsquo;inscription \u00e0 l&rsquo;Office des citoyens.<\/p>\n<p>Plus d&rsquo;infos: <span style=\"text-decoration: underline; color: #ef4030;\"><span style=\"text-decoration: underline;\"><a style=\"color: #ef4030; text-decoration: underline;\" href=\"https:\/\/www.dudelange.lu\/index.php\/services-communaux\/office-des-citoyens-biergeramt\/\" target=\"_blank\" rel=\"noopener\">Office des<\/a><\/span><a style=\"color: #ef4030;\" href=\"https:\/\/www.dudelange.lu\/index.php\/services-communaux\/office-des-citoyens-biergeramt\/\" target=\"_blank\" rel=\"noopener\"><span style=\"text-decoration: underline;\"> citoyens<\/span><\/a><\/span><br \/>\nPour toute d\u00e9commande d&rsquo;un repas (pour un ou plusieurs jours): Servior, T 26 55 00 54.<\/p>\n<p><strong>Download<\/strong>: <span style=\"text-decoration: underline;\"><span style=\"color: #ef4030; text-decoration: underline;\"><a style=\"color: #ef4030; text-decoration: underline;\" href=\"https:\/\/sadudelangedata.blob.core.windows.net\/files\/2025\/06\/Commune-Repas-sur-roues-Fiche-dinscription-nouveau-client-VF-05-2025.pdf\" target=\"_blank\" rel=\"noopener\">Fiche d&rsquo;inscription pour nouvelle\u00b7au client\u00b7e<\/a><\/span><\/span><\/p>\n<p><strong>Flyer d&rsquo;information<\/strong>: <span style=\"text-decoration: underline;\"><span style=\"color: #ef4030; text-decoration: underline;\"><a style=\"color: #ef4030; text-decoration: underline;\" href=\"https:\/\/sadudelangedata.blob.core.windows.net\/files\/2025\/06\/https___www.servior.lu_wp-content_uploads_2025_03_Servior-Repas-sur-roue-VF-FR-2.pdf\" target=\"_blank\" rel=\"noopener\">en fran\u00e7ais<\/a><\/span><\/span>\u00a0\/ <span style=\"text-decoration: underline;\"><span style=\"color: #ef4030; text-decoration: underline;\"><a style=\"color: #ef4030; text-decoration: underline;\" href=\"https:\/\/sadudelangedata.blob.core.windows.net\/files\/2025\/06\/https___www.servior.lu_wp-content_uploads_2025_03_Servior-Repas-sur-roues-VF-DE.pdf\" target=\"_blank\" rel=\"noopener\">auf Deutsch<\/a><\/span><\/span><\/p>\n<p>&nbsp;<\/p>\n<ul>\n<li><strong>Senior Plus<\/strong><\/li>\n<\/ul>\n<p>Le service \u00ab Senior Plus \u00bb est offert par la Ville de Dudelange en collaboration avec la St\u00ebftung H\u00ebllef Doheem.\u00a0L&rsquo;objectif de ce service est d&rsquo;assurer une plus grande qualit\u00e9 de vie aux habitants 60+, de renforcer leur autonomie et de pr\u00e9venir un \u00e9ventuel sentiment de solitude. \u00ab Senior Plus \u00bb dispense des conseils et une aide professionnelle aux personnes \u00e2g\u00e9es confront\u00e9es \u00e0 des probl\u00e8mes sociaux, de sant\u00e9, de d\u00e9pendance, de mobilit\u00e9, de solitude ou \u00e0 des difficult\u00e9s personnelles.<\/p>\n<p>[PDF] <span style=\"text-decoration: underline;\"><span style=\"color: #ef4030;\"><a style=\"color: #ef4030; text-decoration: underline;\" href=\"https:\/\/sadudelangedata.blob.core.windows.net\/files\/2021\/09\/614b154b7df17-614b154b7df18Senior-Plus.pdf.pdf\" target=\"_blank\" rel=\"noopener\">Senior Plus<\/a><\/span><\/span><\/p>\n<p>H\u00ebllef Doheem<br \/>\n62 rue Pasteur, L-3543 Dudelange<br \/>\nT 40 20 80 -2400 \/ <span style=\"text-decoration: underline;\"><span style=\"color: #ef4030; text-decoration: underline;\"><a style=\"color: #ef4030; text-decoration: underline;\" href=\"mailto:dudelange@shd.lu\" target=\"_blank\" rel=\"noopener\">dudelange@shd.lu<\/a><br \/>\n<\/span><\/span><span style=\"text-decoration: underline;\"><span style=\"color: #ef4030; text-decoration: underline;\"><a style=\"color: #ef4030; text-decoration: underline;\" href=\"http:\/\/www.shd.lu\" target=\"_blank\" rel=\"noopener\">www.shd.lu<\/a><\/span><\/span><\/p>\n<p>&nbsp;<\/p>\n<ul>\n<li><strong>Service t\u00e9l\u00e9alarme<\/strong><\/li>\n<\/ul>\n<p>Vous vous sentez pr\u00e9occup\u00e9(e) par l\u2019\u00e2ge ou une maladie? Votre famille et vos amis ne peuvent pas \u00eatre avec vous en permanence? \u00cates-vous souvent seul(e) chez vous? La Ville de Dudelange propose le service t\u00e9l\u00e9alarme qui vient en aide aux personnes \u00e2g\u00e9es ou malades en cas de besoin.<\/p>\n<p>Ce service t\u00e9l\u00e9alarme vous offre une s\u00e9curit\u00e9 24h\/24 gr\u00e2ce \u00e0:<\/p>\n<ul>\n<li>un simple appareil qui est raccord\u00e9 \u00e0 votre poste de t\u00e9l\u00e9phone<\/li>\n<li>un \u00e9metteur d\u2019alarme sous forme de bracelet ou de collier<\/li>\n<li>une \u00e9quipe qui est toujours \u00e0 votre disposition<\/li>\n<\/ul>\n<p>S\u00e9cher Doheem<br \/>\n26 rue JF Kennedy, L-7327 Steinsel<br \/>\nT 26 32 66 \/ <span style=\"text-decoration: underline;\"><span style=\"color: #ef4030; text-decoration: underline;\"><a style=\"color: #ef4030; text-decoration: underline;\" href=\"mailto:secherdoheem@shd.lu\" target=\"_blank\" rel=\"noopener\">secherdoheem@shd.lu<\/a><br \/>\n<\/span><\/span><span style=\"text-decoration: underline;\"><span style=\"color: #ef4030; text-decoration: underline;\"><a style=\"color: #ef4030; text-decoration: underline;\" href=\"http:\/\/www.secherdoheem.lu\" target=\"_blank\" rel=\"noopener\">www.secherdoheem.lu<\/a><\/span><\/span><\/p>\n<p>Help 24<br \/>\n11 Place Dargent, L-1413 Luxembourg<br \/>\nT 26 70 26 \/ <span style=\"text-decoration: underline;\"><span style=\"color: #ef4030; text-decoration: underline;\"><a style=\"color: #ef4030; text-decoration: underline;\" href=\"mailto:info@help.lu\" target=\"_blank\" rel=\"noopener\">info@help.lu<\/a><br \/>\n<\/span><\/span><span style=\"text-decoration: underline;\"><span style=\"color: #ef4030; text-decoration: underline;\"><a style=\"color: #ef4030; text-decoration: underline;\" href=\"http:\/\/www.he\u200blp.lu\u200b\u200b\" target=\"_blank\" rel=\"noopener\">www.he\u200blp.lu\u200b\u200b<\/a><\/span><\/span><\/p>\n<p>&nbsp;<\/p>\n<ul>\n<li><strong>Structures d&rsquo;aide et de soutien<\/strong><\/li>\n<\/ul>\n<p>Il existe plusieurs structures d&rsquo;aide et de soutien aux personnes \u00e2g\u00e9es. Elles permettent aux personnes d\u00e9pendantes de rester chez elles le plus longtemps possible et de garder un maximum d&rsquo;autonomie au quotidien.<\/p>\n<p>H\u00ebllef doheem<br \/>\n62 rue Pasteur, L-3543 Dudelange<br \/>\nT 40 20 80 -2400 \/ <span style=\"text-decoration: underline;\"><span style=\"color: #ef4030; text-decoration: underline;\"><a style=\"color: #ef4030; text-decoration: underline;\" href=\"mailto:dudelange@shd.lu\">dudelange@shd.lu<\/a><\/span><\/span> \/\u00a0<span style=\"text-decoration: underline;\"><span style=\"color: #ef4030;\"><a style=\"color: #ef4030; text-decoration: underline;\" href=\"http:\/\/www.shd.lu\" target=\"_blank\" rel=\"noopener\">www.shd.lu<\/a><\/span><\/span><\/p>\n<p>Help<br \/>\n11 place Dargent, L- 1413 Luxembourg<br \/>\nT 26 70 26 \/ <span style=\"text-decoration: underline;\"><span style=\"color: #ef4030; text-decoration: underline;\">info@help.lu<\/span><\/span> \/\u00a0<span style=\"text-decoration: underline;\"><span style=\"color: #ef4030;\"><a style=\"color: #ef4030; text-decoration: underline;\" href=\"http:\/\/www.help.lu\" target=\"_blank\" rel=\"noopener\">www.help.lu<\/a><\/span><\/span><\/p>\n<p>Camille<br \/>\n19 rue L\u00e9on Laval, L-3372 Leudelange<br \/>\nT 26 54 48 \/ <a href=\"mailto:info@camille.lu\"><span style=\"text-decoration: underline;\"><span style=\"color: #ef4030; text-decoration: underline;\">info@camille.lu<\/span><\/span><\/a> \/ <a href=\"http:\/\/www.camille.lu\" target=\"_blank\" rel=\"noopener\"><span style=\"text-decoration: underline;\"><span style=\"color: #ef4030; text-decoration: underline;\">www.camille.lu<\/span><\/span><\/a><\/p>\n<p>Paramedicus<br \/>\n4 rue John Lennon, L-4371 Belvaux<br \/>\nT 55 55 92 \/ <a href=\"mailto:info@paramedicus.lu\"><span style=\"text-decoration: underline;\"><span style=\"color: #ef4030; text-decoration: underline;\">info@paramedicus.lu<\/span><\/span><\/a> \/ <span style=\"text-decoration: underline; color: #ef4030;\"><a style=\"color: #ef4030; text-decoration: underline;\" href=\"https:\/\/www.paramedicus.lu\/\" target=\"_blank\" rel=\"noopener\">www.paramedicus.lu<\/a><\/span><\/p>\n<p>Verbandsk\u00ebscht<br \/>\n2 rue de Roeser, L-5865 Alzingen<br \/>\nT 26 36 26 02 \/ <span style=\"text-decoration: underline;\"><span style=\"color: #ef4030; text-decoration: underline;\"><a style=\"color: #ef4030; text-decoration: underline;\" href=\"mailto:info@vbk.lu\">info@vbk.lu<\/a><\/span><\/span> \/\u00a0<span style=\"text-decoration: underline;\"><span style=\"color: #ef4030; text-decoration: underline;\"><a style=\"color: #ef4030; text-decoration: underline;\" href=\"http:\/\/www.vbk.lu\" target=\"_blank\" rel=\"noopener\">www.vbk.lu<\/a><\/span><\/span><\/p>\n","protected":false},"excerpt":{"rendered":"<p>Repas sur roues La Ville de Dudelange dispose d&rsquo;un service [&hellip;]<\/p>\n","protected":false},"author":10,"featured_media":3981,"parent":0,"menu_order":0,"comment_status":"closed","ping_status":"closed","template":"","meta":{"footnotes":""},"class_list":["post-3887","page","type-page","status-publish","has-post-thumbnail","hentry"],"publishpress_future_action":{"enabled":false,"date":"2026-05-08 11:23:56","action":"change-status","newStatus":"draft","terms":[],"taxonomy":"","extraData":[]},"publishpress_future_workflow_manual_trigger":{"enabledWorkflows":[]},"_links":{"self":[{"href":"https:\/\/www.dudelange.lu\/index.php\/wp-json\/wp\/v2\/pages\/3887","targetHints":{"allow":["GET"]}}],"collection":[{"href":"https:\/\/www.dudelange.lu\/index.php\/wp-json\/wp\/v2\/pages"}],"about":[{"href":"https:\/\/www.dudelange.lu\/index.php\/wp-json\/wp\/v2\/types\/page"}],"author":[{"embeddable":true,"href":"https:\/\/www.dudelange.lu\/index.php\/wp-json\/wp\/v2\/users\/10"}],"replies":[{"embeddable":true,"href":"https:\/\/www.dudelange.lu\/index.php\/wp-json\/wp\/v2\/comments?post=3887"}],"version-history":[{"count":26,"href":"https:\/\/www.dudelange.lu\/index.php\/wp-json\/wp\/v2\/pages\/3887\/revisions"}],"predecessor-version":[{"id":27954,"href":"https:\/\/www.dudelange.lu\/index.php\/wp-json\/wp\/v2\/pages\/3887\/revisions\/27954"}],"wp:featuredmedia":[{"embeddable":true,"href":"https:\/\/www.dudelange.lu\/index.php\/wp-json\/wp\/v2\/media\/3981"}],"wp:attachment":[{"href":"https:\/\/www.dudelange.lu\/index.php\/wp-json\/wp\/v2\/media?parent=3887"}],"curies":[{"name":"wp","href":"https:\/\/api.w.org\/{rel}","templated":true}]}}