{"id":3969,"date":"2021-09-23T08:27:25","date_gmt":"2021-09-23T06:27:25","guid":{"rendered":"https:\/\/dudelange.devoteamlab.lu\/?page_id=3969"},"modified":"2025-03-07T12:09:19","modified_gmt":"2025-03-07T11:09:19","slug":"musee-des-enroles-de-force","status":"publish","type":"page","link":"https:\/\/www.dudelange.lu\/index.php\/musee-des-enroles-de-force\/","title":{"rendered":"Mus\u00e9e r\u00e9gional des enr\u00f4l\u00e9s de force"},"content":{"rendered":"<p>L&rsquo;exposition de 1940 \u00e0 aujourd\u2019hui comporte une documentation historique compos\u00e9e de photos, de lettres, de documents, de mat\u00e9riel de propagande et de mat\u00e9riel de guerre.<\/p>\n<p>Ouvert mercredi et vendredi de 14h \u00e0 17h. Entr\u00e9e gratuite.<\/p>\n<ul>\n<li><span style=\"text-decoration: underline;\"><span style=\"color: #ef4030; text-decoration: underline;\"><a style=\"color: #ef4030; text-decoration: underline;\" href=\"https:\/\/sadudelangedata.blob.core.windows.net\/files\/2022\/10\/PDF-Expo-Musee-Enroles-de-Force-FR-.pdf\">Mus\u00e9e r\u00e9gional des enr\u00f4l\u00e9s de force &#8211; explications<\/a> panneaux<\/span><\/span>\u00a0(PDF, 2,25 MB)<\/li>\n<li><span style=\"text-decoration: underline;\"><span style=\"color: #ef4030; text-decoration: underline;\"><a style=\"color: #ef4030; text-decoration: underline;\" href=\"https:\/\/sadudelangedata.blob.core.windows.net\/files\/2022\/10\/PDF-Expo-Musee-Enroles-de-Force-DE-.pdf\">Regionalmuseum der Zwangsrekrutierten &#8211; Erl\u00e4uterungen zur Ausstellung<\/a> <\/span><\/span>(PDF, 2,25 MB)<\/li>\n<\/ul>\n<p><strong><br \/>\nMus\u00e9e r\u00e9gional des enr\u00f4l\u00e9s de force<\/strong><strong><br \/>\n<\/strong>25 rue Dominque Lang, L-3505 Dudelange<br \/>\nT 516121 -1<\/p>\n","protected":false},"excerpt":{"rendered":"<p>L&rsquo;exposition de 1940 \u00e0 aujourd\u2019hui comporte une documentation historique compos\u00e9e [&hellip;]<\/p>\n","protected":false},"author":10,"featured_media":18633,"parent":0,"menu_order":0,"comment_status":"closed","ping_status":"closed","template":"","meta":{"footnotes":""},"class_list":["post-3969","page","type-page","status-publish","has-post-thumbnail","hentry"],"publishpress_future_action":{"enabled":false,"date":"2026-05-06 04:53:22","action":"change-status","newStatus":"draft","terms":[],"taxonomy":"","extraData":[]},"publishpress_future_workflow_manual_trigger":{"enabledWorkflows":[]},"_links":{"self":[{"href":"https:\/\/www.dudelange.lu\/index.php\/wp-json\/wp\/v2\/pages\/3969","targetHints":{"allow":["GET"]}}],"collection":[{"href":"https:\/\/www.dudelange.lu\/index.php\/wp-json\/wp\/v2\/pages"}],"about":[{"href":"https:\/\/www.dudelange.lu\/index.php\/wp-json\/wp\/v2\/types\/page"}],"author":[{"embeddable":true,"href":"https:\/\/www.dudelange.lu\/index.php\/wp-json\/wp\/v2\/users\/10"}],"replies":[{"embeddable":true,"href":"https:\/\/www.dudelange.lu\/index.php\/wp-json\/wp\/v2\/comments?post=3969"}],"version-history":[{"count":11,"href":"https:\/\/www.dudelange.lu\/index.php\/wp-json\/wp\/v2\/pages\/3969\/revisions"}],"predecessor-version":[{"id":26952,"href":"https:\/\/www.dudelange.lu\/index.php\/wp-json\/wp\/v2\/pages\/3969\/revisions\/26952"}],"wp:featuredmedia":[{"embeddable":true,"href":"https:\/\/www.dudelange.lu\/index.php\/wp-json\/wp\/v2\/media\/18633"}],"wp:attachment":[{"href":"https:\/\/www.dudelange.lu\/index.php\/wp-json\/wp\/v2\/media?parent=3969"}],"curies":[{"name":"wp","href":"https:\/\/api.w.org\/{rel}","templated":true}]}}

Musée régional des enrôlés de force

<p>L&rsquo;exposition de 1940 à aujourd’hui comporte une documentation historique composée de photos, de lettres, de documents, de matériel de propagande et de matériel de guerre.</p>
<p>Ouvert mercredi et vendredi de 14h à 17h. Entrée gratuite.</p>
<ul>
<li><span style="text-decoration: underline;"><span style="color: #ef4030; text-decoration: underline;"><a style="color: #ef4030; text-decoration: underline;" href="https://sadudelangedata.blob.core.windows.net/files/2022/10/PDF-Expo-Musee-Enroles-de-Force-FR-.pdf">Musée régional des enrôlés de force &#8211; explications</a> panneaux</span></span> (PDF, 2,25 MB)</li>
<li><span style="text-decoration: underline;"><span style="color: #ef4030; text-decoration: underline;"><a style="color: #ef4030; text-decoration: underline;" href="https://sadudelangedata.blob.core.windows.net/files/2022/10/PDF-Expo-Musee-Enroles-de-Force-DE-.pdf">Regionalmuseum der Zwangsrekrutierten &#8211; Erläuterungen zur Ausstellung</a> </span></span>(PDF, 2,25 MB)</li>
</ul>
<p><strong><br />
Musée régional des enrôlés de force</strong><strong><br />
</strong>25 rue Dominque Lang, L-3505 Dudelange<br />
T 516121 -1</p>

<p>L&rsquo;exposition de 1940 à aujourd’hui comporte une documentation historique composée [&hellip;]</p>
