{"id":3974,"date":"2021-09-23T08:31:53","date_gmt":"2021-09-23T06:31:53","guid":{"rendered":"https:\/\/dudelange.devoteamlab.lu\/?page_id=3974"},"modified":"2024-12-17T14:04:12","modified_gmt":"2024-12-17T13:04:12","slug":"musee-municipal","status":"publish","type":"page","link":"https:\/\/www.dudelange.lu\/index.php\/musee-municipal\/","title":{"rendered":"Mus\u00e9e municipal"},"content":{"rendered":"<p>Le mus\u00e9e abrite une collection d&rsquo;objets historiques pr\u00e9cieux qui provient en partie des fouilles arch\u00e9ologiques effectu\u00e9es sur le <span style=\"text-decoration: underline;\"><span style=\"color: #ef4030; text-decoration: underline;\"><a style=\"color: #ef4030; text-decoration: underline;\" href=\"https:\/\/www.dudelange.lu\/index.php\/mont-st-jean\/\" target=\"_blank\" rel=\"noopener\">Mont St-Jean<\/a><\/span><\/span>, \u00e0 proximit\u00e9 des vestiges restaur\u00e9s de l&rsquo;ancien ch\u00e2teau (poterie, monnaies, armes \u00e0 feu, fibules militaires, pierres, &#8230;).<\/p>\n<p>Entr\u00e9e gratuite. Visite du mus\u00e9e et visite guid\u00e9e sur demande : T 26 52 26 20 (8h-12h \/ 13h-17h).<\/p>\n<p><strong>Mus\u00e9e municipal<br \/>\n<\/strong>5 rue du Commerce, L- 3450 Dudelange<\/p>\n","protected":false},"excerpt":{"rendered":"<p>Le mus\u00e9e abrite une collection d&rsquo;objets historiques pr\u00e9cieux qui provient [&hellip;]<\/p>\n","protected":false},"author":10,"featured_media":3978,"parent":0,"menu_order":0,"comment_status":"closed","ping_status":"closed","template":"","meta":{"footnotes":""},"class_list":["post-3974","page","type-page","status-publish","has-post-thumbnail","hentry"],"publishpress_future_action":{"enabled":false,"date":"2026-05-18 13:50:50","action":"change-status","newStatus":"draft","terms":[],"taxonomy":"","extraData":[]},"publishpress_future_workflow_manual_trigger":{"enabledWorkflows":[]},"_links":{"self":[{"href":"https:\/\/www.dudelange.lu\/index.php\/wp-json\/wp\/v2\/pages\/3974","targetHints":{"allow":["GET"]}}],"collection":[{"href":"https:\/\/www.dudelange.lu\/index.php\/wp-json\/wp\/v2\/pages"}],"about":[{"href":"https:\/\/www.dudelange.lu\/index.php\/wp-json\/wp\/v2\/types\/page"}],"author":[{"embeddable":true,"href":"https:\/\/www.dudelange.lu\/index.php\/wp-json\/wp\/v2\/users\/10"}],"replies":[{"embeddable":true,"href":"https:\/\/www.dudelange.lu\/index.php\/wp-json\/wp\/v2\/comments?post=3974"}],"version-history":[{"count":13,"href":"https:\/\/www.dudelange.lu\/index.php\/wp-json\/wp\/v2\/pages\/3974\/revisions"}],"predecessor-version":[{"id":26286,"href":"https:\/\/www.dudelange.lu\/index.php\/wp-json\/wp\/v2\/pages\/3974\/revisions\/26286"}],"wp:featuredmedia":[{"embeddable":true,"href":"https:\/\/www.dudelange.lu\/index.php\/wp-json\/wp\/v2\/media\/3978"}],"wp:attachment":[{"href":"https:\/\/www.dudelange.lu\/index.php\/wp-json\/wp\/v2\/media?parent=3974"}],"curies":[{"name":"wp","href":"https:\/\/api.w.org\/{rel}","templated":true}]}}