{"id":4001,"date":"2021-09-23T09:13:25","date_gmt":"2021-09-23T07:13:25","guid":{"rendered":"https:\/\/dudelange.devoteamlab.lu\/?page_id=4001"},"modified":"2021-09-30T16:22:59","modified_gmt":"2021-09-30T14:22:59","slug":"marche","status":"publish","type":"page","link":"https:\/\/www.dudelange.lu\/index.php\/marche\/","title":{"rendered":"March\u00e9"},"content":{"rendered":"<p>Le <strong>march\u00e9 hebdomadaire<\/strong> vous offre produits frais et fleurs tous les jeudis matin sur la place de l&rsquo;H\u00f4tel de Ville. Tous les premiers jeudis du mois, le <strong>ma\u200brch\u00e9 mensuel<\/strong> vous offre en plus textile, maroquinerie et articles m\u00e9nagers sur la place Fohrmann. Les march\u00e9s se d\u00e9roulent de 8h \u00e0 12h30.<\/p>\n<p>L\u00ebtzebuerger Maarteverband<br \/>\n<span style=\"text-decoration: underline;\"><span style=\"color: #ef4030; text-decoration: underline;\"><a style=\"color: #ef4030; text-decoration: underline;\" href=\"http:\/\/www.maart.lu\u200b\u200b\" target=\"_blank\" rel=\"noopener\">www.maart.lu\u200b\u200b<\/a><br \/>\n<\/span><\/span><span style=\"text-decoration: underline;\"><span style=\"color: #ef4030; text-decoration: underline;\"><a style=\"color: #ef4030; text-decoration: underline;\" href=\"https:\/\/www.facebook.com\/LetzebuergerMaarteverband\" target=\"_blank\" rel=\"noopener\">Facebook<\/a><\/span><\/span><\/p>\n","protected":false},"excerpt":{"rendered":"<p>Le march\u00e9 hebdomadaire vous offre produits frais et fleurs tous [&hellip;]<\/p>\n","protected":false},"author":10,"featured_media":4005,"parent":0,"menu_order":0,"comment_status":"closed","ping_status":"closed","template":"","meta":{"footnotes":""},"class_list":["post-4001","page","type-page","status-publish","has-post-thumbnail","hentry"],"publishpress_future_action":{"enabled":false,"date":"2026-05-09 06:02:24","action":"change-status","newStatus":"draft","terms":[],"taxonomy":"","extraData":[]},"publishpress_future_workflow_manual_trigger":{"enabledWorkflows":[]},"_links":{"self":[{"href":"https:\/\/www.dudelange.lu\/index.php\/wp-json\/wp\/v2\/pages\/4001","targetHints":{"allow":["GET"]}}],"collection":[{"href":"https:\/\/www.dudelange.lu\/index.php\/wp-json\/wp\/v2\/pages"}],"about":[{"href":"https:\/\/www.dudelange.lu\/index.php\/wp-json\/wp\/v2\/types\/page"}],"author":[{"embeddable":true,"href":"https:\/\/www.dudelange.lu\/index.php\/wp-json\/wp\/v2\/users\/10"}],"replies":[{"embeddable":true,"href":"https:\/\/www.dudelange.lu\/index.php\/wp-json\/wp\/v2\/comments?post=4001"}],"version-history":[{"count":6,"href":"https:\/\/www.dudelange.lu\/index.php\/wp-json\/wp\/v2\/pages\/4001\/revisions"}],"predecessor-version":[{"id":5344,"href":"https:\/\/www.dudelange.lu\/index.php\/wp-json\/wp\/v2\/pages\/4001\/revisions\/5344"}],"wp:featuredmedia":[{"embeddable":true,"href":"https:\/\/www.dudelange.lu\/index.php\/wp-json\/wp\/v2\/media\/4005"}],"wp:attachment":[{"href":"https:\/\/www.dudelange.lu\/index.php\/wp-json\/wp\/v2\/media?parent=4001"}],"curies":[{"name":"wp","href":"https:\/\/api.w.org\/{rel}","templated":true}]}}

Marché

<p>Le <strong>marché hebdomadaire</strong> vous offre produits frais et fleurs tous les jeudis matin sur la place de l&rsquo;Hôtel de Ville. Tous les premiers jeudis du mois, le <strong>ma​rché mensuel</strong> vous offre en plus textile, maroquinerie et articles ménagers sur la place Fohrmann. Les marchés se déroulent de 8h à 12h30.</p>
<p>Lëtzebuerger Maarteverband<br />
<span style="text-decoration: underline;"><span style="color: #ef4030; text-decoration: underline;"><a style="color: #ef4030; text-decoration: underline;" href="http://www.maart.lu​​" target="_blank" rel="noopener">www.maart.lu​​</a><br />
</span></span><span style="text-decoration: underline;"><span style="color: #ef4030; text-decoration: underline;"><a style="color: #ef4030; text-decoration: underline;" href="https://www.facebook.com/LetzebuergerMaarteverband" target="_blank" rel="noopener">Facebook</a></span></span></p>

<p>Le marché hebdomadaire vous offre produits frais et fleurs tous [&hellip;]</p>
