{"id":4017,"date":"2021-09-23T09:37:06","date_gmt":"2021-09-23T07:37:06","guid":{"rendered":"https:\/\/dudelange.devoteamlab.lu\/?page_id=4017"},"modified":"2026-01-19T11:00:13","modified_gmt":"2026-01-19T10:00:13","slug":"logement","status":"publish","type":"page","link":"https:\/\/www.dudelange.lu\/index.php\/services-communaux\/logement\/","title":{"rendered":"Logement"},"content":{"rendered":"<p>\u200b\u200bMissions:<\/p>\n<ul>\n<li>Accueil des demandeurs de logement abordable<\/li>\n<li>Information et guidance pour demandeurs-locataires, candidats-locataires et locataires<\/li>\n<li>Guidance au sujet des questions sur le logement pour les citoyens de Dudelange<\/li>\n<li>Gestion administrative et technique des logements abordables et sociaux<\/li>\n<li>Gestion des logements d&rsquo;urgence<\/li>\n<li>Suivi des expulsions<\/li>\n<li>Visite de logements locatifs<\/li>\n<\/ul>\n<p>&nbsp;<\/p>\n<p>Tamara COZZI<br \/>\nCheffe de service &#8211; Assistante sociale<br \/>\nT 516121 \u2013 6620<br \/>\n<span style=\"color: #ef4030;\"><u><a style=\"color: #ef4030;\" href=\"mailto:tamara.cozzi@dudelange.lu\" target=\"_blank\" rel=\"noopener\">Prendre contact<\/a><\/u><\/span><\/p>\n<p>Sarah PETRE<br \/>\nVisites des logements locatifs et d\u00e9guerpissements<br \/>\nT 516121 \u2013 308<br \/>\nM 691 12 20 80<br \/>\n<span style=\"color: #ef4030;\"><a style=\"color: #ef4030;\" href=\"mailto:sarah.petre@dudelange.lu\" target=\"_blank\" rel=\"noopener\">Prendre contact<\/a><\/span><\/p>\n<p>Joao RAMALHOSO<br \/>\ntechnicien en logement<br \/>\nT 516121 \u2013 9491<br \/>\n<span style=\"color: #ef4030;\"><u><a style=\"color: #ef4030;\" href=\"mailto:joao.ramalhoso@dudelange.lu\" target=\"_blank\" rel=\"noopener\">Prendre contact<\/a><\/u><\/span><\/p>\n<p><span id=\"DeltaPlaceHolderMain\">Sandy THEIS<br \/>\nAssistante sociale<br \/>\n<span lang=\"LB-LU\">T <\/span><span lang=\"LB-LU\">516121 -729<br \/>\n<span style=\"text-decoration: underline;\"><span style=\"color: #ef4030; text-decoration: underline;\"><a style=\"color: #ef4030; text-decoration: underline;\" href=\"mailto:sandy.theis@dudelange.lu\" target=\"_blank\" rel=\"noopener\">Prendre contact<\/a><\/span><\/span><\/span><\/span><\/p>\n<p>&nbsp;<\/p>\n<p><strong>Documents \u00e0 t\u00e9l\u00e9charger:<\/strong><\/p>\n<ul>\n<li>[PDF]\u00a0<span style=\"text-decoration: underline;\"><span style=\"color: #ef4030; text-decoration: underline;\"><a style=\"color: #ef4030; text-decoration: underline;\" title=\" Social\" href=\"https:\/\/sadudelangedata.blob.core.windows.net\/files\/2022\/01\/Demande-service-logement-003.pdf\" target=\"_blank\" rel=\"noopener\">Formulaire dema<\/a><a style=\"color: #ef4030; text-decoration: underline;\" title=\" Social\" href=\"https:\/\/sadudelangedata.blob.core.windows.net\/files\/2022\/01\/Demande-service-logement-003.pdf\" target=\"_blank\" rel=\"noopener\">nde de logement<\/a><a style=\"color: #ef4030; text-decoration: underline;\" title=\" Social\" href=\"https:\/\/sadudelangedata.blob.core.windows.net\/files\/2022\/01\/Demande-service-logement-003.pdf\" target=\"_blank\" rel=\"noopener\"> social<\/a><\/span><\/span><\/li>\n<li>[PDF] <span style=\"text-decoration: underline;\"><span style=\"color: #ef4030; text-decoration: underline;\"><a style=\"color: #ef4030; text-decoration: underline;\" href=\"https:\/\/sadudelangedata.blob.core.windows.net\/files\/2026\/01\/formulaire-demande-aide-au-logement-696e002105f6f.pdf\">Formulaire demande en obtention d\u2019aides au logement<\/a><\/span><\/span>\n<ul>\n<li>[PDF] <span style=\"text-decoration: underline;\"><span style=\"color: #ef4030;\"><a style=\"color: #ef4030; text-decoration: underline;\" href=\"https:\/\/sadudelangedata.blob.core.windows.net\/files\/2026\/01\/Primes-logement.pdf\">R\u00e8glement concernant l\u2019aide au logement accord\u00e9e par la Ville de Dudelange<\/a><\/span><\/span><\/li>\n<\/ul>\n<\/li>\n<\/ul>\n<ul>\n<li><span style=\"text-decoration: underline;\"><span style=\"color: #ef4030;\"><a style=\"color: #ef4030; text-decoration: underline;\" title=\"Wunnen Zu Diddeleng \/ Habiter \u00e0 Dudelange\" href=\"https:\/\/wunnenzudiddeleng.lu\/fr\/\" target=\"_blank\" rel=\"noopener\">Wunnen zu Diddeleng \/ Habiter \u00e0 Dudelange<\/a><\/span><\/span><\/li>\n<\/ul>\n","protected":false},"excerpt":{"rendered":"<p>\u200b\u200bMissions: Accueil des demandeurs de logement abordable Information et guidance [&hellip;]<\/p>\n","protected":false},"author":9,"featured_media":0,"parent":2203,"menu_order":0,"comment_status":"closed","ping_status":"closed","template":"","meta":{"footnotes":""},"class_list":["post-4017","page","type-page","status-publish","hentry"],"publishpress_future_action":{"enabled":false,"date":"2026-05-07 12:31:04","action":"change-status","newStatus":"draft","terms":[],"taxonomy":"","extraData":[]},"publishpress_future_workflow_manual_trigger":{"enabledWorkflows":[]},"_links":{"self":[{"href":"https:\/\/www.dudelange.lu\/index.php\/wp-json\/wp\/v2\/pages\/4017","targetHints":{"allow":["GET"]}}],"collection":[{"href":"https:\/\/www.dudelange.lu\/index.php\/wp-json\/wp\/v2\/pages"}],"about":[{"href":"https:\/\/www.dudelange.lu\/index.php\/wp-json\/wp\/v2\/types\/page"}],"author":[{"embeddable":true,"href":"https:\/\/www.dudelange.lu\/index.php\/wp-json\/wp\/v2\/users\/9"}],"replies":[{"embeddable":true,"href":"https:\/\/www.dudelange.lu\/index.php\/wp-json\/wp\/v2\/comments?post=4017"}],"version-history":[{"count":21,"href":"https:\/\/www.dudelange.lu\/index.php\/wp-json\/wp\/v2\/pages\/4017\/revisions"}],"predecessor-version":[{"id":29849,"href":"https:\/\/www.dudelange.lu\/index.php\/wp-json\/wp\/v2\/pages\/4017\/revisions\/29849"}],"up":[{"embeddable":true,"href":"https:\/\/www.dudelange.lu\/index.php\/wp-json\/wp\/v2\/pages\/2203"}],"wp:attachment":[{"href":"https:\/\/www.dudelange.lu\/index.php\/wp-json\/wp\/v2\/media?parent=4017"}],"curies":[{"name":"wp","href":"https:\/\/api.w.org\/{rel}","templated":true}]}}

<p>​​Missions:</p>
<ul>
<li>Accueil des demandeurs de logement abordable</li>
<li>Information et guidance pour demandeurs-locataires, candidats-locataires et locataires</li>
<li>Guidance au sujet des questions sur le logement pour les citoyens de Dudelange</li>
<li>Gestion administrative et technique des logements abordables et sociaux</li>
<li>Gestion des logements d&rsquo;urgence</li>
<li>Suivi des expulsions</li>
<li>Visite de logements locatifs</li>
</ul>
<p>&nbsp;</p>
<p>Tamara COZZI<br />
Cheffe de service &#8211; Assistante sociale<br />
T 516121 – 6620<br />
<span style="color: #ef4030;"><u><a style="color: #ef4030;" href="mailto:tamara.cozzi@dudelange.lu" target="_blank" rel="noopener">Prendre contact</a></u></span></p>
<p>Sarah PETRE<br />
Visites des logements locatifs et déguerpissements<br />
T 516121 – 308<br />
M 691 12 20 80<br />
<span style="color: #ef4030;"><a style="color: #ef4030;" href="mailto:sarah.petre@dudelange.lu" target="_blank" rel="noopener">Prendre contact</a></span></p>
<p>Joao RAMALHOSO<br />
technicien en logement<br />
T 516121 – 9491<br />
<span style="color: #ef4030;"><u><a style="color: #ef4030;" href="mailto:joao.ramalhoso@dudelange.lu" target="_blank" rel="noopener">Prendre contact</a></u></span></p>
<p><span id="DeltaPlaceHolderMain">Sandy THEIS<br />
Assistante sociale<br />
<span lang="LB-LU">T </span><span lang="LB-LU">516121 -729<br />
<span style="text-decoration: underline;"><span style="color: #ef4030; text-decoration: underline;"><a style="color: #ef4030; text-decoration: underline;" href="mailto:sandy.theis@dudelange.lu" target="_blank" rel="noopener">Prendre contact</a></span></span></span></span></p>
<p>&nbsp;</p>
<p><strong>Documents à télécharger:</strong></p>
<ul>
<li>[PDF] <span style="text-decoration: underline;"><span style="color: #ef4030; text-decoration: underline;"><a style="color: #ef4030; text-decoration: underline;" title=" Social" href="https://sadudelangedata.blob.core.windows.net/files/2022/01/Demande-service-logement-003.pdf" target="_blank" rel="noopener">Formulaire dema</a><a style="color: #ef4030; text-decoration: underline;" title=" Social" href="https://sadudelangedata.blob.core.windows.net/files/2022/01/Demande-service-logement-003.pdf" target="_blank" rel="noopener">nde de logement</a><a style="color: #ef4030; text-decoration: underline;" title=" Social" href="https://sadudelangedata.blob.core.windows.net/files/2022/01/Demande-service-logement-003.pdf" target="_blank" rel="noopener"> social</a></span></span></li>
<li>[PDF] <span style="text-decoration: underline;"><span style="color: #ef4030; text-decoration: underline;"><a style="color: #ef4030; text-decoration: underline;" href="https://sadudelangedata.blob.core.windows.net/files/2026/01/formulaire-demande-aide-au-logement-696e002105f6f.pdf">Formulaire demande en obtention d’aides au logement</a></span></span>
<ul>
<li>[PDF] <span style="text-decoration: underline;"><span style="color: #ef4030;"><a style="color: #ef4030; text-decoration: underline;" href="https://sadudelangedata.blob.core.windows.net/files/2026/01/Primes-logement.pdf">Règlement concernant l’aide au logement accordée par la Ville de Dudelange</a></span></span></li>
</ul>
</li>
</ul>
<ul>
<li><span style="text-decoration: underline;"><span style="color: #ef4030;"><a style="color: #ef4030; text-decoration: underline;" title="Wunnen Zu Diddeleng / Habiter à Dudelange" href="https://wunnenzudiddeleng.lu/fr/" target="_blank" rel="noopener">Wunnen zu Diddeleng / Habiter à Dudelange</a></span></span></li>
</ul>
