{"id":4017,"date":"2021-09-23T09:37:06","date_gmt":"2021-09-23T07:37:06","guid":{"rendered":"https:\/\/dudelange.devoteamlab.lu\/?page_id=4017"},"modified":"2026-07-29T15:41:45","modified_gmt":"2026-07-29T13:41:45","slug":"logement","status":"publish","type":"page","link":"https:\/\/www.dudelange.lu\/index.php\/services-communaux\/logement\/","title":{"rendered":"Logement"},"content":{"rendered":"<p>\u200b\u200bMissions :<\/p>\n<ul>\n<li>instruction des demandes et attribution des logements abordables conform\u00e9ment \u00e0 la loi du 7 ao\u00fbt 2023 relative au logement abordable ;<\/li>\n<li>instruction des demandes de logements pour jeunes (18 \u00e0 32 ans) ;<\/li>\n<li>gestion du parc locatif communal ;<\/li>\n<li>gestion des logements d&rsquo;urgence ;<\/li>\n<li>contr\u00f4le des logements et des chambres donn\u00e9s en location ou mis \u00e0 disposition \u00e0 des fins d\u2019habitation, conform\u00e9ment \u00e0 la loi du 20 d\u00e9cembre 2019 relative aux crit\u00e8res de salubrit\u00e9, d&rsquo;hygi\u00e8ne, de s\u00e9curit\u00e9 et d&rsquo;habitabilit\u00e9 ;<\/li>\n<li>accompagnement en cas d\u2019expulsions ;<\/li>\n<li>gestion des aides et primes au logement : accession \u00e0 la propri\u00e9t\u00e9, prime d\u2019am\u00e9lioration de l\u2019habitat, prime pour am\u00e9nagements sp\u00e9ciaux r\u00e9pondant aux besoins des personnes en situation de handicap, prime pour la cr\u00e9ation de logements int\u00e9gr\u00e9s ;<\/li>\n<li>information et conseil aux r\u00e9sident\u00b7es de Dudelange en mati\u00e8re de logement<\/li>\n<\/ul>\n<p>&nbsp;<\/p>\n<p>Tamara COZZI<br \/>\nCheffe de service &#8211; Assistante sociale<br \/>\nT 516121 \u2013 6620<br \/>\n<span style=\"color: #ef4030;\"><u><a style=\"color: #ef4030;\" href=\"mailto:tamara.cozzi@dudelange.lu\" target=\"_blank\" rel=\"noopener\">Prendre contact<\/a><\/u><\/span><\/p>\n<p>Joao RAMALHOSO<br \/>\ntechnicien en logement<br \/>\nT 516121 \u2013 9491<br \/>\n<span style=\"color: #ef4030;\"><u><a style=\"color: #ef4030;\" href=\"mailto:joao.ramalhoso@dudelange.lu\" target=\"_blank\" rel=\"noopener\">Prendre contact<\/a><\/u><\/span><\/p>\n<p><span id=\"DeltaPlaceHolderMain\">Sandy THEIS<br \/>\nAssistante sociale<br \/>\n<span lang=\"LB-LU\">T <\/span><span lang=\"LB-LU\">516121 -729<br \/>\n<span style=\"text-decoration: underline;\"><span style=\"color: #ef4030; text-decoration: underline;\"><a style=\"color: #ef4030; text-decoration: underline;\" href=\"mailto:sandy.theis@dudelange.lu\" target=\"_blank\" rel=\"noopener\">Prendre contact<\/a><\/span><\/span><\/span><\/span><\/p>\n<p>&nbsp;<\/p>\n<p><strong>Documents \u00e0 t\u00e9l\u00e9charger :<\/strong><\/p>\n<ul>\n<li>[PDF] <span style=\"text-decoration: underline;\"><span style=\"color: #ef4030; text-decoration: underline;\"><a style=\"color: #ef4030; text-decoration: underline;\" href=\"https:\/\/sadudelangedata.blob.core.windows.net\/files\/2026\/01\/formulaire-demande-aide-au-logement-696e002105f6f.pdf\" target=\"_blank\" rel=\"noopener\">Formulaire demande en obtention d\u2019aides au logement FR<\/a><\/span><\/span><\/li>\n<li>[PDF] <span style=\"text-decoration: underline;\"><span style=\"color: #ef4030;\"><a style=\"color: #ef4030; text-decoration: underline;\" href=\"https:\/\/sadudelangedata.blob.core.windows.net\/files\/2025\/06\/formulaire-demande-aide-au-logement_de.pdf\" target=\"_blank\" rel=\"noopener\">Formular zum Anfragen von finanziellen Beihilfen DE<\/a><\/span><\/span>\n<ul>\n<li>[PDF] <span style=\"text-decoration: underline;\"><span style=\"color: #ef4030;\"><a style=\"color: #ef4030; text-decoration: underline;\" href=\"https:\/\/sadudelangedata.blob.core.windows.net\/files\/2026\/01\/Primes-logement.pdf\" target=\"_blank\" rel=\"noopener\">R\u00e8glement concernant l\u2019aide au logement accord\u00e9e par la Ville de Dudelange<\/a><\/span><\/span><\/li>\n<\/ul>\n<\/li>\n<li>[PDF] <span style=\"text-decoration: underline;\"><span style=\"color: #ef4030; text-decoration: underline;\"><a style=\"color: #ef4030; text-decoration: underline;\" href=\"https:\/\/sadudelangedata.blob.core.windows.net\/files\/2026\/07\/Demande-de-logement-pour-jeunes-actifs.pdf\" target=\"_blank\" rel=\"noopener\">Formulaire demande de logement pour jeunes actifs<\/a><\/span><\/span><\/li>\n<li>[PDF] <span style=\"text-decoration: underline;\"><span style=\"color: #ef4030; text-decoration: underline;\"><a style=\"color: #ef4030; text-decoration: underline;\" href=\"https:\/\/sadudelangedata.blob.core.windows.net\/files\/2026\/07\/Declaration-de-logements-et-chambres-donnes-en-location.pdf\" target=\"_blank\" rel=\"noopener\">D\u00e9claration de logements et chambres donn\u00e9s en location ou mis \u00e0 disposition \u00e0 des fins d\u2019habitation\u00a0<\/a><\/span><\/span>\n<ul>\n<li>[Lien]<span style=\"text-decoration: underline;\"><span style=\"color: #ef4030; text-decoration: underline;\"><a style=\"color: #ef4030; text-decoration: underline;\" href=\"https:\/\/legilux.public.lu\/eli\/etat\/leg\/loi\/2019\/12\/20\/a882\/jo\" target=\"_blank\" rel=\"noopener\"> Loi du 20 d\u00e9cembre 2019 relative aux crit\u00e8res de salubrit\u00e9, d\u2019hygi\u00e8ne, de s\u00e9curit\u00e9 et d\u2019habitabilit\u00e9 des logements et chambres donn\u00e9s en location ou mis \u00e0 disposition \u00e0 des fins d\u2019habitation.<\/a><\/span><\/span><\/li>\n<li>[Lien] <span style=\"text-decoration: underline;\"><span style=\"color: #ef4030; text-decoration: underline;\"><a style=\"color: #ef4030; text-decoration: underline;\" href=\"https:\/\/legilux.public.lu\/eli\/etat\/leg\/rgd\/2019\/12\/20\/a883\/jo\" target=\"_blank\" rel=\"noopener\">R\u00e8glement grand-ducal du 20 d\u00e9cembre 2019 d\u00e9terminant les crit\u00e8res minimaux de salubrit\u00e9, d\u2019hygi\u00e8ne, de s\u00e9curit\u00e9 et d\u2019habitabilit\u00e9 auxquels doivent r\u00e9pondre les logements et chambres donn\u00e9s en location ou mis \u00e0 disposition \u00e0 des fins d\u2019habitation.<\/a><\/span><\/span><\/li>\n<\/ul>\n<\/li>\n<\/ul>\n<p><strong><span style=\"color: #ef4030;\"><span style=\"color: #000000;\">Liens sites internet :<\/span><\/span><\/strong><\/p>\n<ul>\n<li><span style=\"text-decoration: underline;\"><span style=\"color: #ef4030;\"><a style=\"color: #ef4030; text-decoration: underline;\" title=\"Wunnen Zu Diddeleng \/ Habiter \u00e0 Dudelange\" href=\"https:\/\/wunnenzudiddeleng.lu\/fr\/\" target=\"_blank\" rel=\"noopener\">Wunnen zu Diddeleng \/ Habiter \u00e0 Dudelange<\/a><\/span><\/span><\/li>\n<li>\n<p lang=\"fr\"><span style=\"text-decoration: underline;\"><span style=\"color: #ef4030; text-decoration: underline;\"><a style=\"color: #ef4030; text-decoration: underline;\" href=\"https:\/\/guichet.public.lu\/fr\/citoyens\/actualites\/2026\/avril\/15-renla.html\" target=\"_blank\" rel=\"noopener\">Demandez votre inscription en tant que candidat-locataire pour un logement abordable via MyGuichet.lu<\/a><\/span><\/span><\/p>\n<\/li>\n<\/ul>\n","protected":false},"excerpt":{"rendered":"<p>\u200b\u200bMissions : instruction des demandes et attribution des logements abordables [&hellip;]<\/p>\n","protected":false},"author":9,"featured_media":0,"parent":2203,"menu_order":0,"comment_status":"closed","ping_status":"closed","template":"","meta":{"footnotes":""},"class_list":["post-4017","page","type-page","status-publish","hentry"],"publishpress_future_action":{"enabled":false,"date":"2026-09-09 15:39:29","action":"change-status","newStatus":"draft","terms":[],"taxonomy":"","extraData":[]},"publishpress_future_workflow_manual_trigger":{"enabledWorkflows":[]},"_links":{"self":[{"href":"https:\/\/www.dudelange.lu\/index.php\/wp-json\/wp\/v2\/pages\/4017","targetHints":{"allow":["GET"]}}],"collection":[{"href":"https:\/\/www.dudelange.lu\/index.php\/wp-json\/wp\/v2\/pages"}],"about":[{"href":"https:\/\/www.dudelange.lu\/index.php\/wp-json\/wp\/v2\/types\/page"}],"author":[{"embeddable":true,"href":"https:\/\/www.dudelange.lu\/index.php\/wp-json\/wp\/v2\/users\/9"}],"replies":[{"embeddable":true,"href":"https:\/\/www.dudelange.lu\/index.php\/wp-json\/wp\/v2\/comments?post=4017"}],"version-history":[{"count":31,"href":"https:\/\/www.dudelange.lu\/index.php\/wp-json\/wp\/v2\/pages\/4017\/revisions"}],"predecessor-version":[{"id":27767,"href":"https:\/\/www.dudelange.lu\/index.php\/wp-json\/wp\/v2\/pages\/4017\/revisions\/27767"}],"up":[{"embeddable":true,"href":"https:\/\/www.dudelange.lu\/index.php\/wp-json\/wp\/v2\/pages\/2203"}],"wp:attachment":[{"href":"https:\/\/www.dudelange.lu\/index.php\/wp-json\/wp\/v2\/media?parent=4017"}],"curies":[{"name":"wp","href":"https:\/\/api.w.org\/{rel}","templated":true}]}}

<p>​​Missions :</p>
<ul>
<li>instruction des demandes et attribution des logements abordables conformément à la loi du 7 août 2023 relative au logement abordable ;</li>
<li>instruction des demandes de logements pour jeunes (18 à 32 ans) ;</li>
<li>gestion du parc locatif communal ;</li>
<li>gestion des logements d&rsquo;urgence ;</li>
<li>contrôle des logements et des chambres donnés en location ou mis à disposition à des fins d’habitation, conformément à la loi du 20 décembre 2019 relative aux critères de salubrité, d&rsquo;hygiène, de sécurité et d&rsquo;habitabilité ;</li>
<li>accompagnement en cas d’expulsions ;</li>
<li>gestion des aides et primes au logement : accession à la propriété, prime d’amélioration de l’habitat, prime pour aménagements spéciaux répondant aux besoins des personnes en situation de handicap, prime pour la création de logements intégrés ;</li>
<li>information et conseil aux résident·es de Dudelange en matière de logement</li>
</ul>
<p>&nbsp;</p>
<p>Tamara COZZI<br />
Cheffe de service &#8211; Assistante sociale<br />
T 516121 – 6620<br />
<span style="color: #ef4030;"><u><a style="color: #ef4030;" href="mailto:tamara.cozzi@dudelange.lu" target="_blank" rel="noopener">Prendre contact</a></u></span></p>
<p>Joao RAMALHOSO<br />
technicien en logement<br />
T 516121 – 9491<br />
<span style="color: #ef4030;"><u><a style="color: #ef4030;" href="mailto:joao.ramalhoso@dudelange.lu" target="_blank" rel="noopener">Prendre contact</a></u></span></p>
<p><span id="DeltaPlaceHolderMain">Sandy THEIS<br />
Assistante sociale<br />
<span lang="LB-LU">T </span><span lang="LB-LU">516121 -729<br />
<span style="text-decoration: underline;"><span style="color: #ef4030; text-decoration: underline;"><a style="color: #ef4030; text-decoration: underline;" href="mailto:sandy.theis@dudelange.lu" target="_blank" rel="noopener">Prendre contact</a></span></span></span></span></p>
<p>&nbsp;</p>
<p><strong>Documents à télécharger :</strong></p>
<ul>
<li>[PDF] <span style="text-decoration: underline;"><span style="color: #ef4030; text-decoration: underline;"><a style="color: #ef4030; text-decoration: underline;" href="https://sadudelangedata.blob.core.windows.net/files/2026/01/formulaire-demande-aide-au-logement-696e002105f6f.pdf" target="_blank" rel="noopener">Formulaire demande en obtention d’aides au logement FR</a></span></span></li>
<li>[PDF] <span style="text-decoration: underline;"><span style="color: #ef4030;"><a style="color: #ef4030; text-decoration: underline;" href="https://sadudelangedata.blob.core.windows.net/files/2025/06/formulaire-demande-aide-au-logement_de.pdf" target="_blank" rel="noopener">Formular zum Anfragen von finanziellen Beihilfen DE</a></span></span>
<ul>
<li>[PDF] <span style="text-decoration: underline;"><span style="color: #ef4030;"><a style="color: #ef4030; text-decoration: underline;" href="https://sadudelangedata.blob.core.windows.net/files/2026/01/Primes-logement.pdf" target="_blank" rel="noopener">Règlement concernant l’aide au logement accordée par la Ville de Dudelange</a></span></span></li>
</ul>
</li>
<li>[PDF] <span style="text-decoration: underline;"><span style="color: #ef4030; text-decoration: underline;"><a style="color: #ef4030; text-decoration: underline;" href="https://sadudelangedata.blob.core.windows.net/files/2026/07/Demande-de-logement-pour-jeunes-actifs.pdf" target="_blank" rel="noopener">Formulaire demande de logement pour jeunes actifs</a></span></span></li>
<li>[PDF] <span style="text-decoration: underline;"><span style="color: #ef4030; text-decoration: underline;"><a style="color: #ef4030; text-decoration: underline;" href="https://sadudelangedata.blob.core.windows.net/files/2026/07/Declaration-de-logements-et-chambres-donnes-en-location.pdf" target="_blank" rel="noopener">Déclaration de logements et chambres donnés en location ou mis à disposition à des fins d’habitation </a></span></span>
<ul>
<li>[Lien]<span style="text-decoration: underline;"><span style="color: #ef4030; text-decoration: underline;"><a style="color: #ef4030; text-decoration: underline;" href="https://legilux.public.lu/eli/etat/leg/loi/2019/12/20/a882/jo" target="_blank" rel="noopener"> Loi du 20 décembre 2019 relative aux critères de salubrité, d’hygiène, de sécurité et d’habitabilité des logements et chambres donnés en location ou mis à disposition à des fins d’habitation.</a></span></span></li>
<li>[Lien] <span style="text-decoration: underline;"><span style="color: #ef4030; text-decoration: underline;"><a style="color: #ef4030; text-decoration: underline;" href="https://legilux.public.lu/eli/etat/leg/rgd/2019/12/20/a883/jo" target="_blank" rel="noopener">Règlement grand-ducal du 20 décembre 2019 déterminant les critères minimaux de salubrité, d’hygiène, de sécurité et d’habitabilité auxquels doivent répondre les logements et chambres donnés en location ou mis à disposition à des fins d’habitation.</a></span></span></li>
</ul>
</li>
</ul>
<p><strong><span style="color: #ef4030;"><span style="color: #000000;">Liens sites internet :</span></span></strong></p>
<ul>
<li><span style="text-decoration: underline;"><span style="color: #ef4030;"><a style="color: #ef4030; text-decoration: underline;" title="Wunnen Zu Diddeleng / Habiter à Dudelange" href="https://wunnenzudiddeleng.lu/fr/" target="_blank" rel="noopener">Wunnen zu Diddeleng / Habiter à Dudelange</a></span></span></li>
<li>
<p lang="fr"><span style="text-decoration: underline;"><span style="color: #ef4030; text-decoration: underline;"><a style="color: #ef4030; text-decoration: underline;" href="https://guichet.public.lu/fr/citoyens/actualites/2026/avril/15-renla.html" target="_blank" rel="noopener">Demandez votre inscription en tant que candidat-locataire pour un logement abordable via MyGuichet.lu</a></span></span></p>
</li>
</ul>
