{"id":4044,"date":"2021-09-24T13:13:06","date_gmt":"2021-09-24T11:13:06","guid":{"rendered":"https:\/\/dudelange.devoteamlab.lu\/?page_id=4044"},"modified":"2023-11-14T12:05:15","modified_gmt":"2023-11-14T11:05:15","slug":"4044-2","status":"publish","type":"page","link":"https:\/\/www.dudelange.lu\/index.php\/4044-2\/","title":{"rendered":"Visites guid\u00e9es"},"content":{"rendered":"<p><strong>4 circuits au choix:<\/strong><\/p>\n<ul>\n<li><strong>Centre-ville<\/strong> : Centre culturel r\u00e9gional, Centre National de l\u2019Audiovisuel, Passerelle des villes jumel\u00e9es, H\u00f4tel de ville, avenue Grande-Duchesse Charlotte, Maison Bausch, Quartier Brill, Lyc\u00e9e Nic-Biever, Centre d\u2019art Nei Liicht, Mus\u00e9e r\u00e9gional des enr\u00f4l\u00e9s de force, \u00c9glise paroissiale Saint-Martin, Mus\u00e9e municipal, Biblioth\u00e8que publique r\u00e9gionale, Plutoshaff, Ancien Casino, Passage NeiSchmelz.<\/li>\n<li><strong>Culture<\/strong> : Circuit centre-ville avec explications d\u00e9taill\u00e9es sur le centre culturel r\u00e9gional opderschmelz, les centres d\u2019art et l\u2019\u00e9glise paroissiale.<\/li>\n<li><strong>Architecture<\/strong> : Circuit centre-ville avec explications d\u00e9taill\u00e9es des styles architecturaux des diff\u00e9rents b\u00e2timents et des quartiers.<\/li>\n<li><strong>Quartier Italie<\/strong> : Circuit avec explications d\u00e9taill\u00e9es sur l&rsquo;histoire du quartier Italie.<\/li>\n<\/ul>\n<p>&nbsp;<\/p>\n<p><strong>R\u00e9servation<\/strong><\/p>\n<p>Les visites guid\u00e9es s\u2019organisent du lundi au dimanche, sur demande et sur r\u00e9servation<br \/>\nen semaine du lundi au vendredi de 8h00-12h00 et de 13h00-17h00.<br \/>\nT (+352) 26522620\u200b<\/p>\n<p>&nbsp;<\/p>\n<p><strong>Tarifs &amp; infos<\/strong><\/p>\n<p><span style=\"text-decoration: underline;\"><span style=\"color: #ef4030; text-decoration: underline;\"><a style=\"color: #ef4030; text-decoration: underline;\" href=\"https:\/\/sadudelangedata.blob.core.windows.net\/files\/2023\/11\/Visites-guidees-Dud-2023.pdf\" target=\"_blank\" rel=\"noopener\">Visites guid\u00e9es &#8211; Stadtf\u00fchrungen &#8211; Guided tours<\/a><\/span><\/span> (PDF, 545 KB)<\/p>\n","protected":false},"excerpt":{"rendered":"<p>4 circuits au choix: Centre-ville : Centre culturel r\u00e9gional, Centre [&hellip;]<\/p>\n","protected":false},"author":10,"featured_media":4054,"parent":0,"menu_order":0,"comment_status":"closed","ping_status":"closed","template":"","meta":{"footnotes":""},"class_list":["post-4044","page","type-page","status-publish","has-post-thumbnail","hentry"],"publishpress_future_action":{"enabled":false,"date":"2026-04-24 04:33:53","action":"change-status","newStatus":"draft","terms":[],"taxonomy":"","extraData":[]},"publishpress_future_workflow_manual_trigger":{"enabledWorkflows":[]},"_links":{"self":[{"href":"https:\/\/www.dudelange.lu\/index.php\/wp-json\/wp\/v2\/pages\/4044","targetHints":{"allow":["GET"]}}],"collection":[{"href":"https:\/\/www.dudelange.lu\/index.php\/wp-json\/wp\/v2\/pages"}],"about":[{"href":"https:\/\/www.dudelange.lu\/index.php\/wp-json\/wp\/v2\/types\/page"}],"author":[{"embeddable":true,"href":"https:\/\/www.dudelange.lu\/index.php\/wp-json\/wp\/v2\/users\/10"}],"replies":[{"embeddable":true,"href":"https:\/\/www.dudelange.lu\/index.php\/wp-json\/wp\/v2\/comments?post=4044"}],"version-history":[{"count":19,"href":"https:\/\/www.dudelange.lu\/index.php\/wp-json\/wp\/v2\/pages\/4044\/revisions"}],"predecessor-version":[{"id":22400,"href":"https:\/\/www.dudelange.lu\/index.php\/wp-json\/wp\/v2\/pages\/4044\/revisions\/22400"}],"wp:featuredmedia":[{"embeddable":true,"href":"https:\/\/www.dudelange.lu\/index.php\/wp-json\/wp\/v2\/media\/4054"}],"wp:attachment":[{"href":"https:\/\/www.dudelange.lu\/index.php\/wp-json\/wp\/v2\/media?parent=4044"}],"curies":[{"name":"wp","href":"https:\/\/api.w.org\/{rel}","templated":true}]}}