{"id":4138,"date":"2021-09-27T13:08:36","date_gmt":"2021-09-27T11:08:36","guid":{"rendered":"https:\/\/dudelange.devoteamlab.lu\/?page_id=4138"},"modified":"2026-02-03T15:38:18","modified_gmt":"2026-02-03T14:38:18","slug":"declaration-de-prise-en-charge","status":"publish","type":"page","link":"https:\/\/www.dudelange.lu\/index.php\/demarches-administratives\/declaration-de-prise-en-charge\/","title":{"rendered":"Demande d&rsquo;engagement de prise en charge"},"content":{"rendered":"<p>Sur pr\u00e9sentation d&rsquo;une pi\u00e8ce d&rsquo;identit\u00e9 valable, vous pouvez obtenir un engagement de prise en charge<br \/>\n&gt; \u00e0 l<a href=\"https:\/\/www.dudelange.lu\/index.php\/services-communaux\/office-des-citoyens-biergeramt\/\" target=\"_blank\" rel=\"noopener\"><span style=\"text-decoration: underline;\"><span style=\"color: #ef4030; text-decoration: underline;\">\u2019Office des citoyen\u00b7nes<\/span><\/span><\/a><br \/>\n&gt; ou sur guichet.lu en cliquant sur ce lien :\u00a0<span style=\"text-decoration: underline; color: #ef4030;\"><a style=\"color: #ef4030; text-decoration: underline;\" href=\"https:\/\/guichet.public.lu\/fr\/citoyens\/immigration\/moins-3-mois\/ressortissant-tiers\/sejour.html\" target=\"_blank\" rel=\"noopener\">Demande d&rsquo;engagement de prise en charge<\/a><\/span><\/p>\n","protected":false},"excerpt":{"rendered":"<p>Sur pr\u00e9sentation d&rsquo;une pi\u00e8ce d&rsquo;identit\u00e9 valable, vous pouvez obtenir un [&hellip;]<\/p>\n","protected":false},"author":11,"featured_media":0,"parent":2127,"menu_order":0,"comment_status":"closed","ping_status":"closed","template":"","meta":{"footnotes":""},"class_list":["post-4138","page","type-page","status-publish","hentry"],"publishpress_future_action":{"enabled":false,"date":"2026-05-07 06:07:26","action":"change-status","newStatus":"draft","terms":[],"taxonomy":"","extraData":[]},"publishpress_future_workflow_manual_trigger":{"enabledWorkflows":[]},"_links":{"self":[{"href":"https:\/\/www.dudelange.lu\/index.php\/wp-json\/wp\/v2\/pages\/4138","targetHints":{"allow":["GET"]}}],"collection":[{"href":"https:\/\/www.dudelange.lu\/index.php\/wp-json\/wp\/v2\/pages"}],"about":[{"href":"https:\/\/www.dudelange.lu\/index.php\/wp-json\/wp\/v2\/types\/page"}],"author":[{"embeddable":true,"href":"https:\/\/www.dudelange.lu\/index.php\/wp-json\/wp\/v2\/users\/11"}],"replies":[{"embeddable":true,"href":"https:\/\/www.dudelange.lu\/index.php\/wp-json\/wp\/v2\/comments?post=4138"}],"version-history":[{"count":6,"href":"https:\/\/www.dudelange.lu\/index.php\/wp-json\/wp\/v2\/pages\/4138\/revisions"}],"predecessor-version":[{"id":29932,"href":"https:\/\/www.dudelange.lu\/index.php\/wp-json\/wp\/v2\/pages\/4138\/revisions\/29932"}],"up":[{"embeddable":true,"href":"https:\/\/www.dudelange.lu\/index.php\/wp-json\/wp\/v2\/pages\/2127"}],"wp:attachment":[{"href":"https:\/\/www.dudelange.lu\/index.php\/wp-json\/wp\/v2\/media?parent=4138"}],"curies":[{"name":"wp","href":"https:\/\/api.w.org\/{rel}","templated":true}]}}

<p>Sur présentation d&rsquo;une pièce d&rsquo;identité valable, vous pouvez obtenir un engagement de prise en charge<br />
&gt; à l<a href="https://www.dudelange.lu/index.php/services-communaux/office-des-citoyens-biergeramt/" target="_blank" rel="noopener"><span style="text-decoration: underline;"><span style="color: #ef4030; text-decoration: underline;">’Office des citoyen·nes</span></span></a><br />
&gt; ou sur guichet.lu en cliquant sur ce lien : <span style="text-decoration: underline; color: #ef4030;"><a style="color: #ef4030; text-decoration: underline;" href="https://guichet.public.lu/fr/citoyens/immigration/moins-3-mois/ressortissant-tiers/sejour.html" target="_blank" rel="noopener">Demande d&rsquo;engagement de prise en charge</a></span></p>

<p>Sur présentation d&rsquo;une pièce d&rsquo;identité valable, vous pouvez obtenir un [&hellip;]</p>
