{"id":4156,"date":"2021-09-27T11:24:05","date_gmt":"2021-09-27T09:24:05","guid":{"rendered":"https:\/\/dudelange.devoteamlab.lu\/?page_id=4156"},"modified":"2025-05-21T13:46:22","modified_gmt":"2025-05-21T11:46:22","slug":"certificat-dhebergement","status":"publish","type":"page","link":"https:\/\/www.dudelange.lu\/index.php\/demarches-administratives\/certificat-dhebergement\/","title":{"rendered":"Certificat d&rsquo;h\u00e9bergement"},"content":{"rendered":"<p>Pour effectuer la d\u00e9claration d&rsquo;h\u00e9bergement d&rsquo;une personne dans votre m\u00e9nage, rendez vous \u00e0\u00a0 l\u2019<span style=\"text-decoration: underline;\"><span style=\"color: #ef4030; text-decoration: underline;\"><a style=\"color: #ef4030; text-decoration: underline;\" href=\"https:\/\/www.dudelange.lu\/index.php\/services-communaux\/office-des-citoyens-biergeramt\/\" target=\"_blank\" rel=\"noopener\">Office des citoyen\u00b7nes<\/a>\u200b<\/span><\/span> pour obtenir un certificat. Formulaire \u00e0 remplir:<\/p>\n<ul>\n<li><span style=\"text-decoration: underline;\"><span style=\"color: #ef4030; text-decoration: underline;\"><a style=\"color: #ef4030; text-decoration: underline;\" href=\"https:\/\/sadudelangedata.blob.core.windows.net\/files\/2025\/05\/Certificat-dhebergement-WORD.pdf\" target=\"_blank\" rel=\"noopener\">Certificat d&rsquo;h\u00e9bergement<\/a><\/span><\/span> (PDF, 135 KB)<\/li>\n<\/ul>\n","protected":false},"excerpt":{"rendered":"<p>Pour effectuer la d\u00e9claration d&rsquo;h\u00e9bergement d&rsquo;une personne dans votre m\u00e9nage, [&hellip;]<\/p>\n","protected":false},"author":11,"featured_media":0,"parent":2127,"menu_order":0,"comment_status":"closed","ping_status":"closed","template":"","meta":{"footnotes":""},"class_list":["post-4156","page","type-page","status-publish","hentry"],"publishpress_future_action":{"enabled":false,"date":"2026-05-13 17:37:12","action":"change-status","newStatus":"draft","terms":[],"taxonomy":"","extraData":[]},"publishpress_future_workflow_manual_trigger":{"enabledWorkflows":[]},"_links":{"self":[{"href":"https:\/\/www.dudelange.lu\/index.php\/wp-json\/wp\/v2\/pages\/4156","targetHints":{"allow":["GET"]}}],"collection":[{"href":"https:\/\/www.dudelange.lu\/index.php\/wp-json\/wp\/v2\/pages"}],"about":[{"href":"https:\/\/www.dudelange.lu\/index.php\/wp-json\/wp\/v2\/types\/page"}],"author":[{"embeddable":true,"href":"https:\/\/www.dudelange.lu\/index.php\/wp-json\/wp\/v2\/users\/11"}],"replies":[{"embeddable":true,"href":"https:\/\/www.dudelange.lu\/index.php\/wp-json\/wp\/v2\/comments?post=4156"}],"version-history":[{"count":11,"href":"https:\/\/www.dudelange.lu\/index.php\/wp-json\/wp\/v2\/pages\/4156\/revisions"}],"predecessor-version":[{"id":27698,"href":"https:\/\/www.dudelange.lu\/index.php\/wp-json\/wp\/v2\/pages\/4156\/revisions\/27698"}],"up":[{"embeddable":true,"href":"https:\/\/www.dudelange.lu\/index.php\/wp-json\/wp\/v2\/pages\/2127"}],"wp:attachment":[{"href":"https:\/\/www.dudelange.lu\/index.php\/wp-json\/wp\/v2\/media?parent=4156"}],"curies":[{"name":"wp","href":"https:\/\/api.w.org\/{rel}","templated":true}]}}