{"id":4175,"date":"2021-09-27T12:02:32","date_gmt":"2021-09-27T10:02:32","guid":{"rendered":"https:\/\/dudelange.devoteamlab.lu\/?page_id=4175"},"modified":"2024-12-24T09:41:58","modified_gmt":"2024-12-24T08:41:58","slug":"deces-cimetiere-funerailles","status":"publish","type":"page","link":"https:\/\/www.dudelange.lu\/index.php\/demarches-administratives\/deces-cimetiere-funerailles\/","title":{"rendered":"D\u00e9c\u00e8s &#8211; Cimeti\u00e8re &#8211; Fun\u00e9railles"},"content":{"rendered":"<p>Le d\u00e9c\u00e8s d&rsquo;une personne doit \u00eatre d\u00e9clar\u00e9 \u00e0 l\u2019administration communale (<a href=\"https:\/\/www.dudelange.lu\/index.php\/services-communaux\/etat-civil\/\" target=\"_blank\" rel=\"noopener\"><span style=\"text-decoration: underline; color: #ef4030;\">\u00c9tat civil<\/span><\/a>) de la commune o\u00f9 le d\u00e9c\u00e8s a eu lieu.<\/p>\n<p>Documents \u00e0 pr\u00e9senter:<\/p>\n<ul>\n<li>l\u2019attestation m\u00e9dicale certifiant le d\u00e9c\u00e8s \u00e9tablie par un m\u00e9decin;<\/li>\n<li>le livret de famille du\u00b7de la d\u00e9c\u00e9d\u00e9\u00b7e ou, \u00e0 d\u00e9faut, toutes les pi\u00e8ces d&rsquo;identit\u00e9 et documents concernant le\u00b7la d\u00e9funt\u00b7e (acte de naissance, acte de mariage, documents d&rsquo;identit\u00e9);<\/li>\n<li>en cas d\u2019incin\u00e9ration: le certificat m\u00e9dical attestant que le\u00b7la d\u00e9funt\u00b7e n&rsquo;\u00e9tait pas porteur d&rsquo;un \u00ab pace-maker \u00bb. \u200b<\/li>\n<\/ul>\n<p>L&rsquo;autorisation pour l&rsquo;incin\u00e9ration ne peut \u00eatre donn\u00e9e que par un\u00b7e proche du\u00b7de la d\u00e9funt\u00b7e.<\/p>\n<p>Le bureau de l&rsquo;<a href=\"https:\/\/www.dudelange.lu\/index.php\/services-communaux\/etat-civil\/\" target=\"_blank\" rel=\"noopener\"><span style=\"text-decoration: underline; color: #ef4030;\">\u00c9tat civil<\/span><\/a> \u00e9tablira un acte de d\u00e9c\u00e8s. Il remettra des extraits de cet acte ainsi que des permis de transport de la d\u00e9pouille et d&rsquo;inhumation.<\/p>\n<p><strong>En cas de d\u00e9c\u00e8s, permanence au t\u00e9l. <\/strong><strong>621 323 324\u200b <\/strong><strong>:<br \/>\n<\/strong><strong>&gt; le samedi entre 9h30 et 11h30<br \/>\n&gt; le lundi, uniquement s&rsquo;il s&rsquo;agit d&rsquo;un jour f\u00e9ri\u00e9.<\/strong><\/p>\n<p>&nbsp;<\/p>\n<p>&nbsp;<\/p>\n","protected":false},"excerpt":{"rendered":"<p>Le d\u00e9c\u00e8s d&rsquo;une personne doit \u00eatre d\u00e9clar\u00e9 \u00e0 l\u2019administration communale [&hellip;]<\/p>\n","protected":false},"author":11,"featured_media":0,"parent":2127,"menu_order":0,"comment_status":"closed","ping_status":"closed","template":"","meta":{"footnotes":""},"class_list":["post-4175","page","type-page","status-publish","hentry"],"publishpress_future_action":{"enabled":false,"date":"2026-05-09 07:58:09","action":"change-status","newStatus":"draft","terms":[],"taxonomy":"","extraData":[]},"publishpress_future_workflow_manual_trigger":{"enabledWorkflows":[]},"_links":{"self":[{"href":"https:\/\/www.dudelange.lu\/index.php\/wp-json\/wp\/v2\/pages\/4175","targetHints":{"allow":["GET"]}}],"collection":[{"href":"https:\/\/www.dudelange.lu\/index.php\/wp-json\/wp\/v2\/pages"}],"about":[{"href":"https:\/\/www.dudelange.lu\/index.php\/wp-json\/wp\/v2\/types\/page"}],"author":[{"embeddable":true,"href":"https:\/\/www.dudelange.lu\/index.php\/wp-json\/wp\/v2\/users\/11"}],"replies":[{"embeddable":true,"href":"https:\/\/www.dudelange.lu\/index.php\/wp-json\/wp\/v2\/comments?post=4175"}],"version-history":[{"count":9,"href":"https:\/\/www.dudelange.lu\/index.php\/wp-json\/wp\/v2\/pages\/4175\/revisions"}],"predecessor-version":[{"id":26358,"href":"https:\/\/www.dudelange.lu\/index.php\/wp-json\/wp\/v2\/pages\/4175\/revisions\/26358"}],"up":[{"embeddable":true,"href":"https:\/\/www.dudelange.lu\/index.php\/wp-json\/wp\/v2\/pages\/2127"}],"wp:attachment":[{"href":"https:\/\/www.dudelange.lu\/index.php\/wp-json\/wp\/v2\/media?parent=4175"}],"curies":[{"name":"wp","href":"https:\/\/api.w.org\/{rel}","templated":true}]}}

Décès &#8211; Cimetière &#8211; Funérailles

<p>Le décès d&rsquo;une personne doit être déclaré à l’administration communale (<a href="https://www.dudelange.lu/index.php/services-communaux/etat-civil/" target="_blank" rel="noopener"><span style="text-decoration: underline; color: #ef4030;">État civil</span></a>) de la commune où le décès a eu lieu.</p>
<p>Documents à présenter:</p>
<ul>
<li>l’attestation médicale certifiant le décès établie par un médecin;</li>
<li>le livret de famille du·de la décédé·e ou, à défaut, toutes les pièces d&rsquo;identité et documents concernant le·la défunt·e (acte de naissance, acte de mariage, documents d&rsquo;identité);</li>
<li>en cas d’incinération: le certificat médical attestant que le·la défunt·e n&rsquo;était pas porteur d&rsquo;un « pace-maker ». ​</li>
</ul>
<p>L&rsquo;autorisation pour l&rsquo;incinération ne peut être donnée que par un·e proche du·de la défunt·e.</p>
<p>Le bureau de l&rsquo;<a href="https://www.dudelange.lu/index.php/services-communaux/etat-civil/" target="_blank" rel="noopener"><span style="text-decoration: underline; color: #ef4030;">État civil</span></a> établira un acte de décès. Il remettra des extraits de cet acte ainsi que des permis de transport de la dépouille et d&rsquo;inhumation.</p>
<p><strong>En cas de décès, permanence au tél. </strong><strong>621 323 324​ </strong><strong>:<br />
</strong><strong>&gt; le samedi entre 9h30 et 11h30<br />
&gt; le lundi, uniquement s&rsquo;il s&rsquo;agit d&rsquo;un jour férié.</strong></p>
<p>&nbsp;</p>
<p>&nbsp;</p>

<p>Le décès d&rsquo;une personne doit être déclaré à l’administration communale [&hellip;]</p>
