{"id":4182,"date":"2021-09-27T12:37:48","date_gmt":"2021-09-27T10:37:48","guid":{"rendered":"https:\/\/dudelange.devoteamlab.lu\/?page_id=4182"},"modified":"2025-06-13T08:53:29","modified_gmt":"2025-06-13T06:53:29","slug":"declaration-de-changement-dadresse-pour-ressortissants-non-ue","status":"publish","type":"page","link":"https:\/\/www.dudelange.lu\/index.php\/demarches-administratives\/declaration-de-changement-dadresse-pour-ressortissants-non-ue\/","title":{"rendered":"D\u00e9claration de changement d&rsquo;adresse pour ressortissants non-UE"},"content":{"rendered":"<p><strong>D\u00e9claration de changement d&rsquo;adresse<\/strong><\/p>\n<p>Toute personne qui veut transf\u00e9rer sa r\u00e9sidence dans un autre pays ou qui change de domicile dans la commune m\u00eame, doit avant son d\u00e9part faire une d\u00e9claration de changement d&rsquo;adresse aupr\u00e8s de l<a href=\"https:\/\/www.dudelange.lu\/index.php\/services-communaux\/office-des-citoyens-biergeramt\/\" target=\"_blank\" rel=\"noopener\"><span style=\"text-decoration: underline;\"><span style=\"color: #ef4030; text-decoration: underline;\">\u2019Office des citoyen\u00b7nes\u200b<\/span><\/span><\/a>.<\/p>\n<p>Pi\u00e8ces \u00e0 pr\u00e9senter:<\/p>\n<ul>\n<li>\u200bPasseport<\/li>\n<li>Carte de s\u00e9jour ou titre de s\u00e9jour<\/li>\n<\/ul>\n<p>\u200bElle doit en outre avertir le service de la facturation en vue de faire \u00e9tablir le d\u00e9compte des taxes communales. \u200b<\/p>\n<p>Toute personne qui transf\u00e8re sa r\u00e9sidence dans une autre commune du Grand-Duch\u00e9 du Luxembourg doit se pr\u00e9senter directement \u00e0 sa nouvelle commune de r\u00e9sidence, la d\u00e9claration de d\u00e9part \u00e0 son ancienne commune n&rsquo;est plus n\u00e9cessaire.<\/p>\n<p>&nbsp;<\/p>\n<p><strong>Nous vous recommandons de vous pr\u00e9senter au plus tard quinze minutes avant la fermeture des bureaux pour effectuer cette d\u00e9marche.\u00a0<\/strong><\/p>\n","protected":false},"excerpt":{"rendered":"<p>D\u00e9claration de changement d&rsquo;adresse Toute personne qui veut transf\u00e9rer sa [&hellip;]<\/p>\n","protected":false},"author":11,"featured_media":0,"parent":2127,"menu_order":0,"comment_status":"closed","ping_status":"closed","template":"","meta":{"footnotes":""},"class_list":["post-4182","page","type-page","status-publish","hentry"],"publishpress_future_action":{"enabled":false,"date":"2026-05-06 07:35:45","action":"change-status","newStatus":"draft","terms":[],"taxonomy":"","extraData":[]},"publishpress_future_workflow_manual_trigger":{"enabledWorkflows":[]},"_links":{"self":[{"href":"https:\/\/www.dudelange.lu\/index.php\/wp-json\/wp\/v2\/pages\/4182","targetHints":{"allow":["GET"]}}],"collection":[{"href":"https:\/\/www.dudelange.lu\/index.php\/wp-json\/wp\/v2\/pages"}],"about":[{"href":"https:\/\/www.dudelange.lu\/index.php\/wp-json\/wp\/v2\/types\/page"}],"author":[{"embeddable":true,"href":"https:\/\/www.dudelange.lu\/index.php\/wp-json\/wp\/v2\/users\/11"}],"replies":[{"embeddable":true,"href":"https:\/\/www.dudelange.lu\/index.php\/wp-json\/wp\/v2\/comments?post=4182"}],"version-history":[{"count":6,"href":"https:\/\/www.dudelange.lu\/index.php\/wp-json\/wp\/v2\/pages\/4182\/revisions"}],"predecessor-version":[{"id":27863,"href":"https:\/\/www.dudelange.lu\/index.php\/wp-json\/wp\/v2\/pages\/4182\/revisions\/27863"}],"up":[{"embeddable":true,"href":"https:\/\/www.dudelange.lu\/index.php\/wp-json\/wp\/v2\/pages\/2127"}],"wp:attachment":[{"href":"https:\/\/www.dudelange.lu\/index.php\/wp-json\/wp\/v2\/media?parent=4182"}],"curies":[{"name":"wp","href":"https:\/\/api.w.org\/{rel}","templated":true}]}}

Déclaration de changement d&rsquo;adresse pour ressortissants non-UE

<p><strong>Déclaration de changement d&rsquo;adresse</strong></p>
<p>Toute personne qui veut transférer sa résidence dans un autre pays ou qui change de domicile dans la commune même, doit avant son départ faire une déclaration de changement d&rsquo;adresse auprès de l<a href="https://www.dudelange.lu/index.php/services-communaux/office-des-citoyens-biergeramt/" target="_blank" rel="noopener"><span style="text-decoration: underline;"><span style="color: #ef4030; text-decoration: underline;">’Office des citoyen·nes​</span></span></a>.</p>
<p>Pièces à présenter:</p>
<ul>
<li>​Passeport</li>
<li>Carte de séjour ou titre de séjour</li>
</ul>
<p>​Elle doit en outre avertir le service de la facturation en vue de faire établir le décompte des taxes communales. ​</p>
<p>Toute personne qui transfère sa résidence dans une autre commune du Grand-Duché du Luxembourg doit se présenter directement à sa nouvelle commune de résidence, la déclaration de départ à son ancienne commune n&rsquo;est plus nécessaire.</p>
<p>&nbsp;</p>
<p><strong>Nous vous recommandons de vous présenter au plus tard quinze minutes avant la fermeture des bureaux pour effectuer cette démarche. </strong></p>

<p>Déclaration de changement d&rsquo;adresse Toute personne qui veut transférer sa [&hellip;]</p>
