{"id":4186,"date":"2021-09-27T13:10:32","date_gmt":"2021-09-27T11:10:32","guid":{"rendered":"https:\/\/dudelange.devoteamlab.lu\/?page_id=4186"},"modified":"2024-12-24T09:16:43","modified_gmt":"2024-12-24T08:16:43","slug":"demande-daide-financiere","status":"publish","type":"page","link":"https:\/\/www.dudelange.lu\/index.php\/demarches-administratives\/demande-daide-financiere\/","title":{"rendered":"Aide financi\u00e8re"},"content":{"rendered":"<p>Pour une demande d&rsquo;aide financi\u00e8re, il faut contacter l\u2019Office social\u200b de Dudelange de pr\u00e9f\u00e9rence en t\u00e9l\u00e9phonant pour prendre un rendez-vous, ou en allant directement \u00e0 l\u2019Office social durant les heures d\u2019ouverture des bureaux.<\/p>\n<p>Documents \u00e0 fournir :<\/p>\n<ul>\n<li>documents attestant des revenus (fiches de salaires\/extraits de comptes)<\/li>\n<li>documents attestant des d\u00e9penses (factures\/extraits de comptes)<\/li>\n<\/ul>\n<p>L\u2019assistant\u00b7e social\u00b7e en charge du dossier pourra demander toute autre pi\u00e8ce qu\u2019elle juge n\u00e9cessaire pour \u00e9tablir votre dossier suivant la situation sp\u00e9cifique de chaque personne.\u200b<\/p>\n<p>Maison sociale<br \/>\n27 rue du Commerce, L-3450 Dudelange<br \/>\nT 516121 -724\u200b<br \/>\n<span style=\"text-decoration: underline;\"><span style=\"color: #ef4030;\"><a style=\"color: #ef4030; text-decoration: underline;\" href=\"mailto:officesocialsecretariat@dudelange.lu\" target=\"_blank\" rel=\"noopener\">officesocialsecretariat@dudelange.lu<\/a><\/span><\/span><\/p>\n","protected":false},"excerpt":{"rendered":"<p>Pour une demande d&rsquo;aide financi\u00e8re, il faut contacter l\u2019Office social\u200b [&hellip;]<\/p>\n","protected":false},"author":11,"featured_media":0,"parent":2127,"menu_order":0,"comment_status":"closed","ping_status":"closed","template":"","meta":{"footnotes":""},"class_list":["post-4186","page","type-page","status-publish","hentry"],"publishpress_future_action":{"enabled":false,"date":"2026-05-21 19:03:23","action":"change-status","newStatus":"draft","terms":[],"taxonomy":"","extraData":[]},"publishpress_future_workflow_manual_trigger":{"enabledWorkflows":[]},"_links":{"self":[{"href":"https:\/\/www.dudelange.lu\/index.php\/wp-json\/wp\/v2\/pages\/4186","targetHints":{"allow":["GET"]}}],"collection":[{"href":"https:\/\/www.dudelange.lu\/index.php\/wp-json\/wp\/v2\/pages"}],"about":[{"href":"https:\/\/www.dudelange.lu\/index.php\/wp-json\/wp\/v2\/types\/page"}],"author":[{"embeddable":true,"href":"https:\/\/www.dudelange.lu\/index.php\/wp-json\/wp\/v2\/users\/11"}],"replies":[{"embeddable":true,"href":"https:\/\/www.dudelange.lu\/index.php\/wp-json\/wp\/v2\/comments?post=4186"}],"version-history":[{"count":8,"href":"https:\/\/www.dudelange.lu\/index.php\/wp-json\/wp\/v2\/pages\/4186\/revisions"}],"predecessor-version":[{"id":26339,"href":"https:\/\/www.dudelange.lu\/index.php\/wp-json\/wp\/v2\/pages\/4186\/revisions\/26339"}],"up":[{"embeddable":true,"href":"https:\/\/www.dudelange.lu\/index.php\/wp-json\/wp\/v2\/pages\/2127"}],"wp:attachment":[{"href":"https:\/\/www.dudelange.lu\/index.php\/wp-json\/wp\/v2\/media?parent=4186"}],"curies":[{"name":"wp","href":"https:\/\/api.w.org\/{rel}","templated":true}]}}