{"id":4216,"date":"2021-09-27T14:07:15","date_gmt":"2021-09-27T12:07:15","guid":{"rendered":"https:\/\/dudelange.devoteamlab.lu\/?page_id=4216"},"modified":"2022-02-10T15:38:36","modified_gmt":"2022-02-10T14:38:36","slug":"inscription-a-lecole-fondamentale","status":"publish","type":"page","link":"https:\/\/www.dudelange.lu\/index.php\/demarches-administratives\/inscription-a-lecole-fondamentale\/","title":{"rendered":"Inscription \u00e0 l&rsquo;\u00e9cole fondamentale"},"content":{"rendered":"<p>Pour inscrire votre enfant \u00e0 l\u2019\u00e9cole fondamentale de votre quartier adressez-vous<br \/>\nau <a href=\"https:\/\/www.dudelange.lu\/index.php\/services-communaux\/enseignement-fondamental-2\/\" target=\"_blank\" rel=\"noopener\"><span style=\"text-decoration: underline;\"><span style=\"color: #ef4030; text-decoration: underline;\">Service de l\u2019enseignement<\/span><\/span><\/a>.<\/p>\n","protected":false},"excerpt":{"rendered":"<p>Pour inscrire votre enfant \u00e0 l\u2019\u00e9cole fondamentale de votre quartier [&hellip;]<\/p>\n","protected":false},"author":11,"featured_media":0,"parent":2127,"menu_order":0,"comment_status":"closed","ping_status":"closed","template":"","meta":{"footnotes":""},"class_list":["post-4216","page","type-page","status-publish","hentry"],"publishpress_future_action":{"enabled":false,"date":"2026-05-06 08:48:28","action":"change-status","newStatus":"draft","terms":[],"taxonomy":"","extraData":[]},"publishpress_future_workflow_manual_trigger":{"enabledWorkflows":[]},"_links":{"self":[{"href":"https:\/\/www.dudelange.lu\/index.php\/wp-json\/wp\/v2\/pages\/4216","targetHints":{"allow":["GET"]}}],"collection":[{"href":"https:\/\/www.dudelange.lu\/index.php\/wp-json\/wp\/v2\/pages"}],"about":[{"href":"https:\/\/www.dudelange.lu\/index.php\/wp-json\/wp\/v2\/types\/page"}],"author":[{"embeddable":true,"href":"https:\/\/www.dudelange.lu\/index.php\/wp-json\/wp\/v2\/users\/11"}],"replies":[{"embeddable":true,"href":"https:\/\/www.dudelange.lu\/index.php\/wp-json\/wp\/v2\/comments?post=4216"}],"version-history":[{"count":3,"href":"https:\/\/www.dudelange.lu\/index.php\/wp-json\/wp\/v2\/pages\/4216\/revisions"}],"predecessor-version":[{"id":16124,"href":"https:\/\/www.dudelange.lu\/index.php\/wp-json\/wp\/v2\/pages\/4216\/revisions\/16124"}],"up":[{"embeddable":true,"href":"https:\/\/www.dudelange.lu\/index.php\/wp-json\/wp\/v2\/pages\/2127"}],"wp:attachment":[{"href":"https:\/\/www.dudelange.lu\/index.php\/wp-json\/wp\/v2\/media?parent=4216"}],"curies":[{"name":"wp","href":"https:\/\/api.w.org\/{rel}","templated":true}]}}

Inscription à l&rsquo;école fondamentale

<p>Pour inscrire votre enfant à l’école fondamentale de votre quartier adressez-vous<br />
au <a href="https://www.dudelange.lu/index.php/services-communaux/enseignement-fondamental-2/" target="_blank" rel="noopener"><span style="text-decoration: underline;"><span style="color: #ef4030; text-decoration: underline;">Service de l’enseignement</span></span></a>.</p>

<p>Pour inscrire votre enfant à l’école fondamentale de votre quartier [&hellip;]</p>
