{"id":4234,"date":"2021-09-27T14:39:26","date_gmt":"2021-09-27T12:39:26","guid":{"rendered":"https:\/\/dudelange.devoteamlab.lu\/?page_id=4234"},"modified":"2026-02-09T16:21:39","modified_gmt":"2026-02-09T15:21:39","slug":"mariage-civil","status":"publish","type":"page","link":"https:\/\/www.dudelange.lu\/index.php\/demarches-administratives\/mariage-civil\/","title":{"rendered":"Mariage civil"},"content":{"rendered":"<p>Pour toute demande de mariage \u00e0 la commune de Dudelange, il est indispensable que l&rsquo;un\u00b7e des deux futur\u00b7es conjoint\u00b7es r\u00e9side dans la commune. Pour pouvoir contracter un mariage civil, les conjoint\u00b7es doivent remettre un dossier de mariage complet. L&rsquo;officier d&rsquo;\u00e9tat civil pourra alors fixer la date et l&rsquo;heure du mariage.<\/p>\n<p>Le dossier de mariage se compose obligatoirement des \u00e9l\u00e9ments suivants pour chacun\u00b7e des futur\u00b7es conjoint\u00b7es:<\/p>\n<ul>\n<li>une copie int\u00e9grale de son acte de naissance avec indication des noms de ses parents datant de moins de 6 mois<\/li>\n<li>un certificat de r\u00e9sidence datant de moins de 6 mois<\/li>\n<li>une pi\u00e8ce d&rsquo;identit\u00e9 valable (carte d&rsquo;identit\u00e9 ou passeport)<\/li>\n<\/ul>\n<p>Le cas \u00e9ch\u00e9ant, le dossier de mariage doit \u00e9galement inclure les documents suivants:<\/p>\n<ul>\n<li>un certificat de c\u00e9libat<\/li>\n<li>les documents officiels relatifs \u00e0 un divorce ant\u00e9rieur (acte de mariage avec mention marginale ou jugement de divorce)<\/li>\n<li>une copie int\u00e9grale de l&rsquo;acte de d\u00e9c\u00e8s du conjoint pr\u00e9c\u00e9dent<\/li>\n<li>un certificat de capacit\u00e9 matrimoniale \/ certificat de coutume \/ Affidavit \/ Certificate of no impediment \/ Ehef\u00e4higkeitszeugnis<\/li>\n<\/ul>\n<p>Le cas \u00e9ch\u00e9ant, ces documents doivent \u00eatre munis soit d&rsquo;une Apostille (pour garantir l&rsquo;authentification des documents), soit d&rsquo;une l\u00e9galisation de signature provenant du pays d&rsquo;origine.<\/p>\n<p>Plus d&rsquo;infos:<\/p>\n<ul>\n<li><span style=\"text-decoration: underline;\"><span style=\"color: #ef4030; text-decoration: underline;\"><a style=\"color: #ef4030; text-decoration: underline;\" href=\"https:\/\/guichet.public.lu\/fr\/citoyens\/famille\/vie-maritale\/mariage\/preparation-mariage.html\" target=\"_blank\" rel=\"noopener\">Mariage civil (guichet.public.lu)<\/a><\/span><\/span><\/li>\n<li><a href=\"https:\/\/www.dudelange.lu\/index.php\/services-communaux\/etat-civil\/\" target=\"_blank\" rel=\"noopener\"><span style=\"text-decoration: underline;\"><span style=\"color: #ef4030; text-decoration: underline;\">Service de l&rsquo;\u00c9tat Civil<\/span><\/span><\/a><\/li>\n<li><span style=\"text-decoration: underline;\"><span style=\"color: #ef4030; text-decoration: underline;\"><a style=\"color: #ef4030; text-decoration: underline;\" href=\"https:\/\/www.dudelange.lu\/index.php\/demarches-administratives\/lieux-mariage-pacs\/\" target=\"_blank\" rel=\"noopener\">Lieux pour c\u00e9l\u00e9brer un mariage civil\/PACS<\/a><\/span><\/span><\/li>\n<\/ul>\n<p>&nbsp;<\/p>\n","protected":false},"excerpt":{"rendered":"<p>Pour toute demande de mariage \u00e0 la commune de Dudelange, [&hellip;]<\/p>\n","protected":false},"author":11,"featured_media":0,"parent":2127,"menu_order":0,"comment_status":"closed","ping_status":"closed","template":"","meta":{"footnotes":""},"class_list":["post-4234","page","type-page","status-publish","hentry"],"publishpress_future_action":{"enabled":false,"date":"2026-04-18 20:47:06","action":"change-status","newStatus":"draft","terms":[],"taxonomy":"","extraData":[]},"publishpress_future_workflow_manual_trigger":{"enabledWorkflows":[]},"_links":{"self":[{"href":"https:\/\/www.dudelange.lu\/index.php\/wp-json\/wp\/v2\/pages\/4234","targetHints":{"allow":["GET"]}}],"collection":[{"href":"https:\/\/www.dudelange.lu\/index.php\/wp-json\/wp\/v2\/pages"}],"about":[{"href":"https:\/\/www.dudelange.lu\/index.php\/wp-json\/wp\/v2\/types\/page"}],"author":[{"embeddable":true,"href":"https:\/\/www.dudelange.lu\/index.php\/wp-json\/wp\/v2\/users\/11"}],"replies":[{"embeddable":true,"href":"https:\/\/www.dudelange.lu\/index.php\/wp-json\/wp\/v2\/comments?post=4234"}],"version-history":[{"count":8,"href":"https:\/\/www.dudelange.lu\/index.php\/wp-json\/wp\/v2\/pages\/4234\/revisions"}],"predecessor-version":[{"id":29964,"href":"https:\/\/www.dudelange.lu\/index.php\/wp-json\/wp\/v2\/pages\/4234\/revisions\/29964"}],"up":[{"embeddable":true,"href":"https:\/\/www.dudelange.lu\/index.php\/wp-json\/wp\/v2\/pages\/2127"}],"wp:attachment":[{"href":"https:\/\/www.dudelange.lu\/index.php\/wp-json\/wp\/v2\/media?parent=4234"}],"curies":[{"name":"wp","href":"https:\/\/api.w.org\/{rel}","templated":true}]}}