{"id":4316,"date":"2021-09-27T15:53:11","date_gmt":"2021-09-27T13:53:11","guid":{"rendered":"https:\/\/dudelange.devoteamlab.lu\/?page_id=4316"},"modified":"2024-12-27T14:45:39","modified_gmt":"2024-12-27T13:45:39","slug":"telealarme","status":"publish","type":"page","link":"https:\/\/www.dudelange.lu\/index.php\/demarches-administratives\/telealarme\/","title":{"rendered":"T\u00e9l\u00e9alarme"},"content":{"rendered":"<p>Vous vous sentez pr\u00e9occup\u00e9\u00b7e par l\u2019\u00e2ge ou une maladie? Votre famille et vos amis ne peuvent pas \u00eatre avec vous en permanence? \u00cates-vous souvent seul\u00b7e chez vous?<\/p>\n<p>La Ville de Dudelange propose le service t\u00e9l\u00e9alarme qui vient en aide aux personnes \u00e2g\u00e9es ou malades en cas de besoin. Ce service t\u00e9l\u00e9alarme vous offre une s\u00e9curit\u00e9 24h\/24 gr\u00e2ce \u00e0:<\/p>\n<ul>\n<li>un simple appareil qui est raccord\u00e9 \u00e0 votre poste de t\u00e9l\u00e9phone<\/li>\n<li>un \u00e9metteur d\u2019alarme sous forme de bracelet ou de collier<\/li>\n<li>une \u00e9quipe qui est toujours \u00e0 votre disposition<\/li>\n<\/ul>\n<p>&nbsp;<\/p>\n<p>Plus d&rsquo;infos:<\/p>\n<p>S\u00e9cher Doheem<strong><br \/>\n<\/strong>26 rue JF Kennedy, L-7327 Steinsel<br \/>\nT 26 32 66 \/ <a href=\"mailto:secherdoheem@shd.lu\"><span style=\"text-decoration: underline;\"><span style=\"color: #ef4030; text-decoration: underline;\">secherdoheem@shd.lu<\/span><\/span><\/a><br \/>\n<a href=\"http:\/\/www.shd.lu\/online\/www\/content\/needs\/telealarm\/FRE\/index.html\" target=\"_blank\" rel=\"noopener\"><span style=\"text-decoration: underline;\"><span style=\"color: #ef4030; text-decoration: underline;\">www.secherdoheem.lu<\/span><\/span><\/a><\/p>\n<p>HELP 24<br \/>\n11 Place Dargent, L-1413 Luxembourg<br \/>\nT 26 70 26 \/ <a href=\"mailto:info@help.lu\"><span style=\"text-decoration: underline;\"><span style=\"color: #ef4030; text-decoration: underline;\">info@help.lu<\/span><\/span><\/a><br \/>\n<span style=\"text-decoration: underline;\"><span style=\"color: #ef4030; text-decoration: underline;\"><a style=\"color: #ef4030; text-decoration: underline;\" href=\"https:\/\/www.help.lu\/fr\" target=\"_blank\" rel=\"noopener\">www.he\u200blp.lu\u200b<\/a><\/span><\/span><\/p>\n<p>&nbsp;<\/p>\n","protected":false},"excerpt":{"rendered":"<p>Vous vous sentez pr\u00e9occup\u00e9\u00b7e par l\u2019\u00e2ge ou une maladie? Votre [&hellip;]<\/p>\n","protected":false},"author":11,"featured_media":0,"parent":2127,"menu_order":0,"comment_status":"closed","ping_status":"closed","template":"","meta":{"footnotes":""},"class_list":["post-4316","page","type-page","status-publish","hentry"],"publishpress_future_action":{"enabled":false,"date":"2026-05-20 18:30:01","action":"change-status","newStatus":"draft","terms":[],"taxonomy":"","extraData":[]},"publishpress_future_workflow_manual_trigger":{"enabledWorkflows":[]},"_links":{"self":[{"href":"https:\/\/www.dudelange.lu\/index.php\/wp-json\/wp\/v2\/pages\/4316","targetHints":{"allow":["GET"]}}],"collection":[{"href":"https:\/\/www.dudelange.lu\/index.php\/wp-json\/wp\/v2\/pages"}],"about":[{"href":"https:\/\/www.dudelange.lu\/index.php\/wp-json\/wp\/v2\/types\/page"}],"author":[{"embeddable":true,"href":"https:\/\/www.dudelange.lu\/index.php\/wp-json\/wp\/v2\/users\/11"}],"replies":[{"embeddable":true,"href":"https:\/\/www.dudelange.lu\/index.php\/wp-json\/wp\/v2\/comments?post=4316"}],"version-history":[{"count":3,"href":"https:\/\/www.dudelange.lu\/index.php\/wp-json\/wp\/v2\/pages\/4316\/revisions"}],"predecessor-version":[{"id":26405,"href":"https:\/\/www.dudelange.lu\/index.php\/wp-json\/wp\/v2\/pages\/4316\/revisions\/26405"}],"up":[{"embeddable":true,"href":"https:\/\/www.dudelange.lu\/index.php\/wp-json\/wp\/v2\/pages\/2127"}],"wp:attachment":[{"href":"https:\/\/www.dudelange.lu\/index.php\/wp-json\/wp\/v2\/media?parent=4316"}],"curies":[{"name":"wp","href":"https:\/\/api.w.org\/{rel}","templated":true}]}}