{"id":4337,"date":"2021-09-27T16:04:55","date_gmt":"2021-09-27T14:04:55","guid":{"rendered":"https:\/\/dudelange.devoteamlab.lu\/?page_id=4337"},"modified":"2024-05-29T15:31:25","modified_gmt":"2024-05-29T13:31:25","slug":"disc-golf","status":"publish","type":"page","link":"https:\/\/www.dudelange.lu\/index.php\/infrastructures-sportives\/disc-golf\/","title":{"rendered":"Disc Golf"},"content":{"rendered":"<p>28 rue du Parc<\/p>\n<p>Le parcours de Disc Golf se trouve au parc aux abords du Lyc\u00e9e Nic-Biever. Ce jeu est bas\u00e9 sur les r\u00e8gles du golf et on y joue \u00e0 l&rsquo;aide de frisbees. Le parcours est compos\u00e9 de 4 stations. Le but est de lancer les frisbees dans un panier en cha\u00eenes m\u00e9talliques.<\/p>\n<p>Ces frisbees pourront \u00eatre achet\u00e9s au prix de 8\u20ac ou bien emprunt\u00e9s contre remise d&rsquo;une pi\u00e8ce d&rsquo;identit\u00e9, d&rsquo;un permis de conduire ou de toute autre pi\u00e8ce personnelle, au <a href=\"https:\/\/www.dudelange.lu\/index.php\/infrastructures-sportives\/centre-sportif-rene-hartmann\/\"><span style=\"text-decoration: underline;\"><span style=\"color: #ef4030; text-decoration: underline;\">Centre sportif Ren\u00e9 Hartmann<\/span><\/span><\/a> (2 rue Ren\u00e9 Hartmann) et \u00e0 la <a href=\"https:\/\/www.dudelange.lu\/index.php\/services-communaux\/maison-des-jeunes\/\"><span style=\"text-decoration: underline;\"><span style=\"color: #ef4030; text-decoration: underline;\">Maison des Jeunes<\/span><\/span><\/a> (2 rue du Parc).<\/p>\n<p>&#8211;<\/p>\n<p>Der Disc-Golf-Platz befindet sich im Park des Nic-Biever-Lyzeums. Das Spiel basiert auf den Regeln des Golfsports und wird mit Frisbees gespielt. Der Parcours besteht aus vier Stationen. Ziel ist es, die Frisbees in einen Korb aus Metallketten zu werfen.<\/p>\n<p>Diese Frisbees k\u00f6nnen zum Preis von 8 \u20ac gekauft oder gegen Vorlage eines Personalausweises, F\u00fchrerscheins oder eines anderen pers\u00f6nlichen Dokuments im Sportzentrum Ren\u00e9 Hartmann (2 rue Ren\u00e9 Hartmann) und im Jugendhaus (2 rue du Parc) ausgeliehen werden.<\/p>\n<p>&nbsp;<\/p>\n","protected":false},"excerpt":{"rendered":"<p>28 rue du Parc Le parcours de Disc Golf se [&hellip;]<\/p>\n","protected":false},"author":8,"featured_media":4393,"parent":2067,"menu_order":0,"comment_status":"closed","ping_status":"closed","template":"","meta":{"footnotes":""},"class_list":["post-4337","page","type-page","status-publish","has-post-thumbnail","hentry"],"publishpress_future_action":{"enabled":false,"date":"2026-05-07 09:10:30","action":"change-status","newStatus":"draft","terms":[],"taxonomy":"","extraData":[]},"publishpress_future_workflow_manual_trigger":{"enabledWorkflows":[]},"_links":{"self":[{"href":"https:\/\/www.dudelange.lu\/index.php\/wp-json\/wp\/v2\/pages\/4337","targetHints":{"allow":["GET"]}}],"collection":[{"href":"https:\/\/www.dudelange.lu\/index.php\/wp-json\/wp\/v2\/pages"}],"about":[{"href":"https:\/\/www.dudelange.lu\/index.php\/wp-json\/wp\/v2\/types\/page"}],"author":[{"embeddable":true,"href":"https:\/\/www.dudelange.lu\/index.php\/wp-json\/wp\/v2\/users\/8"}],"replies":[{"embeddable":true,"href":"https:\/\/www.dudelange.lu\/index.php\/wp-json\/wp\/v2\/comments?post=4337"}],"version-history":[{"count":6,"href":"https:\/\/www.dudelange.lu\/index.php\/wp-json\/wp\/v2\/pages\/4337\/revisions"}],"predecessor-version":[{"id":24350,"href":"https:\/\/www.dudelange.lu\/index.php\/wp-json\/wp\/v2\/pages\/4337\/revisions\/24350"}],"up":[{"embeddable":true,"href":"https:\/\/www.dudelange.lu\/index.php\/wp-json\/wp\/v2\/pages\/2067"}],"wp:featuredmedia":[{"embeddable":true,"href":"https:\/\/www.dudelange.lu\/index.php\/wp-json\/wp\/v2\/media\/4393"}],"wp:attachment":[{"href":"https:\/\/www.dudelange.lu\/index.php\/wp-json\/wp\/v2\/media?parent=4337"}],"curies":[{"name":"wp","href":"https:\/\/api.w.org\/{rel}","templated":true}]}}