{"id":4505,"date":"2021-09-28T10:57:04","date_gmt":"2021-09-28T08:57:04","guid":{"rendered":"https:\/\/dudelange.devoteamlab.lu\/?page_id=4505"},"modified":"2025-10-16T10:09:47","modified_gmt":"2025-10-16T08:09:47","slug":"cours-et-activites","status":"publish","type":"page","link":"https:\/\/www.dudelange.lu\/index.php\/cours-et-activites\/","title":{"rendered":"Cours et activit\u00e9s"},"content":{"rendered":"<p>Cours et activit\u00e9s sportifs organis\u00e9s par la Ville de Dudelange:<\/p>\n<p>&nbsp;<\/p>\n<p><strong>Aquagym<br \/>\n<\/strong>Aqua-Jogging, Aqua-Cycling, Aqua-Power, Aqua-Tonic, Aqua-Jogging Cuisses-Abdos-Fessiers et Aqua Be Board au Centre sportif Ren\u00e9 Hartmann. Attention: ces cours sont d\u00e9conseill\u00e9s aux personnes souffrant de probl\u00e8mes cardiaques, de probl\u00e8mes respiratoires ou de tendinites !<br \/>\nPlus d&rsquo;infos: <a href=\"https:\/\/www.dudelange.lu\/index.php\/services-communaux\/sports\/\"><span style=\"text-decoration: underline;\"><span style=\"color: #ef4030; text-decoration: underline;\">Service des sports<\/span><\/span><\/a><\/p>\n<p>&nbsp;<\/p>\n<p><strong>B\u00e9b\u00e9-nageurs <\/strong>(Babyschwammen)<br \/>\nCours de natation pour enfants \u00e2g\u00e9s de 4 \u00e0 36 mois au Centre sportif Ren\u00e9 Hartmann.<br \/>\nPlus d&rsquo;infos: <span style=\"text-decoration: underline;\"><span style=\"color: #ef4030; text-decoration: underline;\"><a style=\"color: #ef4030; text-decoration: underline;\" href=\"mailto:piscine@dudelange.lu\">piscine@dudelange.lu<\/a><\/span><\/span><span style=\"color: #ef4030;\"><span style=\"color: #000000;\"> \/<\/span> <a href=\"https:\/\/www.dudelange.lu\/index.php\/services-communaux\/sports\/\"><span style=\"text-decoration: underline;\"><span style=\"color: #ef4030; text-decoration: underline;\">Service des sports<\/span><\/span><\/a><\/span><\/p>\n<p>&nbsp;<\/p>\n<p><strong>Laftreff <\/strong>&#8211; <em>gratuit!<\/em><br \/>\nGroupe de coureurs amateurs de diff\u00e9rents niveaux. Activit\u00e9 organis\u00e9e par Gesond Diddeleng les mercredis de 18h30 \u00e0 19h30. Rendez-vous au Stade J.F. Kennedy (55 rue du Stade J.F. Kennedy). Participation gratuite. Pas besoin de s&rsquo;inscrire au pr\u00e9alable.<br \/>\nPlus d&rsquo;infos: <span style=\"text-decoration: underline;\"><span style=\"color: #ef4030;\"><a style=\"color: #ef4030; text-decoration: underline;\" href=\"https:\/\/www.dudelange.lu\/index.php\/services-communaux\/gesond-diddeleng\/\">Gesond Diddeleng<\/a><\/span><\/span><\/p>\n<p>&nbsp;<\/p>\n<p><strong>Nordic Walking Treff <\/strong>&#8211; <em>gratuit!<\/em><strong><br \/>\n<\/strong>Activit\u00e9 organis\u00e9e par Gesond Diddeleng. Rendez-vous tous les lundis \u00e0 18h30:<br \/>\n&#8211; en \u00e9t\u00e9 : au parking du Centre sportif Annexe Alliance (100 rue Reiteschkopp)<br \/>\n&#8211; en hiver : au parking du Stade J.F. Kennedy (rue du Stade J.F. Kennedy).<\/p>\n<p>Participation gratuite. Pas besoin de s&rsquo;inscrire au pr\u00e9alable. Plus d&rsquo;infos: <span style=\"text-decoration: underline;\"><span style=\"color: #ef4030;\"><a style=\"color: #ef4030; text-decoration: underline;\" href=\"https:\/\/www.dudelange.lu\/index.php\/services-communaux\/gesond-diddeleng\/\">Gesond Diddeleng<\/a><\/span><\/span><\/p>\n<p>&nbsp;<\/p>\n<p><strong>Nuit du sport<\/strong> &#8211; <em>gratuit!<\/em><br \/>\nLa Nuit du Sport est organis\u00e9e \u00e0 l\u2019initiative du Service National de la Jeunesse et du D\u00e9partement minist\u00e9riel des Sports dans le cadre du plan d\u2019action national \u00ab Gesond iessen, m\u00e9i bewegen \u00bb. L\u2019id\u00e9e est de donner l\u2019opportunit\u00e9 aux jeunes et moins jeunes de d\u00e9couvrir de nouvelles disciplines sportives et de donner plaisir \u00e0 l\u2019activit\u00e9 physique et sportive ainsi qu\u2019\u00e0 un mode de vie sain. Les activit\u00e9s propos\u00e9es sont organis\u00e9es par les services communaux, la maison des jeunes et les associations sportives locales. Entr\u00e9e gratuite.<br \/>\nPlus d&rsquo;infos: <a href=\"http:\/\/www.nuitdusport.lu\" target=\"_blank\" rel=\"noopener\"><span style=\"text-decoration: underline;\"><span style=\"color: #ef4030; text-decoration: underline;\">www.nuitdusport.lu<\/span><\/span><\/a><\/p>\n<p>&nbsp;<\/p>\n<p><strong>Marche culinaire<\/strong><br \/>\nD\u00e9couvrez Dudelange et ses alentours tout en d\u00e9gustant de bons petits plats.<br \/>\nOrganisation: <a href=\"https:\/\/www.dudelange.lu\/index.php\/services-communaux\/gesond-diddeleng\/\" target=\"_blank\" rel=\"noopener\"><span style=\"text-decoration: underline;\"><span style=\"color: #ef4030; text-decoration: underline;\">Gesond Diddeleng<\/span><\/span><\/a>.<\/p>\n<p>&nbsp;<\/p>\n<p><strong>PMR<br \/>\n<\/strong>Cours de relaxation progressive musculaire pour mieux g\u00e9rer les situations de stress, augmenter le bien-\u00eatre g\u00e9n\u00e9ral, soulager les migraines, la nervosit\u00e9 et les troubles du sommeil. Frais d&rsquo;inscripton: 50\u20ac.<br \/>\nInscription &amp; infos: <a href=\"https:\/\/www.dudelange.lu\/index.php\/services-communaux\/gesond-diddeleng\/\" target=\"_blank\" rel=\"noopener\"><span style=\"text-decoration: underline;\"><span style=\"color: #ef4030; text-decoration: underline;\">Gesond Diddeleng<\/span><\/span><\/a>.<\/p>\n<p>&nbsp;<\/p>\n<p><strong>Tr\u00ebppeltreff <\/strong>&#8211; <em>gratuit!<\/em><br \/>\nGroupe de randonn\u00e9e. Activit\u00e9 organis\u00e9e par Gesond Diddeleng les mercredis de 9h30 \u00e0 11h. Rendez-vous au parking du Centre sportif Annexe Alliance (100 rue Reiteschkopp) en \u00e9t\u00e9 et au parking du parc Le&rsquo;h (1 rue de la For\u00eat) en hiver. Participation gratuite. Pas besoin de s&rsquo;inscrire au pr\u00e9alable. Plus d&rsquo;infos: <span style=\"text-decoration: underline;\"><span style=\"color: #ef4030;\"><a style=\"color: #ef4030; text-decoration: underline;\" href=\"https:\/\/www.dudelange.lu\/index.php\/services-communaux\/gesond-diddeleng\/\">Gesond Diddeleng<\/a><\/span><\/span><\/p>\n<p>&nbsp;<\/p>\n<p><strong>Wibbel<\/strong>\u00a0&#8211; <em>gratuit!<br \/>\n<\/em>Cours pour enfants en surcharge pond\u00e9rale de 6 \u00e0 12 ans tous les mercredis de 16h30 \u00e0 18h30.<br \/>\nEncadrement par le service sant\u00e9 scolaire de la Ville de Dudelange. Activit\u00e9s physiques vari\u00e9es (basketball, handball, natation, yoga,\u2026). Nombre limit\u00e9. Inscription &amp; infos: <a href=\"https:\/\/www.dudelange.lu\/index.php\/services-communaux\/gesond-diddeleng\/\" target=\"_blank\" rel=\"noopener\"><span style=\"text-decoration: underline;\"><span style=\"color: #ef4030; text-decoration: underline;\">Gesond Diddeleng<\/span><\/span><\/a>.<\/p>\n<p>&nbsp;<\/p>\n<p><strong>Cours organis\u00e9s par Ensemble Quartiers Dudelange (Inter-Actions):<\/strong><br \/>\nBoot Camp, sophrologie, Latino Mix, Afro Fit, Yoga Flow Vinyasa, Pop-Show,&#8230;<br \/>\nPlus d&rsquo;infos: <a href=\"https:\/\/www.dudelange.lu\/index.php\/ensemble-quartiers-dudelange\/\" target=\"_blank\" rel=\"noopener\"><span style=\"text-decoration: underline; color: #ef4030;\">Ensemble Quartiers Dudelange<\/span><\/a><\/p>\n","protected":false},"excerpt":{"rendered":"<p>Cours et activit\u00e9s sportifs organis\u00e9s par la Ville de Dudelange: [&hellip;]<\/p>\n","protected":false},"author":8,"featured_media":3557,"parent":0,"menu_order":0,"comment_status":"closed","ping_status":"closed","template":"","meta":{"footnotes":""},"class_list":["post-4505","page","type-page","status-publish","has-post-thumbnail","hentry"],"publishpress_future_action":{"enabled":false,"date":"2026-05-09 06:02:08","action":"change-status","newStatus":"draft","terms":[],"taxonomy":"","extraData":[]},"publishpress_future_workflow_manual_trigger":{"enabledWorkflows":[]},"_links":{"self":[{"href":"https:\/\/www.dudelange.lu\/index.php\/wp-json\/wp\/v2\/pages\/4505","targetHints":{"allow":["GET"]}}],"collection":[{"href":"https:\/\/www.dudelange.lu\/index.php\/wp-json\/wp\/v2\/pages"}],"about":[{"href":"https:\/\/www.dudelange.lu\/index.php\/wp-json\/wp\/v2\/types\/page"}],"author":[{"embeddable":true,"href":"https:\/\/www.dudelange.lu\/index.php\/wp-json\/wp\/v2\/users\/8"}],"replies":[{"embeddable":true,"href":"https:\/\/www.dudelange.lu\/index.php\/wp-json\/wp\/v2\/comments?post=4505"}],"version-history":[{"count":41,"href":"https:\/\/www.dudelange.lu\/index.php\/wp-json\/wp\/v2\/pages\/4505\/revisions"}],"predecessor-version":[{"id":29043,"href":"https:\/\/www.dudelange.lu\/index.php\/wp-json\/wp\/v2\/pages\/4505\/revisions\/29043"}],"wp:featuredmedia":[{"embeddable":true,"href":"https:\/\/www.dudelange.lu\/index.php\/wp-json\/wp\/v2\/media\/3557"}],"wp:attachment":[{"href":"https:\/\/www.dudelange.lu\/index.php\/wp-json\/wp\/v2\/media?parent=4505"}],"curies":[{"name":"wp","href":"https:\/\/api.w.org\/{rel}","templated":true}]}}