{"id":4682,"date":"2021-09-28T15:42:22","date_gmt":"2021-09-28T13:42:22","guid":{"rendered":"https:\/\/dudelange.devoteamlab.lu\/?page_id=4682"},"modified":"2025-02-27T15:30:48","modified_gmt":"2025-02-27T14:30:48","slug":"service-ecologique-maison-verte","status":"publish","type":"page","link":"https:\/\/www.dudelange.lu\/index.php\/service-ecologique-maison-verte\/","title":{"rendered":"Service \u00e9cologique &#8211; Maison verte"},"content":{"rendered":"<p>25 rue Jean Jaur\u00e8s, L-3490 Dudelange<br \/>\n<span style=\"text-decoration: underline;\"><a href=\"mailto:ecologie@dudelange.lu\" target=\"_blank\" rel=\"noopener\"><span style=\"color: #ef4030; text-decoration: underline;\">Prendre contact<\/span><\/a><\/span><\/p>\n<p><strong><br \/>\nNos missions<\/strong><\/p>\n<ul>\n<li>Informations concernant la protection de la nature et de l\u2019environnement (\u00e9nergie, d\u00e9chets, bruit,\u2026)<\/li>\n<li>Conseils et sensibilisation dans le domaine de la protection de la nature et de l&rsquo;environnement<br \/>\n(d\u00e9chets, \u00e9nergie, eau, climat,&#8230;)<\/li>\n<li>Demandes de subventions dans le domaine de la protection de l&rsquo;environnement \u200b<\/li>\n<li>Gestion technique des \u00e9tablissements: \u00e9laboration des conditions pour les \u00e9tablissements o\u00f9 la commune est l&rsquo;autorit\u00e9 comp\u00e9tente (classe 2)<\/li>\n<li>Formulation des avis pour les \u00e9tablissements o\u00f9 l&rsquo;\u00c9tat est comp\u00e9tent (classe 1)<\/li>\n<\/ul>\n<p><strong><br \/>\nNotre \u00e9quipe<\/strong><\/p>\n<p>Lis CLOOS<br \/>\nT 516121 -264<br \/>\n<span style=\"text-decoration: underline;\"><a href=\"mailto:lis.cloos@dudelange.lu\" target=\"_blank\" rel=\"noopener\"><span style=\"color: #ef4030; text-decoration: underline;\">Prendre contact<\/span><\/a><\/span><\/p>\n<p>Marco THORN<br \/>\nT 516121 -279<br \/>\n<a href=\"mailto:marco.thorn@dudelange.lu\" target=\"_blank\" rel=\"noopener\"><span style=\"text-decoration: underline;\"><span style=\"color: #ef4030; text-decoration: underline;\">Prendre contact<\/span><\/span><\/a><\/p>\n","protected":false},"excerpt":{"rendered":"<p>25 rue Jean Jaur\u00e8s, L-3490 Dudelange Prendre contact Nos missions [&hellip;]<\/p>\n","protected":false},"author":8,"featured_media":4686,"parent":0,"menu_order":0,"comment_status":"closed","ping_status":"closed","template":"","meta":{"footnotes":""},"class_list":["post-4682","page","type-page","status-publish","has-post-thumbnail","hentry"],"publishpress_future_action":{"enabled":false,"date":"2026-05-07 22:36:54","action":"change-status","newStatus":"draft","terms":[],"taxonomy":"","extraData":[]},"publishpress_future_workflow_manual_trigger":{"enabledWorkflows":[]},"_links":{"self":[{"href":"https:\/\/www.dudelange.lu\/index.php\/wp-json\/wp\/v2\/pages\/4682","targetHints":{"allow":["GET"]}}],"collection":[{"href":"https:\/\/www.dudelange.lu\/index.php\/wp-json\/wp\/v2\/pages"}],"about":[{"href":"https:\/\/www.dudelange.lu\/index.php\/wp-json\/wp\/v2\/types\/page"}],"author":[{"embeddable":true,"href":"https:\/\/www.dudelange.lu\/index.php\/wp-json\/wp\/v2\/users\/8"}],"replies":[{"embeddable":true,"href":"https:\/\/www.dudelange.lu\/index.php\/wp-json\/wp\/v2\/comments?post=4682"}],"version-history":[{"count":8,"href":"https:\/\/www.dudelange.lu\/index.php\/wp-json\/wp\/v2\/pages\/4682\/revisions"}],"predecessor-version":[{"id":26900,"href":"https:\/\/www.dudelange.lu\/index.php\/wp-json\/wp\/v2\/pages\/4682\/revisions\/26900"}],"wp:featuredmedia":[{"embeddable":true,"href":"https:\/\/www.dudelange.lu\/index.php\/wp-json\/wp\/v2\/media\/4686"}],"wp:attachment":[{"href":"https:\/\/www.dudelange.lu\/index.php\/wp-json\/wp\/v2\/media?parent=4682"}],"curies":[{"name":"wp","href":"https:\/\/api.w.org\/{rel}","templated":true}]}}

Service écologique &#8211; Maison verte

<p>25 rue Jean Jaurès, L-3490 Dudelange<br />
<span style="text-decoration: underline;"><a href="mailto:ecologie@dudelange.lu" target="_blank" rel="noopener"><span style="color: #ef4030; text-decoration: underline;">Prendre contact</span></a></span></p>
<p><strong><br />
Nos missions</strong></p>
<ul>
<li>Informations concernant la protection de la nature et de l’environnement (énergie, déchets, bruit,…)</li>
<li>Conseils et sensibilisation dans le domaine de la protection de la nature et de l&rsquo;environnement<br />
(déchets, énergie, eau, climat,&#8230;)</li>
<li>Demandes de subventions dans le domaine de la protection de l&rsquo;environnement ​</li>
<li>Gestion technique des établissements: élaboration des conditions pour les établissements où la commune est l&rsquo;autorité compétente (classe 2)</li>
<li>Formulation des avis pour les établissements où l&rsquo;État est compétent (classe 1)</li>
</ul>
<p><strong><br />
Notre équipe</strong></p>
<p>Lis CLOOS<br />
T 516121 -264<br />
<span style="text-decoration: underline;"><a href="mailto:lis.cloos@dudelange.lu" target="_blank" rel="noopener"><span style="color: #ef4030; text-decoration: underline;">Prendre contact</span></a></span></p>
<p>Marco THORN<br />
T 516121 -279<br />
<a href="mailto:marco.thorn@dudelange.lu" target="_blank" rel="noopener"><span style="text-decoration: underline;"><span style="color: #ef4030; text-decoration: underline;">Prendre contact</span></span></a></p>

<p>25 rue Jean Jaurès, L-3490 Dudelange Prendre contact Nos missions [&hellip;]</p>
