{"id":4874,"date":"2021-09-29T11:28:29","date_gmt":"2021-09-29T09:28:29","guid":{"rendered":"https:\/\/dudelange.devoteamlab.lu\/?page_id=4874"},"modified":"2026-04-16T17:52:21","modified_gmt":"2026-04-16T15:52:21","slug":"jugendgemengerot","status":"publish","type":"page","link":"https:\/\/www.dudelange.lu\/index.php\/jugendgemengerot\/","title":{"rendered":"Jugendgemengerot"},"content":{"rendered":"<p>Ce conseil communal se compose de jeunes entre 12 et 25 ans qui se r\u00e9unissent \u00e0 intervalles r\u00e9guliers pour discuter ensemble de th\u00e8mes choisis d\u2019un commun accord. Le but est de donner la parole aux jeunes et de leur permettre d\u2019exprimer leurs souhaits et suggestions concernant la Ville de Dudelange.<\/p>\n<p><strong>Infos &amp; inscription:<\/strong><br \/>\nService Jeunesse, Famille, Seniors et Hub Social<br \/>\nBarbara De Matteis<br \/>\nT\u00a0<span id=\"DeltaPlaceHolderMain\"><span lang=\"DE\">516121 -6621<\/span><\/span><br \/>\n<span style=\"text-decoration: underline;\"><span style=\"color: #ef4030; text-decoration: underline;\"><a style=\"color: #ef4030; text-decoration: underline;\" href=\"mailto:jugendgemengerot@dudelange.lu\" target=\"_blank\" rel=\"noopener\">jugendgemengerot@dudelange.lu<\/a><\/span><\/span><\/p>\n<p>&nbsp;<\/p>\n","protected":false},"excerpt":{"rendered":"<p>Ce conseil communal se compose de jeunes entre 12 et [&hellip;]<\/p>\n","protected":false},"author":11,"featured_media":5015,"parent":0,"menu_order":0,"comment_status":"closed","ping_status":"closed","template":"","meta":{"footnotes":""},"class_list":["post-4874","page","type-page","status-publish","has-post-thumbnail","hentry"],"publishpress_future_action":{"enabled":false,"date":"2026-05-10 05:59:09","action":"change-status","newStatus":"draft","terms":[],"taxonomy":"","extraData":[]},"publishpress_future_workflow_manual_trigger":{"enabledWorkflows":[]},"_links":{"self":[{"href":"https:\/\/www.dudelange.lu\/index.php\/wp-json\/wp\/v2\/pages\/4874","targetHints":{"allow":["GET"]}}],"collection":[{"href":"https:\/\/www.dudelange.lu\/index.php\/wp-json\/wp\/v2\/pages"}],"about":[{"href":"https:\/\/www.dudelange.lu\/index.php\/wp-json\/wp\/v2\/types\/page"}],"author":[{"embeddable":true,"href":"https:\/\/www.dudelange.lu\/index.php\/wp-json\/wp\/v2\/users\/11"}],"replies":[{"embeddable":true,"href":"https:\/\/www.dudelange.lu\/index.php\/wp-json\/wp\/v2\/comments?post=4874"}],"version-history":[{"count":9,"href":"https:\/\/www.dudelange.lu\/index.php\/wp-json\/wp\/v2\/pages\/4874\/revisions"}],"predecessor-version":[{"id":30580,"href":"https:\/\/www.dudelange.lu\/index.php\/wp-json\/wp\/v2\/pages\/4874\/revisions\/30580"}],"wp:featuredmedia":[{"embeddable":true,"href":"https:\/\/www.dudelange.lu\/index.php\/wp-json\/wp\/v2\/media\/5015"}],"wp:attachment":[{"href":"https:\/\/www.dudelange.lu\/index.php\/wp-json\/wp\/v2\/media?parent=4874"}],"curies":[{"name":"wp","href":"https:\/\/api.w.org\/{rel}","templated":true}]}}