{"id":4886,"date":"2021-09-29T11:53:32","date_gmt":"2021-09-29T09:53:32","guid":{"rendered":"https:\/\/dudelange.devoteamlab.lu\/?page_id=4886"},"modified":"2025-02-13T14:13:30","modified_gmt":"2025-02-13T13:13:30","slug":"education-et-accueil","status":"publish","type":"page","link":"https:\/\/www.dudelange.lu\/index.php\/education-et-accueil\/","title":{"rendered":"\u00c9ducation et accueil"},"content":{"rendered":"<p><strong>Cr\u00e8ches et maisons relais<\/strong><\/p>\n<p>La Ville de Dudelange propose des cr\u00e8ches et des maisons-relais. \u200bLes inscriptions se font moyennant une fiche d&rsquo;inscription uniquement au <a href=\"https:\/\/www.dudelange.lu\/index.php\/services-communaux\/education-et-accueil\/\" target=\"_blank\" rel=\"noopener\"><span style=\"text-decoration: underline;\"><span style=\"color: #ef4030; text-decoration: underline;\">Service \u00c9ducation et Accueil<\/span><\/span><\/a>, non dans les cr\u00e8ches ou les maisons-relais. Tous ces services sont factur\u00e9s d&rsquo;apr\u00e8s les tarifs ch\u00e8que-service accueil. \u200bPlus d&rsquo;infos:\u00a0<span style=\"text-decoration: underline;\"><span style=\"color: #ef4030;\"><a style=\"color: #ef4030; text-decoration: underline;\" href=\"http:\/\/www.sea-dudelange.lu\" target=\"_blank\" rel=\"noopener\">www.sea-dudelange.lu<\/a><\/span><\/span><\/p>\n<p>&nbsp;<\/p>\n<p><strong>Ch\u00e8que-service accueil<\/strong><\/p>\n<p>Le ch\u00e8que-service accueil est un syst\u00e8me qui sert \u00e0 calculer la participation des parents et celle de l&rsquo;\u00c9tat aux frais des maisons-relais, cr\u00e8ches, foyers et similaires. Pour b\u00e9n\u00e9ficier du ch\u00e8que-service accueil, les parents r\u00e9sidents doivent demander une carte d&rsquo;adh\u00e9sion personnalis\u00e9e au nom de l&rsquo;enfant aupr\u00e8s de l&rsquo;administration communale au <a href=\"https:\/\/www.dudelange.lu\/index.php\/services-communaux\/education-et-accueil\/\" target=\"_blank\" rel=\"noopener\"><span style=\"text-decoration: underline;\"><span style=\"color: #ef4030; text-decoration: underline;\">Service \u00c9ducation et Accueil<\/span><\/span><\/a>.<\/p>\n<p>[PDF] <span style=\"text-decoration: underline; color: #ef4030;\"><a style=\"color: #ef4030;\" href=\"https:\/\/sadudelangedata.blob.core.windows.net\/files\/2024\/02\/Documents-a-fournir.pdf\" target=\"_blank\" rel=\"noopener\">Ch\u00e8que-service Accueil &#8211; \u00c9tablissement d&rsquo;une carte<\/a><\/span><\/p>\n<p>Plus d&rsquo;infos:<br \/>\n<span style=\"color: #ef4030;\"><span style=\"color: #000000;\">Minist\u00e8re de l&rsquo;\u00c9ducation nationale, de l&rsquo;Enfance et de la Jeunesse<br \/>\nHotline: T 8002 1112<\/span><\/span><span style=\"text-decoration: underline;\"><span style=\"color: #ef4030; text-decoration: underline;\"><br \/>\n<a style=\"color: #ef4030; text-decoration: underline;\" href=\"http:\/\/www.staarkkanner.lu\" target=\"_blank\" rel=\"noopener\">www.staarkkanner.lu<\/a><\/span><\/span><\/p>\n<p>&nbsp;<\/p>\n<p><strong>Cr\u00e8ches, foyers et personnes priv\u00e9es<\/strong><\/p>\n<p>Il existe aussi des cr\u00e8ches, des foyers priv\u00e9s et des personnes priv\u00e9es qui sont g\u00e9r\u00e9s par des associations ou des soci\u00e9t\u00e9s et non par l&rsquo;administration communale.<\/p>\n<p>[PDF] <span style=\"text-decoration: underline;\"><span style=\"color: #ef4030;\"><a style=\"color: #ef4030; text-decoration: underline;\" href=\"https:\/\/sadudelangedata.blob.core.windows.net\/files\/2025\/02\/Liste-creches-et-foyers-dudelange-02.2025.pdf\" target=\"_blank\" rel=\"noopener\">Liste des cr\u00e8ches, maisons relais et foyers priv\u00e9s \u00e0 Dudelange<\/a><\/span><\/span><\/p>\n","protected":false},"excerpt":{"rendered":"<p>Cr\u00e8ches et maisons relais La Ville de Dudelange propose des [&hellip;]<\/p>\n","protected":false},"author":11,"featured_media":5007,"parent":0,"menu_order":0,"comment_status":"closed","ping_status":"closed","template":"","meta":{"footnotes":""},"class_list":["post-4886","page","type-page","status-publish","has-post-thumbnail","hentry"],"publishpress_future_action":{"enabled":false,"date":"2026-05-14 14:21:36","action":"change-status","newStatus":"draft","terms":[],"taxonomy":"","extraData":[]},"publishpress_future_workflow_manual_trigger":{"enabledWorkflows":[]},"_links":{"self":[{"href":"https:\/\/www.dudelange.lu\/index.php\/wp-json\/wp\/v2\/pages\/4886","targetHints":{"allow":["GET"]}}],"collection":[{"href":"https:\/\/www.dudelange.lu\/index.php\/wp-json\/wp\/v2\/pages"}],"about":[{"href":"https:\/\/www.dudelange.lu\/index.php\/wp-json\/wp\/v2\/types\/page"}],"author":[{"embeddable":true,"href":"https:\/\/www.dudelange.lu\/index.php\/wp-json\/wp\/v2\/users\/11"}],"replies":[{"embeddable":true,"href":"https:\/\/www.dudelange.lu\/index.php\/wp-json\/wp\/v2\/comments?post=4886"}],"version-history":[{"count":13,"href":"https:\/\/www.dudelange.lu\/index.php\/wp-json\/wp\/v2\/pages\/4886\/revisions"}],"predecessor-version":[{"id":26789,"href":"https:\/\/www.dudelange.lu\/index.php\/wp-json\/wp\/v2\/pages\/4886\/revisions\/26789"}],"wp:featuredmedia":[{"embeddable":true,"href":"https:\/\/www.dudelange.lu\/index.php\/wp-json\/wp\/v2\/media\/5007"}],"wp:attachment":[{"href":"https:\/\/www.dudelange.lu\/index.php\/wp-json\/wp\/v2\/media?parent=4886"}],"curies":[{"name":"wp","href":"https:\/\/api.w.org\/{rel}","templated":true}]}}