{"id":5297,"date":"2021-09-30T15:01:15","date_gmt":"2021-09-30T13:01:15","guid":{"rendered":"https:\/\/dudelange.devoteamlab.lu\/?page_id=5297"},"modified":"2025-08-20T14:47:54","modified_gmt":"2025-08-20T12:47:54","slug":"boites-a-lire","status":"publish","type":"page","link":"https:\/\/www.dudelange.lu\/index.php\/boites-a-lire\/","title":{"rendered":"Bo\u00eetes \u00e0 lire"},"content":{"rendered":"<p>Vous avez lu un livre passionnant et vous aimeriez en faire profiter quelqu\u2019un : vous le d\u00e9posez dans la bo\u00eete \u00e0 lire et vous pouvez en prendre un \u00e0 la place! Ce projet est le fruit d\u2019une collaboration entre Kannergemengerot, le Lyc\u00e9e Nic Biever, Profamilia, le foyer Diddelfamill, Skatepark Schmelz, l\u2019\u00e9cole Deich, le foyer d\u2019accueil de la Croix-Rouge et Ensemble Quartiers Dudelange (Inter-Actions), soutenu par la Ville de Dudelange.<\/p>\n<p>10 bo\u00eetes \u00e0 lire sont install\u00e9es \u00e0 Dudelange:<\/p>\n<ul>\n<li>Boudersberg, place Gymnich<\/li>\n<li>Burange, rue de Hellange<\/li>\n<li>\u00c9cole Ribeschpont<\/li>\n<li>Lyc\u00e9e Nic-Biever<\/li>\n<li>Parc \u00c9mile Mayrisch<\/li>\n<li>Parc Le&rsquo;h<\/li>\n<li>Quartier Schmelz, 171 rue de la Lib\u00e9ration<\/li>\n<li>Arr\u00eat de train Dudelange-Ville (ancienne cabine t\u00e9l\u00e9phonique)<\/li>\n<li>Arr\u00eat de train Dudelange-Centre (ancienne cabine t\u00e9l\u00e9phonique)<\/li>\n<li>Cr\u00e8che Italie (uniquement pour enfants)<\/li>\n<\/ul>\n<p>Les r\u00e8gles:<\/p>\n<ul>\n<li>Le d\u00e9positaire d\u2019un livre ou d\u2019un magazine renonce \u00e0 sa propri\u00e9t\u00e9.<\/li>\n<li>Les livres seront d\u00e9pos\u00e9s en petite quantit\u00e9 (2 max.) et pris en petite quantit\u00e9 (2 max.).<\/li>\n<li>La bo\u00eete \u00e0 lire est bas\u00e9e sur le don, le partage de la culture et l\u2019esprit civique.<\/li>\n<li>La bo\u00eete \u00e0 lire \u00e9tant accessible \u00e0 tous, il est interdit d\u2019y mettre des ouvrages pornographiques,<br \/>\nsectaires ou pr\u00e9sentant des id\u00e9es extr\u00e9mistes.<\/li>\n<li>L\u2019utilisation de la bo\u00eete \u00e0 lire est bas\u00e9e sur le civisme, chacun doit donc respecter les r\u00e8gles<br \/>\npour un bon fonctionnement<\/li>\n<\/ul>\n<p>&nbsp;<\/p>\n<p><strong>Ensemble Quartiers Dudelange<br \/>\n<\/strong>149, rue des Mini\u00e8res, L-3526 Dudelange<br \/>\nIna Tereziu &amp; C\u00e9dric Czaika<br \/>\nM 621 285 149\u200b \/ M 691 475 982<br \/>\n<a href=\"mailto:ensemblequartiersdudelange@i-a.lu\" target=\"_blank\" rel=\"noopener\"><span style=\"text-decoration: underline;\"><span style=\"color: #ef4030; text-decoration: underline;\">ensemblequartiersdudelange@i-a.lu<\/span><\/span><\/a><br \/>\n<a href=\"https:\/\/www.facebook.com\/profile.php?id=100010639270255\" target=\"_blank\" rel=\"noopener\"><span style=\"text-decoration: underline;\"><span style=\"color: #ef4030; text-decoration: underline;\">Facebook<\/span><\/span><\/a><br \/>\n<span style=\"text-decoration: underline;\"><span style=\"color: #ef4030; text-decoration: underline;\"><a style=\"color: #ef4030; text-decoration: underline;\" href=\"http:\/\/www.inter-actions.lu\/\" target=\"_blank\" rel=\"noopener\">www.inter-actions.lu<\/a><\/span><\/span><\/p>\n","protected":false},"excerpt":{"rendered":"<p>Vous avez lu un livre passionnant et vous aimeriez en [&hellip;]<\/p>\n","protected":false},"author":8,"featured_media":5299,"parent":0,"menu_order":0,"comment_status":"closed","ping_status":"closed","template":"","meta":{"footnotes":""},"class_list":["post-5297","page","type-page","status-publish","has-post-thumbnail","hentry"],"publishpress_future_action":{"enabled":false,"date":"2026-04-20 11:01:12","action":"change-status","newStatus":"draft","terms":[],"taxonomy":"","extraData":[]},"publishpress_future_workflow_manual_trigger":{"enabledWorkflows":[]},"_links":{"self":[{"href":"https:\/\/www.dudelange.lu\/index.php\/wp-json\/wp\/v2\/pages\/5297","targetHints":{"allow":["GET"]}}],"collection":[{"href":"https:\/\/www.dudelange.lu\/index.php\/wp-json\/wp\/v2\/pages"}],"about":[{"href":"https:\/\/www.dudelange.lu\/index.php\/wp-json\/wp\/v2\/types\/page"}],"author":[{"embeddable":true,"href":"https:\/\/www.dudelange.lu\/index.php\/wp-json\/wp\/v2\/users\/8"}],"replies":[{"embeddable":true,"href":"https:\/\/www.dudelange.lu\/index.php\/wp-json\/wp\/v2\/comments?post=5297"}],"version-history":[{"count":18,"href":"https:\/\/www.dudelange.lu\/index.php\/wp-json\/wp\/v2\/pages\/5297\/revisions"}],"predecessor-version":[{"id":28666,"href":"https:\/\/www.dudelange.lu\/index.php\/wp-json\/wp\/v2\/pages\/5297\/revisions\/28666"}],"wp:featuredmedia":[{"embeddable":true,"href":"https:\/\/www.dudelange.lu\/index.php\/wp-json\/wp\/v2\/media\/5299"}],"wp:attachment":[{"href":"https:\/\/www.dudelange.lu\/index.php\/wp-json\/wp\/v2\/media?parent=5297"}],"curies":[{"name":"wp","href":"https:\/\/api.w.org\/{rel}","templated":true}]}}